000
CXUS53 KUNR 161447
CF6UNR
PRELIMINARY LOCAL CLIMATOLOGICAL DATA (WS FORM: F-6)
STATION: EAST RAPID CITY SD
MONTH: MARCH
YEAR: 2020
LATITUDE: 44 4 N
LONGITUDE: 103 13 W
TEMPERATURE IN F: :PCPN: SNOW: WIND :SUNSHINE: SKY :PK WND
================================================================================
1 2 3 4 5 6A 6B 7 8 9 10 11 12 13 14 15 16 17 18
12Z AVG MX 2MIN
DY MAX MIN AVG DEP HDD CDD WTR SNW DPTH SPD SPD DIR MIN PSBL S-S WX SPD DR
================================================================================
1 38 25 32 0 33 0 0.00 0.0 T 11.5 26 320 M M M 38 320
2 45 19 32 0 33 0 T T T 8.2 25 320 M M M 40 320
3 49 31 40 8 25 0 T 0.0 T 10.7 34 300 M M M 58 300
4 64 25 45 13 20 0 0.01 T T 12.2 39 350 M M M 62 350
5 45 32 39 6 26 0 0.00 0.0 0 13.4 28 330 M M M 35 330
6 70 27 49 16 16 0 0.00 0.0 0 7.0 16 140 M M M 21 140
7 73 36 55 22 10 0 0.00 0.0 0 7.2 18 290 M M M 29 240
8 63 26 45 11 20 0 0.00 0.0 0 13.1 32 360 M M M 44 360
9 50 23 37 3 28 0 T T 0 6.7 17 130 M M M 23 130
10 48 28 38 4 27 0 T 0.0 0 6.3 16 340 M M M 23 350
11 67 31 49 15 16 0 T 0.0 0 7.8 34 330 M M M 47 330
12 40 27 34 -1 31 0 T T 0 14.8 30 310 M M M 44 330
13 35 21 28 -7 37 0 0.36 4.4 0 10.9 24 120 M M M 36 110
14 30 25 28 -7 37 0 0.12 2.0 4 16.7 23 160 M M M 35 140
15 41 28 35 -1 30 0 0.00 0.0 T 11.1 24 150 M M M 35 160
16 28 22 25 -11 40 0 T T T 9.1 17 10 M M M 26 340
17 57 21 39 3 26 0 0.00 0.0 T 10.5 25 150 M M M 36 150
18 43 29 36 0 29 0 0.00 0.0 0 9.9 22 360 M M M 28 10
19 36 13 25 -12 40 0 0.03 0.3 0 13.3 23 360 M M M 16 35 350
20 29 8 19 -18 46 0 T T 0 11.9 26 150 M M M 37 150
21 55 17 36 -1 29 0 0.00 0.0 0 5.0 14 130 M M M 18 80
22 49 30 40 3 25 0 0.04 T 0 8.0 22 360 M M M 4 26 10
23 61 28 45 7 20 0 0.00 0.0 0 6.7 20 190 M M M 26 200
24 61 40 51 13 14 0 0.04 0.0 0 11.3 30 10 M M M 39 360
25 41 28 35 -3 30 0 0.26 1.2 0 6.7 18 20 M M M 12 23 340
26 40 29 35 -3 30 0 0.10 0.3 T 5.7 15 130 M M M 1 18 140
27 46 34 40 1 25 0 T 0.0 0 6.1 17 10 M M M 1 23 10
28 52 36 44 5 21 0 0.00 0.0 0 11.7 24 320 M M M 32 350
29 56 35 46 7 19 0 0.00 0.0 0 6.6 16 10 M M M 20 10
30 65 31 48 8 17 0 T 0.0 0 7.7 29 130 M M M 39 130
31 67 31 49 9 16 0 T 0.0 0 9.1 22 360 M M M 12 30 360
================================================================================
SM 1544 836 816 0 0.96 8.2 296.9 M M
================================================================================
AV 49.8 27.0 9.6 FASTST M M 0 MAX(MPH)
MISC ----> # 39 350 # 62 350
================================================================================
NOTES:
# LAST OF SEVERAL OCCURRENCES
COLUMN 17 PEAK WIND IN M.P.H.
PRELIMINARY LOCAL CLIMATOLOGICAL DATA (WS FORM: F-6) , PAGE 2
STATION: EAST RAPID CITY SD
MONTH: MARCH
YEAR: 2020
LATITUDE: 44 4 N
LONGITUDE: 103 13 W
[TEMPERATURE DATA] [PRECIPITATION DATA] SYMBOLS USED IN COLUMN 16
AVERAGE MONTHLY: 38.4 TOTAL FOR MONTH: 0.96 1 = FOG OR MIST
DPTR FM NORMAL: 2.7 DPTR FM NORMAL: -0.03 2 = FOG REDUCING VISIBILITY
HIGHEST: 73 ON 7 GRTST 24HR 0.36 ON 13-13 TO 1/4 MILE OR LESS
LOWEST: 8 ON 20 3 = THUNDER
SNOW, ICE PELLETS, HAIL 4 = ICE PELLETS
TOTAL MONTH: 8.2 INCHES 5 = HAIL
GRTST 24HR 4.4 ON 13-13 6 = FREEZING RAIN OR DRIZZLE
GRTST DEPTH: 4 ON 14 7 = DUSTSTORM OR SANDSTORM:
VSBY 1/2 MILE OR LESS
8 = SMOKE OR HAZE
[NO. OF DAYS WITH] [WEATHER - DAYS WITH] 9 = BLOWING SNOW
X = TORNADO
MAX 32 OR BELOW: 3 0.01 INCH OR MORE: 8
MAX 90 OR ABOVE: 0 0.10 INCH OR MORE: 4
MIN 32 OR BELOW: 26 0.50 INCH OR MORE: 0
MIN 0 OR BELOW: 0 1.00 INCH OR MORE: 0
[HDD (BASE 65) ]
TOTAL THIS MO. 816 CLEAR (SCALE 0-3) 0
DPTR FM NORMAL -92 PTCLDY (SCALE 4-7) 0
TOTAL FM JUL 1 5736 CLOUDY (SCALE 8-10) 0
DPTR FM NORMAL -126
[CDD (BASE 65) ]
TOTAL THIS MO. 0
DPTR FM NORMAL 0 [PRESSURE DATA]
TOTAL FM JAN 1 0 HIGHEST SLP M ON M
DPTR FM NORMAL 0 LOWEST SLP 29.35 ON M
[REMARKS]
#FINAL-03-20#