000
CXUS53 KUNR 190930
CF6UNR
PRELIMINARY LOCAL CLIMATOLOGICAL DATA (WS FORM: F-6)
STATION: EAST RAPID CITY SD
MONTH: APRIL
YEAR: 2024
LATITUDE: 44 4 N
LONGITUDE: 103 13 W
TEMPERATURE IN F: :PCPN: SNOW: WIND :SUNSHINE: SKY :PK WND
================================================================================
1 2 3 4 5 6A 6B 7 8 9 10 11 12 13 14 15 16 17 18
12Z AVG MX 2MIN
DY MAX MIN AVG DEP HDD CDD WTR SNW DPTH SPD SPD DIR MIN PSBL S-S WX SPD DR
================================================================================
1 36 26 31 -10 34 0 0.18 2.7 3 3.1 9 350 M M 0 13 10
2 56 34 45 4 20 0 0.00 0.0 3 8.7 22 360 M M M 31 350
3 63 31 47 6 18 0 0.00 0.0 0 5.7 12 140 M M M 15 140
4 67 34 51 9 14 0 0.00 0.0 0 9.5 24 130 M M M 32 140
5 63 37 50 8 15 0 0.00 0.0 0 12.1 25 140 M M M 35 150
6 58 36 47 5 18 0 1.60 0.0 0 8.5 25 110 M M M 35 110
7 41 33 37 -5 28 0 0.34 T 0 12.7 24 340 M M M 36 340
8 48 36 42 0 23 0 0.04 0.0 0 8.1 22 330 M M M 32 330
9 60 39 50 7 15 0 0.00 0.0 0 7.7 20 320 M M M 25 320
10 54 40 47 4 18 0 T 0.0 0 15.5 36 330 M M M 49 330
11 56 35 46 3 19 0 0.00 0.0 0 9.2 23 360 M M M 35 350
12 75 32 54 11 11 0 0.00 0.0 0 9.5 23 140 M M M 30 150
13 85 59 72 28 0 7 T 0.0 0 8.2 20 360 M M M 28 360
14 78 53 66 22 0 1 0.00 0.0 0 8.3 21 150 M M M 32 150
15 79 50 65 21 0 0 0.79 0.0 0 13.5 45 350 M M M 35 68 350
16 64 43 54 10 11 0 0.02 0.0 0 15.1 30 320 M M M 57 350
17 49 33 41 -4 24 0 0.01 0.0 0 10.5 21 330 M M M 29 330
18 48 31 40 -5 25 0 0.00 0.0 0 9.6 20 330 M M M 28 330
================================================================================
SM 1080 682 293 8 2.98 2.7 175.5 M 0
================================================================================
AV 60.0 37.9 9.8 FASTST M M 0 MAX(MPH)
MISC ----> 45 350 68 350
================================================================================
NOTES:
# LAST OF SEVERAL OCCURRENCES
COLUMN 17 PEAK WIND IN M.P.H.
PRELIMINARY LOCAL CLIMATOLOGICAL DATA (WS FORM: F-6) , PAGE 2
STATION: EAST RAPID CITY SD
MONTH: APRIL
YEAR: 2024
LATITUDE: 44 4 N
LONGITUDE: 103 13 W
[TEMPERATURE DATA] [PRECIPITATION DATA] SYMBOLS USED IN COLUMN 16
AVERAGE MONTHLY: 48.9 TOTAL FOR MONTH: 2.98 1 = FOG OR MIST
DPTR FM NORMAL: 6.1 DPTR FM NORMAL: 1.78 2 = FOG REDUCING VISIBILITY
HIGHEST: 85 ON 13 GRTST 24HR 1.60 ON 6- 6 TO 1/4 MILE OR LESS
LOWEST: 26 ON 1 3 = THUNDER
SNOW, ICE PELLETS, HAIL 4 = ICE PELLETS
TOTAL MONTH: 7.5 INCHES 5 = HAIL
GRTST 24HR 2.7 ON 1- 1 6 = FREEZING RAIN OR DRIZZLE
GRTST DEPTH: 4 ON M 7 = DUSTSTORM OR SANDSTORM:
VSBY 1/2 MILE OR LESS
8 = SMOKE OR HAZE
[NO. OF DAYS WITH] [WEATHER - DAYS WITH] 9 = BLOWING SNOW
X = TORNADO
MAX 32 OR BELOW: 0 0.01 INCH OR MORE: 7
MAX 90 OR ABOVE: 0 0.10 INCH OR MORE: 4
MIN 32 OR BELOW: 4 0.50 INCH OR MORE: 2
MIN 0 OR BELOW: 0 1.00 INCH OR MORE: 1
[HDD (BASE 65) ]
TOTAL THIS MO. 293 CLEAR (SCALE 0-3) 1
DPTR FM NORMAL -107 PTCLDY (SCALE 4-7) 0
TOTAL FM JUL 1 5504 CLOUDY (SCALE 8-10) 17
DPTR FM NORMAL -714
[CDD (BASE 65) ]
TOTAL THIS MO. 8
DPTR FM NORMAL 8 [PRESSURE DATA]
TOTAL FM JAN 1 8 HIGHEST SLP M ON M
DPTR FM NORMAL 8 LOWEST SLP 29.13 ON 15
[REMARKS]