000
CXUS54 KHGX 160634
CF6UTS
PRELIMINARY LOCAL CLIMATOLOGICAL DATA (WS FORM: F-6)
STATION: HUNTSVILLE
MONTH: APRIL
YEAR: 2024
LATITUDE: 30 45 N
LONGITUDE: 95 35 W
TEMPERATURE IN F: :PCPN: SNOW: WIND :SUNSHINE: SKY :PK WND
================================================================================
1 2 3 4 5 6A 6B 7 8 9 10 11 12 13 14 15 16 17 18
12Z AVG MX 2MIN
DY MAX MIN AVG DEP HDD CDD WTR SNW DPTH SPD SPD DIR MIN PSBL S-S WX SPD DR
================================================================================
1 82 71 77 12 0 12 0.00 0.0 0 12.4 23 170 M M 7 35 190
2 77 54 66 0 0 1 0.07 0.0 0 9.4 21 330 M M 3 13 31 330
3 78 46 62 -4 3 0 0.00 0.0 0 7.0 20 290 M M 0 31 290
4 82 47 65 -1 0 0 0.00 0.0 0 4.3 13 250 M M 0 19 240
5 86 58 72 6 0 7 0.00 0.0 0 8.1 15 180 M M 0 8 22 160
6 82 60 71 5 0 6 T 0.0 0 12.4 25 160 M M 4 1 34 160
7 81 68 75 9 0 10 T 0.0 0 6.5 15 180 M M 6 25 180
8 82 68 75 8 0 10 1.05 0.0 0 7.8 26 140 M M 8 1238 39 150
9 76 65 71 4 0 6 0.05 0.0 0 8.9 16 170 M M 9 13 23 180
10 71 58 65 -2 0 0 1.32 0.0 0 10.3 25 260 M M 8 13 36 310
11 79 52 66 -1 0 1 0.00 0.0 0 8.3 21 340 M M 0 31 340
12 82 50 66 -1 0 1 0.00 0.0 0 4.7 10 220 M M 0 16 200
13 83 57 70 2 0 5 0.00 0.0 0 9.2 22 170 M M 0 31 180
14 83 62 73 5 0 8 0.00 0.0 0 9.1 16 200 M M 4 26 210
15 81 66 74 6 0 9 T 0.0 0 10.0 39 150 M M 9 58 150
================================================================================
SM 1205 882 3 76 2.49 0.0 128.4 M 58
================================================================================
AV 80.3 58.8 8.6 FASTST M M 4 MAX(MPH)
MISC ----> 39 150 58 150
================================================================================
NOTES:
# LAST OF SEVERAL OCCURRENCES
COLUMN 17 PEAK WIND IN M.P.H.
PRELIMINARY LOCAL CLIMATOLOGICAL DATA (WS FORM: F-6) , PAGE 2
STATION: HUNTSVILLE
MONTH: APRIL
YEAR: 2024
LATITUDE: 30 45 N
LONGITUDE: 95 35 W
[TEMPERATURE DATA] [PRECIPITATION DATA] SYMBOLS USED IN COLUMN 16
AVERAGE MONTHLY: 69.6 TOTAL FOR MONTH: 2.49 1 = FOG OR MIST
DPTR FM NORMAL: 2.9 DPTR FM NORMAL: 0.94 2 = FOG REDUCING VISIBILITY
HIGHEST: 86 ON 5 GRTST 24HR 1.34 ON 9-10 TO 1/4 MILE OR LESS
LOWEST: 46 ON 3 3 = THUNDER
SNOW, ICE PELLETS, HAIL 4 = ICE PELLETS
TOTAL MONTH: 0.0 INCH 5 = HAIL
GRTST 24HR 0.0 6 = FREEZING RAIN OR DRIZZLE
GRTST DEPTH: 0 7 = DUSTSTORM OR SANDSTORM:
VSBY 1/2 MILE OR LESS
8 = SMOKE OR HAZE
[NO. OF DAYS WITH] [WEATHER - DAYS WITH] 9 = BLOWING SNOW
X = TORNADO
MAX 32 OR BELOW: 0 0.01 INCH OR MORE: 4
MAX 90 OR ABOVE: 0 0.10 INCH OR MORE: 2
MIN 32 OR BELOW: 0 0.50 INCH OR MORE: 2
MIN 0 OR BELOW: 0 1.00 INCH OR MORE: 2
[HDD (BASE 65) ]
TOTAL THIS MO. 3 CLEAR (SCALE 0-3) 6
DPTR FM NORMAL -31 PTCLDY (SCALE 4-7) 7
TOTAL FM JUL 1 1364 CLOUDY (SCALE 8-10) 2
DPTR FM NORMAL -251
[CDD (BASE 65) ]
TOTAL THIS MO. 76
DPTR FM NORMAL 16 [PRESSURE DATA]
TOTAL FM JAN 1 210 HIGHEST SLP M ON M
DPTR FM NORMAL 52 LOWEST SLP 29.58 ON 1
[REMARKS]