000
CXUS56 KSTO 131722
CF6VCB
PRELIMINARY LOCAL CLIMATOLOGICAL DATA (WS FORM: F-6)
STATION: VACAVILLE AIRPORT CA
MONTH: FEBRUARY
YEAR: 2021
LATITUDE: 38 22 N
LONGITUDE: 121 58 W
TEMPERATURE IN F: :PCPN: SNOW: WIND :SUNSHINE: SKY :PK WND
================================================================================
1 2 3 4 5 6A 6B 7 8 9 10 11 12 13 14 15 16 17 18
12Z AVG MX 2MIN
DY MAX MIN AVG DEP HDD CDD WTR SNW DPTH SPD SPD DIR MIN PSBL S-S WX SPD DR
================================================================================
1 65 40 53 5 12 0 0.13 0.0 0 8.1 18 230 M M 4 1 25 220
2 63 44 54 6 11 0 0.10 0.0 0 7.3 16 230 M M 4 1 21 220
3 60 35 48 -1 17 0 0.00 0.0 0 6.8 22 240 M M 3 27 240
4 65 41 53 4 12 0 0.00 0.0 0 11.0 25 360 M M 0 32 360
5 66 35 51 2 14 0 0.00 0.0 0 2.3 9 70 M M 0 12 80
6 68 33 51 2 14 0 0.00 0.0 0 3.4 13 20 M M 0 17 20
7 69 36 53 4 12 0 0.00 0.0 0 2.8 9 180 M M 0 11 160
8 63 36 50 0 15 0 0.00 0.0 0 3.3 9 20 M M 1 1 12 360
9 67 50 59 9 6 0 T 0.0 0 2.6 9 230 M M 8 11 230
10 69 39 54 4 11 0 0.00 0.0 0 3.3 10 200 M M 0 14 200
11 57 47 52 2 13 0 0.33 0.0 0 6.5 17 210 M M 4 1 21 210
12 64 44 54 4 11 0 0.00 0.0 0 6.8 21 260 M M 2 28 260
13 66 48 57 7 8 0 0.00 0.0 0 11.0 22 310 M M 3 29 300
14 57 41 49 -2 16 0 0.01 0.0 0 3.3 12 230 M M 7 1 16 230
15 63 42 53 2 12 0 0.01 0.0 0 10.4 25 230 M M 5 1 32 230
16 62 37 50 -1 15 0 0.00 0.0 0 3.1 13 340 M M 0 17 320
17 63 36 50 -1 15 0 0.00 0.0 0 10.1 30 360 M M 0 37 360
18 64 34 49 -2 16 0 0.00 0.0 0 3.4 10 30 M M 5 14 20
19 59 47 53 1 12 0 0.10 0.0 0 6.1 16 210 M M 6 18 22 220
20 61 41 51 -1 14 0 T 0.0 0 9.2 22 250 M M 1 31 220
21 69 47 58 6 7 0 0.00 0.0 0 11.2 22 350 M M 0 29 340
22 73 43 58 6 7 0 0.00 0.0 0 6.7 16 350 M M 0 22 360
23 78 43 61 9 4 0 0.00 0.0 0 13.3 31 350 M M 0 41 360
24 68 54 61 9 4 0 0.00 0.0 0 20.2 37 360 M M 0 46 360
25 71 40 56 3 9 0 0.00 0.0 0 8.5 30 350 M M 0 39 360
26 67 33 50 -3 15 0 0.00 0.0 0 3.7 20 350 M M 0 23 350
27 65 35 50 -3 15 0 0.00 0.0 0 11.4 23 360 M M 0 33 330
28 68 39 54 1 11 0 0.00 0.0 0 9.1 21 360 M M 0 28 350
================================================================================
SM 1830 1140 328 0 0.68 0.0 204.9 M 53
================================================================================
AV 65.4 40.7 7.3 FASTST M M 2 MAX(MPH)
MISC ----> # 37 360 # 46 360
================================================================================
NOTES:
# LAST OF SEVERAL OCCURRENCES
COLUMN 17 PEAK WIND IN M.P.H.
PRELIMINARY LOCAL CLIMATOLOGICAL DATA (WS FORM: F-6) , PAGE 2
STATION: VACAVILLE AIRPORT CA
MONTH: FEBRUARY
YEAR: 2021
LATITUDE: 38 22 N
LONGITUDE: 121 58 W
[TEMPERATURE DATA] [PRECIPITATION DATA] SYMBOLS USED IN COLUMN 16
AVERAGE MONTHLY: 53.0 TOTAL FOR MONTH: 0.68 1 = FOG OR MIST
DPTR FM NORMAL: 2.3 DPTR FM NORMAL: -4.08 2 = FOG REDUCING VISIBILITY
HIGHEST: 78 ON 23 GRTST 24HR 0.33 ON 11-11 TO 1/4 MILE OR LESS
LOWEST: 33 ON 26, 6 3 = THUNDER
SNOW, ICE PELLETS, HAIL 4 = ICE PELLETS
TOTAL MONTH: 0.0 INCH 5 = HAIL
GRTST 24HR 0.0 6 = FREEZING RAIN OR DRIZZLE
GRTST DEPTH: 0 7 = DUSTSTORM OR SANDSTORM:
VSBY 1/2 MILE OR LESS
8 = SMOKE OR HAZE
[NO. OF DAYS WITH] [WEATHER - DAYS WITH] 9 = BLOWING SNOW
X = TORNADO
MAX 32 OR BELOW: 0 0.01 INCH OR MORE: 6
MAX 90 OR ABOVE: 0 0.10 INCH OR MORE: 4
MIN 32 OR BELOW: 0 0.50 INCH OR MORE: 0
MIN 0 OR BELOW: 0 1.00 INCH OR MORE: 0
[HDD (BASE 65) ]
TOTAL THIS MO. 328 CLEAR (SCALE 0-3) 19
DPTR FM NORMAL -71 PTCLDY (SCALE 4-7) 9
TOTAL FM JUL 1 1692 CLOUDY (SCALE 8-10) 0
DPTR FM NORMAL -286
[CDD (BASE 65) ]
TOTAL THIS MO. 0
DPTR FM NORMAL 0 [PRESSURE DATA]
TOTAL FM JAN 1 1 HIGHEST SLP 30.47 ON 21
DPTR FM NORMAL 1 LOWEST SLP 29.86 ON 11
[REMARKS]
#FINAL-02-21#