000
CXUS54 KCRP 011210
CF6VCT
PRELIMINARY LOCAL CLIMATOLOGICAL DATA (WS FORM: F-6)
STATION: VICTORIA
MONTH: MAY
YEAR: 2023
LATITUDE: 28 51 N
LONGITUDE: 96 55 W
TEMPERATURE IN F: :PCPN: SNOW: WIND :SUNSHINE: SKY :PK WND
================================================================================
1 2 3 4 5 6A 6B 7 8 9 10 11 12 13 14 15 16 17 18
12Z AVG MX 2MIN
DY MAX MIN AVG DEP HDD CDD WTR SNW DPTH SPD SPD DIR MIN PSBL S-S WX SPD DR
================================================================================
1 86 58 72 -2 0 7 0.00 0.0 0 9.0 18 130 M M 1 1 26 130
2 81 65 73 -1 0 8 0.00 0.0 0 7.4 16 140 M M 4 1 22 120
3 82 64 73 -1 0 8 0.00 0.0 0 6.9 16 140 M M 5 128 20 140
4 86 66 76 2 0 11 T 0.0 0 9.3 18 120 M M 8 18 24 130
5 90 76 83 8 0 18 0.00 0.0 0 9.2 23 180 M M 7 18 30 180
6 88 75 82 7 0 17 0.01 0.0 0 13.6 23 160 M M 8 18 29 140
7 78 70 74 -1 0 9 0.33 0.0 0 10.4 25 160 M M 6 13 34 150
8 88 74 81 6 0 16 T 0.0 0 11.5 22 160 M M 7 18 28 160
9 80 67 74 -2 0 9 0.45 0.0 0 7.5 35 250 M M 7 13 43 250
10 81 68 75 -1 0 10 0.65 0.0 0 8.1 22 280 M M 9 13 31 250
11 88 76 82 6 0 17 0.00 0.0 0 11.9 22 160 M M 8 18 29 150
12 88 77 83 7 0 18 T 0.0 0 13.5 22 120 M M 10 18 27 120
13 80 68 74 -2 0 9 1.49 0.0 0 9.5 24 280 M M 5 13 33 270
14 88 71 80 3 0 15 0.02 0.0 0 5.6 12 70 M M 4 16 60
15 85 71 78 1 0 13 0.00 0.0 0 4.2 26 210 M M 3 13 36 200
16 87 69 78 1 0 13 0.05 0.0 0 5.5 21 190 M M 2 13 24 190
17 90 67 79 1 0 14 0.00 0.0 0 4.1 12 290 M M 2 1 16 310
18 89 68 79 1 0 14 0.00 0.0 0 5.4 12 180 M M 1 1 19 100
19 90 70 80 2 0 15 0.00 0.0 0 6.9 15 170 M M 1 1 21 130
20 85 72 79 1 0 14 0.09 0.0 0 6.7 17 20 M M 2 1 25 30
21 84 68 76 -2 0 11 0.01 0.0 0 5.7 13 340 M M 5 18 17 350
22 88 67 78 -1 0 13 0.00 0.0 0 4.7 10 130 M M 5 18 13 140
23 91 68 80 1 0 15 0.00 0.0 0 4.4 15 140 M M 2 18 20 150
24 90 68 79 0 0 14 0.00 0.0 0 5.9 24 350 M M 2 1 33 350
25 90 68 79 -1 0 14 0.00 0.0 0 5.3 15 130 M M 2 18 18 130
26 91 69 80 0 0 15 0.00 0.0 0 5.5 13 80 M M 2 1 19 60
27 88 68 78 -2 0 13 0.00 0.0 0 6.7 15 140 M M 1 1 19 120
28 86 69 78 -2 0 13 0.00 0.0 0 6.8 15 140 M M 2 1 21 120
29 89 68 79 -1 0 14 0.00 0.0 0 5.3 23 60 M M 2 138 32 60
30 90 67 79 -1 0 14 0.00 0.0 0 6.7 20 110 M M 1 1 25 120
31 90 68 79 -2 0 14 0.00 0.0 0 8.5 17 130 M M 1 18 23 120
================================================================================
SM 2687 2140 0 405 3.10 0.0 231.7 M 125
================================================================================
AV 86.7 69.0 7.5 FASTST M M 4 MAX(MPH)
MISC ----> 35 250 43 250
================================================================================
NOTES:
# LAST OF SEVERAL OCCURRENCES
COLUMN 17 PEAK WIND IN M.P.H.
PRELIMINARY LOCAL CLIMATOLOGICAL DATA (WS FORM: F-6) , PAGE 2
STATION: VICTORIA
MONTH: MAY
YEAR: 2023
LATITUDE: 28 51 N
LONGITUDE: 96 55 W
[TEMPERATURE DATA] [PRECIPITATION DATA] SYMBOLS USED IN COLUMN 16
AVERAGE MONTHLY: 77.9 TOTAL FOR MONTH: 3.10 1 = FOG OR MIST
DPTR FM NORMAL: 0.6 DPTR FM NORMAL: -2.13 2 = FOG REDUCING VISIBILITY
HIGHEST: 91 ON 26,23 GRTST 24HR 1.49 ON 12-13 TO 1/4 MILE OR LESS
LOWEST: 58 ON 1 3 = THUNDER
SNOW, ICE PELLETS, HAIL 4 = ICE PELLETS
TOTAL MONTH: 0.0 INCH 5 = HAIL
GRTST 24HR 0.0 6 = FREEZING RAIN OR DRIZZLE
GRTST DEPTH: 0 7 = DUSTSTORM OR SANDSTORM:
VSBY 1/2 MILE OR LESS
8 = SMOKE OR HAZE
[NO. OF DAYS WITH] [WEATHER - DAYS WITH] 9 = BLOWING SNOW
X = TORNADO
MAX 32 OR BELOW: 0 0.01 INCH OR MORE: 9
MAX 90 OR ABOVE: 9 0.10 INCH OR MORE: 4
MIN 32 OR BELOW: 0 0.50 INCH OR MORE: 2
MIN 0 OR BELOW: 0 1.00 INCH OR MORE: 1
[HDD (BASE 65) ]
TOTAL THIS MO. 0 CLEAR (SCALE 0-3) 16
DPTR FM NORMAL -1 PTCLDY (SCALE 4-7) 13
TOTAL FM JUL 1 1009 CLOUDY (SCALE 8-10) 2
DPTR FM NORMAL -156
[CDD (BASE 65) ]
TOTAL THIS MO. 405
DPTR FM NORMAL 24 [PRESSURE DATA]
TOTAL FM JAN 1 910 HIGHEST SLP 30.17 ON 15
DPTR FM NORMAL 199 LOWEST SLP 29.76 ON 11
[REMARKS]
#FINAL-05-23#