000
CXUS55 KGJT 011811
CF6VEL
PRELIMINARY LOCAL CLIMATOLOGICAL DATA (WS FORM: F-6)
STATION: VERNAL UT
MONTH: JULY
YEAR: 2023
LATITUDE: 40 27 N
LONGITUDE: 109 31 W
TEMPERATURE IN F: :PCPN: SNOW: WIND :SUNSHINE: SKY :PK WND
================================================================================
1 2 3 4 5 6A 6B 7 8 9 10 11 12 13 14 15 16 17 18
12Z AVG MX 2MIN
DY MAX MIN AVG DEP HDD CDD WTR SNW DPTH SPD SPD DIR MIN PSBL S-S WX SPD DR
================================================================================
1 88 52 70 -2 0 5 0.00 M M 5.1 23 330 M M 1 3 29 20
2 91 58 75 3 0 10 0.02 M M 4.9 18 330 M M 1 3 26 320
3 90 54 72 0 0 7 T M M 6.3 22 350 M M 1 3 32 140
4 87 57 72 0 0 7 0.07 M M 8.4 23 20 M M 1 38 34 10
5 87 54 71 -2 0 6 0.00 M M 6.0 18 10 M M 0 26 10
6 88 59 74 1 0 9 0.08 M M 6.2 23 350 M M 1 3 31 350
7 90 55 73 0 0 8 0.00 M M 7.4 21 20 M M 1 29 20
8 90 54 72 -1 0 7 0.00 M M 6.6 22 350 M M 0 30 340
9 94 54 74 0 0 9 0.00 M M 4.6 16 50 M M 0 20 220
10 93 61 77 3 0 12 T M M 6.9 17 280 M M 1 23 270
11 95 51 73 -1 0 8 0.00 M M 7.1 25 270 M M 0 34 270
12 96 60 78 4 0 13 0.00 M M 5.8 21 280 M M 0 30 290
13 98 61 80 6 0 15 0.00 M M 6.1 17 240 M M 0 26 270
14 95 55 75 1 0 10 0.00 M M 6.8 18 350 M M 0 28 350
15 92 53 73 -1 0 8 0.00 M M 5.9 15 10 M M 0 22 10
16 97 54 76 1 0 11 0.00 M M 3.8 10 120 M M 0 15 150
17 102 59 81 6 0 16 0.00 M M 6.4 22 260 M M 0 30 230
18 95 66 81 6 0 16 0.00 M M 6.3 29 220 M M 2 42 220
19 92 64 78 3 0 13 0.08 M M 4.5 31 210 M M 4 3 44 240
20 87 59 73 -2 0 8 0.01 M M 4.0 17 20 M M 1 3 24 30
21 93 55 74 -1 0 9 0.00 M M 4.1 14 330 M M 0 18 340
22 96 58 77 2 0 12 0.00 M M 3.5 10 330 M M 0 15 140
23 93 59 76 1 0 11 T M M 7.5 26 340 M M 0 39 340
24 100 62 81 6 0 16 0.00 M M 5.1 29 280 M M 0 38 300
25 98 60 79 4 0 14 0.00 M M 5.3 20 10 M M 1 29 310
26 94 63 79 4 0 14 T M M 5.7 52 230 M M 1 38 68 240
27 95 58 77 2 0 12 0.00 M M 4.0 18 230 M M 1 3 27 210
28 99 57 78 3 0 13 0.00 M M 6.1 13 330 M M 0 26 210
29 99 59 79 4 0 14 0.00 M M 5.2 14 240 M M 0 19 200
30 98 68 83 8 0 18 T M M 6.1 16 340 M M 0 21 290
31 87 68 78 3 0 13 T M M 3.5 13 350 M M 2 17 360
================================================================================
SM 2899 1807 0 344 0.26 M 175.2 M 19
================================================================================
AV 93.5 58.3 5.7 FASTST M M 1 MAX(MPH)
MISC ----> 52 230 68 240
================================================================================
NOTES:
# LAST OF SEVERAL OCCURRENCES
COLUMN 17 PEAK WIND IN M.P.H.
PRELIMINARY LOCAL CLIMATOLOGICAL DATA (WS FORM: F-6) , PAGE 2
STATION: VERNAL UT
MONTH: JULY
YEAR: 2023
LATITUDE: 40 27 N
LONGITUDE: 109 31 W
[TEMPERATURE DATA] [PRECIPITATION DATA] SYMBOLS USED IN COLUMN 16
AVERAGE MONTHLY: 75.9 TOTAL FOR MONTH: 0.26 1 = FOG OR MIST
DPTR FM NORMAL: 1.9 DPTR FM NORMAL: -0.27 2 = FOG REDUCING VISIBILITY
HIGHEST: 102 ON 17 GRTST 24HR 0.08 ON 6- 6 TO 1/4 MILE OR LESS
LOWEST: 51 ON 11 3 = THUNDER
SNOW, ICE PELLETS, HAIL 4 = ICE PELLETS
TOTAL MONTH: M 5 = HAIL
GRTST 24HR M ON M 6 = FREEZING RAIN OR DRIZZLE
GRTST DEPTH: M ON M 7 = DUSTSTORM OR SANDSTORM:
VSBY 1/2 MILE OR LESS
8 = SMOKE OR HAZE
[NO. OF DAYS WITH] [WEATHER - DAYS WITH] 9 = BLOWING SNOW
X = TORNADO
MAX 32 OR BELOW: 0 0.01 INCH OR MORE: 5
MAX 90 OR ABOVE: 25 0.10 INCH OR MORE: 0
MIN 32 OR BELOW: 0 0.50 INCH OR MORE: 0
MIN 0 OR BELOW: 0 1.00 INCH OR MORE: 0
[HDD (BASE 65) ]
TOTAL THIS MO. 0 CLEAR (SCALE 0-3) 30
DPTR FM NORMAL -1 PTCLDY (SCALE 4-7) 1
TOTAL FM JUL 1 0 CLOUDY (SCALE 8-10) 0
DPTR FM NORMAL 0
[CDD (BASE 65) ]
TOTAL THIS MO. 344
DPTR FM NORMAL 63 [PRESSURE DATA]
TOTAL FM JAN 1 390 HIGHEST SLP M ON M
DPTR FM NORMAL -25 LOWEST SLP 29.70 ON 7
[REMARKS]
#FINAL-07-23#