000
CXUS55 KGJT 011010
CF6VEL
PRELIMINARY LOCAL CLIMATOLOGICAL DATA (WS FORM: F-6)
STATION: VERNAL UT
MONTH: NOVEMBER
YEAR: 2023
LATITUDE: 40 27 N
LONGITUDE: 109 31 W
TEMPERATURE IN F: :PCPN: SNOW: WIND :SUNSHINE: SKY :PK WND
================================================================================
1 2 3 4 5 6A 6B 7 8 9 10 11 12 13 14 15 16 17 18
12Z AVG MX 2MIN
DY MAX MIN AVG DEP HDD CDD WTR SNW DPTH SPD SPD DIR MIN PSBL S-S WX SPD DR
================================================================================
1 53 20 37 -5 28 0 0.00 M M 3.2 7 260 M M 0 11 50
2 56 23 40 -2 25 0 0.00 M M 3.3 8 290 M M 2 9 290
3 62 30 46 5 19 0 0.00 M M 3.5 9 300 M M 1 11 130
4 64 29 47 6 18 0 0.00 M M 3.2 9 280 M M 0 9 280
5 65 33 49 9 16 0 0.00 M M 3.1 9 280 M M 0 10 280
6 66 37 52 12 13 0 0.00 M M 3.5 10 190 M M 0 17 200
7 59 34 47 8 18 0 0.00 M M 9.0 21 40 M M 6 30 60
8 52 25 39 0 26 0 T M M 7.0 20 60 M M 4 27 40
9 47 19 33 -5 32 0 0.00 M M 3.5 10 300 M M 0 13 180
10 47 15 31 -7 34 0 0.00 M M 2.8 7 270 M M 0 10 140
11 49 17 33 -4 32 0 0.00 M M 3.4 8 290 M M 0 10 150
12 56 21 39 2 26 0 0.00 M M 3.2 8 290 M M 0 10 160
13 56 19 38 2 27 0 0.00 M M 3.0 9 290 M M 0 12 160
14 58 22 40 4 25 0 0.00 M M 2.9 8 290 M M 0 10 140
15 58 25 42 7 23 0 0.00 M M 3.1 8 290 M M 0 10 120
16 56 34 45 10 20 0 0.05 M M 3.4 9 280 M M 5 1 11 140
17 56 29 43 9 22 0 0.00 M M 3.2 9 300 M M 0 10 300
18 48 26 37 3 28 0 T M M 3.1 14 280 M M 3 1 17 280
19 52 33 43 10 22 0 T M M 3.2 13 360 M M 7 3 19 360
20 53 27 40 7 25 0 0.00 M M 7.6 22 70 M M 4 29 60
21 46 22 34 2 31 0 0.00 M M 3.2 8 110 M M 0 13 140
22 49 19 34 2 31 0 0.00 M M 2.4 8 290 M M 0 11 130
23 42 23 33 2 32 0 0.00 M M 1.7 6 40 M M 3 8 120
24 38 26 32 1 33 0 T M M 12.0 20 60 M M 10 1 27 70
25 26 18 22 -8 43 0 T M M 4.7 10 150 M M 9 18 14 140
26 24 19 22 -8 43 0 0.00 M M 2.5 7 190 M M 10 9 190
27 25 23 24 -5 41 0 0.00 M M 2.5 7 270 M M 10 11 130
28 25 20 23 -6 42 0 0.00 M M 2.9 8 230 M M 10 8 10 270
29 23 20 22 -6 43 0 0.00 M M 2.0 7 200 M M 10 18 10 260
30 25 20 23 -5 42 0 T M M 2.1 6 170 M M 10 18 8 200
================================================================================
SM 1436 728 860 0 0.05 M 114.2 M 104
================================================================================
AV 47.9 24.3 3.8 FASTST M M 3 MAX(MPH)
MISC ----> 22 70 30 60
================================================================================
NOTES:
# LAST OF SEVERAL OCCURRENCES
COLUMN 17 PEAK WIND IN M.P.H.
PRELIMINARY LOCAL CLIMATOLOGICAL DATA (WS FORM: F-6) , PAGE 2
STATION: VERNAL UT
MONTH: NOVEMBER
YEAR: 2023
LATITUDE: 40 27 N
LONGITUDE: 109 31 W
[TEMPERATURE DATA] [PRECIPITATION DATA] SYMBOLS USED IN COLUMN 16
AVERAGE MONTHLY: 36.1 TOTAL FOR MONTH: 0.05 1 = FOG OR MIST
DPTR FM NORMAL: 1.1 DPTR FM NORMAL: -0.38 2 = FOG REDUCING VISIBILITY
HIGHEST: 66 ON 6 GRTST 24HR 0.05 ON 16-16 TO 1/4 MILE OR LESS
LOWEST: 15 ON 10 3 = THUNDER
SNOW, ICE PELLETS, HAIL 4 = ICE PELLETS
TOTAL MONTH: M 5 = HAIL
GRTST 24HR M ON M 6 = FREEZING RAIN OR DRIZZLE
GRTST DEPTH: M ON M 7 = DUSTSTORM OR SANDSTORM:
VSBY 1/2 MILE OR LESS
8 = SMOKE OR HAZE
[NO. OF DAYS WITH] [WEATHER - DAYS WITH] 9 = BLOWING SNOW
X = TORNADO
MAX 32 OR BELOW: 6 0.01 INCH OR MORE: 1
MAX 90 OR ABOVE: 0 0.10 INCH OR MORE: 0
MIN 32 OR BELOW: 25 0.50 INCH OR MORE: 0
MIN 0 OR BELOW: 0 1.00 INCH OR MORE: 0
[HDD (BASE 65) ]
TOTAL THIS MO. 860 CLEAR (SCALE 0-3) 16
DPTR FM NORMAL -39 PTCLDY (SCALE 4-7) 7
TOTAL FM JUL 1 1408 CLOUDY (SCALE 8-10) 7
DPTR FM NORMAL -132
[CDD (BASE 65) ]
TOTAL THIS MO. 0
DPTR FM NORMAL 0 [PRESSURE DATA]
TOTAL FM JAN 1 694 HIGHEST SLP 30.64 ON 28
DPTR FM NORMAL 24 LOWEST SLP 29.92 ON 30
[REMARKS]
#FINAL-11-23#