000
CXUS55 KVEF 012007
CF6VGT
PRELIMINARY LOCAL CLIMATOLOGICAL DATA (WS FORM: F-6)
STATION: NORTH_LAS_VEGAS NV
MONTH: MARCH
YEAR: 2022
LATITUDE: 36 12 N
LONGITUDE: 115 12 W
TEMPERATURE IN F: :PCPN: SNOW: WIND :SUNSHINE: SKY :PK WND
================================================================================
1 2 3 4 5 6A 6B 7 8 9 10 11 12 13 14 15 16 17 18
12Z AVG MX 2MIN
DY MAX MIN AVG DEP HDD CDD WTR SNW DPTH SPD SPD DIR MIN PSBL S-S WX SPD DR
================================================================================
1 79 44 62 6 3 0 0.00 M M 4.0 9 330 M M 0 12 120
2 79 45 62 6 3 0 0.00 M M 3.8 9 300 M M 0 13 120
3 79 50 65 9 0 0 0.00 M M 6.0 17 130 M M 0 23 130
4 67 50 59 3 6 0 T M M 11.1 26 160 M M 1 8 37 170
5 57 45 51 -6 14 0 T M M 16.4 32 240 M M 3 44 270
6 62 44 53 -4 12 0 0.00 M M 12.5 26 320 M M 4 36 310
7 59 44 52 -5 13 0 0.00 M M 15.7 31 310 M M 1 40 350
8 62 42 52 -6 13 0 0.00 M M 6.5 14 340 M M 0 21 350
9 72 43 58 0 7 0 0.00 M M 7.1 21 310 M M 1 28 320
10 60 45 53 -5 12 0 T M M 18.2 37 320 M M 4 55 340
11 63 40 52 -6 13 0 0.00 M M 6.4 15 360 M M 0 20 340
12 70 40 55 -4 10 0 0.00 M M 3.2 9 130 M M 0 12 120
13 73 44 59 0 6 0 0.00 M M 5.2 13 360 M M 0 16 340
14 71 52 62 3 3 0 0.00 M M 5.3 15 330 M M 0 20 340
15 77 47 62 3 3 0 0.00 M M 4.4 14 330 M M 0 19 330
16 78 57 68 8 0 3 T M M 14.2 35 300 M M 1 49 320
17 70 51 61 1 4 0 0.00 M M 5.3 22 330 M M 0 32 320
18 76 47 62 2 3 0 0.00 M M 4.3 10 120 M M 0 15 170
19 80 52 66 6 0 1 0.00 M M 10.0 29 250 M M 0 37 230
20 72 55 64 3 1 0 T M M 21.6 33 340 M M 1 48 320
21 74 50 62 1 3 0 0.00 M M 12.0 28 350 M M 0 39 350
22 79 54 67 6 0 2 0.00 M M 9.6 22 330 M M 0 29 340
23 78 52 65 4 0 0 0.00 M M 4.3 12 30 M M 0 17 80
24 85 53 69 8 0 4 0.00 M M 3.5 9 80 M M 0 13 80
25 90 57 74 12 0 9 0.00 M M 4.6 12 120 M M 0 16 110
26 93 60 77 15 0 12 0.00 M M 7.1 16 210 M M 0 24 100
27 90 60 75 13 0 10 0.00 M M 9.2 25 160 M M 0 44 170
28 81 53 67 5 0 2 0.05 M M 14.0 36 240 M M 0 50 220
29 75 51 63 1 2 0 0.00 M M 9.4 30 80 M M 4 37 90
30 79 58 69 6 0 4 0.00 M M 7.9 20 320 M M 0 30 320
31 79 58 69 6 0 4 0.00 M M 5.0 15 130 M M 1 19 120
================================================================================
SM 2309 1543 131 51 0.05 M 267.8 M 21
================================================================================
AV 74.5 49.8 8.6 FASTST M M 1 MAX(MPH)
MISC ----> 37 320 55 340
================================================================================
NOTES:
# LAST OF SEVERAL OCCURRENCES
COLUMN 17 PEAK WIND IN M.P.H.
PRELIMINARY LOCAL CLIMATOLOGICAL DATA (WS FORM: F-6) , PAGE 2
STATION: NORTH_LAS_VEGAS NV
MONTH: MARCH
YEAR: 2022
LATITUDE: 36 12 N
LONGITUDE: 115 12 W
[TEMPERATURE DATA] [PRECIPITATION DATA] SYMBOLS USED IN COLUMN 16
AVERAGE MONTHLY: 62.1 TOTAL FOR MONTH: 0.05 1 = FOG OR MIST
DPTR FM NORMAL: 2.6 DPTR FM NORMAL: -0.46 2 = FOG REDUCING VISIBILITY
HIGHEST: 93 ON 26 GRTST 24HR 0.05 ON 28-28 TO 1/4 MILE OR LESS
LOWEST: 40 ON 12,11 3 = THUNDER
SNOW, ICE PELLETS, HAIL 4 = ICE PELLETS
TOTAL MONTH: M 5 = HAIL
GRTST 24HR M ON M 6 = FREEZING RAIN OR DRIZZLE
GRTST DEPTH: M ON M 7 = DUSTSTORM OR SANDSTORM:
VSBY 1/2 MILE OR LESS
8 = SMOKE OR HAZE
[NO. OF DAYS WITH] [WEATHER - DAYS WITH] 9 = BLOWING SNOW
X = TORNADO
MAX 32 OR BELOW: 0 0.01 INCH OR MORE: 1
MAX 90 OR ABOVE: 3 0.10 INCH OR MORE: 0
MIN 32 OR BELOW: 0 0.50 INCH OR MORE: 0
MIN 0 OR BELOW: 0 1.00 INCH OR MORE: 0
[HDD (BASE 65) ]
TOTAL THIS MO. 131 CLEAR (SCALE 0-3) 28
DPTR FM NORMAL -64 PTCLDY (SCALE 4-7) 3
TOTAL FM JUL 1 1455 CLOUDY (SCALE 8-10) 0
DPTR FM NORMAL -466
[CDD (BASE 65) ]
TOTAL THIS MO. 51
DPTR FM NORMAL 27 [PRESSURE DATA]
TOTAL FM JAN 1 56 HIGHEST SLP 30.49 ON 11
DPTR FM NORMAL 31 LOWEST SLP 29.52 ON 28
[REMARKS]
#FINAL-03-22#