000
CXUS52 KFFC 011010
CF6VPC
PRELIMINARY LOCAL CLIMATOLOGICAL DATA (WS FORM: F-6)
STATION: CARTERSVILLE
MONTH: MAY
YEAR: 2023
LATITUDE: 34 7 N
LONGITUDE: 84 51 W
TEMPERATURE IN F: :PCPN: SNOW: WIND :SUNSHINE: SKY :PK WND
================================================================================
1 2 3 4 5 6A 6B 7 8 9 10 11 12 13 14 15 16 17 18
12Z AVG MX 2MIN
DY MAX MIN AVG DEP HDD CDD WTR SNW DPTH SPD SPD DIR MIN PSBL S-S WX SPD DR
================================================================================
1 66 43 55 -9 10 0 0.00 M M 6.8 21 260 M M 1 31 260
2 70 45 58 -7 7 0 0.00 M M 8.8 24 280 M M 2 37 280
3 70 43 57 -8 8 0 0.00 M M 6.3 15 270 M M 1 23 280
4 73 41 57 -8 8 0 0.00 M M 1.3 8 280 M M 0 15 280
5 63 50 57 -8 8 0 0.00 M M 1.2 7 99 M M 7 12 99
6 77 57 67 1 0 2 0.00 M M 3.9 12 120 M M 9 18 120
7 84 57 71 5 0 6 T M M 1.0 8 280 M M 5 12 0
8 82 63 73 7 0 8 0.00 M M 2.2 13 270 M M 5 1 21 40
9 86 64 75 9 0 10 0.00 M M 2.8 10 270 M M 5 16 270
10 84 61 73 6 0 8 0.00 M M 1.7 12 130 M M 2 1 13 80
11 81 68 75 8 0 10 0.00 M M 6.0 12 110 M M 6 18 110
12 79 64 72 5 0 7 0.00 M M 2.3 8 100 M M 5 1 M M
13 84 63 74 6 0 9 0.00 M M 0.8 9 270 M M 3 12 14 0
14 88 64 76 8 0 11 0.00 M M 1.8 9 280 M M 2 12 13 330
15 88 68 78 10 0 13 0.00 M M 1.8 9 100 M M 3 1 13 99
16 86 66 76 8 0 11 0.00 M M 1.2 8 270 M M 6 1 20 270
17 77 66 72 3 0 7 0.00 M M 1.0 7 20 M M 6 1 12 0
18 73 64 69 0 0 4 0.00 M M 7.5 15 100 M M 9 8 23 110
19 77 63 70 1 0 5 0.00 M M 4.1 9 90 M M 9 18 100
20 77 64 71 2 0 6 0.00 M M 0.4 5 170 M M 10 1 12 170
21 81 63 72 2 0 7 0.00 M M 1.0 7 99 M M 7 M M
22 79 66 73 3 0 8 0.00 M M 5.8 15 100 M M 7 22 110
23 70 63 67 -3 0 2 0.00 M M 3.7 12 110 M M 7 1 16 100
24 79 59 69 -1 0 4 0.00 M M 2.0 13 100 M M 3 16 90
25 82 55 69 -2 0 4 0.00 M M 1.9 9 60 M M 3 17 90
26 79 61 70 -1 0 5 0.00 M M 4.1 12 80 M M 2 17 70
27 79 63 71 0 0 6 0.00 M M 7.5 15 110 M M 5 23 90
28 77 54 66 -6 0 1 0.00 M M 2.2 8 330 M M 3 15 270
29 72 57 65 -7 0 0 0.00 M M 2.9 13 280 M M 7 15 280
30 84 55 70 -2 0 5 0.00 M M 3.1 12 90 M M 3 18 70
31 82 66 74 2 0 9 0.00 M M 5.3 13 100 M M 6 17 100
================================================================================
SM 2429 1836 41 168 T M 102.4 M 149
================================================================================
AV 78.4 59.2 3.3 FASTST M M 5 MAX(MPH)
MISC ----> 24 280 37 280
================================================================================
NOTES:
# LAST OF SEVERAL OCCURRENCES
COLUMN 17 PEAK WIND IN M.P.H.
PRELIMINARY LOCAL CLIMATOLOGICAL DATA (WS FORM: F-6) , PAGE 2
STATION: CARTERSVILLE
MONTH: MAY
YEAR: 2023
LATITUDE: 34 7 N
LONGITUDE: 84 51 W
[TEMPERATURE DATA] [PRECIPITATION DATA] SYMBOLS USED IN COLUMN 16
AVERAGE MONTHLY: 68.8 TOTAL FOR MONTH: T 1 = FOG OR MIST
DPTR FM NORMAL: 0.5 DPTR FM NORMAL: -3.67 2 = FOG REDUCING VISIBILITY
HIGHEST: 88 ON 15,14 GRTST 24HR T ON 7- 7 TO 1/4 MILE OR LESS
LOWEST: 41 ON 4 3 = THUNDER
SNOW, ICE PELLETS, HAIL 4 = ICE PELLETS
TOTAL MONTH: M 5 = HAIL
GRTST 24HR M ON M 6 = FREEZING RAIN OR DRIZZLE
GRTST DEPTH: M ON M 7 = DUSTSTORM OR SANDSTORM:
VSBY 1/2 MILE OR LESS
8 = SMOKE OR HAZE
[NO. OF DAYS WITH] [WEATHER - DAYS WITH] 9 = BLOWING SNOW
X = TORNADO
MAX 32 OR BELOW: 0 0.01 INCH OR MORE: 0
MAX 90 OR ABOVE: 0 0.10 INCH OR MORE: 0
MIN 32 OR BELOW: 0 0.50 INCH OR MORE: 0
MIN 0 OR BELOW: 0 1.00 INCH OR MORE: 0
[HDD (BASE 65) ]
TOTAL THIS MO. 41 CLEAR (SCALE 0-3) 11
DPTR FM NORMAL -1 PTCLDY (SCALE 4-7) 16
TOTAL FM JUL 1 2406 CLOUDY (SCALE 8-10) 4
DPTR FM NORMAL -709
[CDD (BASE 65) ]
TOTAL THIS MO. 168
DPTR FM NORMAL 22 [PRESSURE DATA]
TOTAL FM JAN 1 248 HIGHEST SLP M ON M
DPTR FM NORMAL 64 LOWEST SLP M ON M
[REMARKS]
#FINAL-05-23#