000
CXUS56 KLKN 011210
CF6WMC
PRELIMINARY LOCAL CLIMATOLOGICAL DATA (WS FORM: F-6)
STATION: WINNEMUCCA AIRPORT NV
MONTH: JULY
YEAR: 2022
LATITUDE: 40 54 N
LONGITUDE: 117 48 W
TEMPERATURE IN F: :PCPN: SNOW: WIND :SUNSHINE: SKY :PK WND
================================================================================
1 2 3 4 5 6A 6B 7 8 9 10 11 12 13 14 15 16 17 18
12Z AVG MX 2MIN
DY MAX MIN AVG DEP HDD CDD WTR SNW DPTH SPD SPD DIR MIN PSBL S-S WX SPD DR
================================================================================
1 94 49 72 1 0 7 0.00 0.0 0 7.5 20 260 M M 0 33 250
2 93 48 71 0 0 6 T 0.0 0 7.8 22 280 M M 1 8 31 280
3 83 51 67 -5 0 2 T 0.0 0 8.0 26 260 M M 1 40 250
4 86 46 66 -6 0 1 T 0.0 0 6.6 22 270 M M 0 33 260
5 91 54 73 1 0 8 0.00 0.0 0 5.7 18 250 M M 0 27 250
6 93 60 77 4 0 12 0.00 0.0 0 7.6 21 240 M M 0 30 250
7 94 54 74 1 0 9 0.00 0.0 0 7.2 24 250 M M 0 33 270
8 96 51 74 1 0 9 0.00 0.0 0 5.9 21 230 M M 0 33 270
9 94 51 73 -1 0 8 0.00 0.0 0 6.5 22 250 M M 0 31 260
10 97 46 72 -2 0 7 0.00 0.0 0 6.2 20 40 M M 0 30 50
11 98 65 82 8 0 17 0.00 0.0 0 10.1 20 30 M M 0 28 20
12 105 60 83 9 0 18 0.00 0.0 0 7.0 23 250 M M 0 33 260
13 103 67 85 10 0 20 0.00 0.0 0 8.2 23 310 M M 0 8 33 300
14 103 53 78 3 0 13 0.00 0.0 0 5.8 22 260 M M 0 30 260
15 100 54 77 2 0 12 0.00 0.0 0 7.8 23 250 M M 0 8 33 250
16 103 58 81 6 0 16 0.00 0.0 0 7.4 22 260 M M 1 8 32 250
17 103 66 85 10 0 20 0.00 0.0 0 8.5 25 250 M M 1 8 35 250
18 97 65 81 5 0 16 0.02 0.0 0 7.1 36 240 M M 2 8 49 230
19 97 63 80 4 0 15 0.01 0.0 0 7.5 32 150 M M 1 38 45 150
20 101 58 80 4 0 15 0.00 0.0 0 8.2 20 280 M M 0 29 240
21 101 50 76 0 0 11 0.00 0.0 0 5.3 18 230 M M 0 29 210
22 98 50 74 -2 0 9 0.00 0.0 0 7.1 20 250 M M 0 29 270
23 97 50 74 -2 0 9 0.00 0.0 0 4.3 16 300 M M 0 23 290
24 100 48 74 -2 0 9 0.00 0.0 0 9.3 22 40 M M 0 32 40
25 101 70 86 10 0 21 0.00 0.0 0 10.8 23 50 M M 0 35 40
26 102 51 77 1 0 12 0.00 0.0 0 4.3 13 50 M M 0 21 320
27 104 52 78 2 0 13 0.00 0.0 0 5.8 22 340 M M 0 30 340
28 102 62 82 6 0 17 0.00 0.0 0 6.9 22 70 M M 0 34 20
29 104 62 83 7 0 18 0.00 0.0 0 8.4 20 340 M M 0 26 340
30 104 56 80 5 0 15 0.00 0.0 0 8.5 18 40 M M 0 28 40
31 105 59 82 7 0 17 0.00 0.0 0 6.7 22 140 M M 1 8 31 150
================================================================================
SM 3049 1729 0 382 0.03 0.0 224.0 M 8
================================================================================
AV 98.4 55.8 7.2 FASTST M M 0 MAX(MPH)
MISC ----> 36 240 49 230
================================================================================
NOTES:
# LAST OF SEVERAL OCCURRENCES
COLUMN 17 PEAK WIND IN M.P.H.
PRELIMINARY LOCAL CLIMATOLOGICAL DATA (WS FORM: F-6) , PAGE 2
STATION: WINNEMUCCA AIRPORT NV
MONTH: JULY
YEAR: 2022
LATITUDE: 40 54 N
LONGITUDE: 117 48 W
[TEMPERATURE DATA] [PRECIPITATION DATA] SYMBOLS USED IN COLUMN 16
AVERAGE MONTHLY: 77.1 TOTAL FOR MONTH: 0.03 1 = FOG OR MIST
DPTR FM NORMAL: 2.6 DPTR FM NORMAL: -0.13 2 = FOG REDUCING VISIBILITY
HIGHEST: 105 ON 31,12 GRTST 24HR 0.02 ON 18-18 TO 1/4 MILE OR LESS
LOWEST: 46 ON 10, 4 3 = THUNDER
SNOW, ICE PELLETS, HAIL 4 = ICE PELLETS
TOTAL MONTH: 0.0 INCH 5 = HAIL
GRTST 24HR 0.0 6 = FREEZING RAIN OR DRIZZLE
GRTST DEPTH: 0 7 = DUSTSTORM OR SANDSTORM:
VSBY 1/2 MILE OR LESS
8 = SMOKE OR HAZE
[NO. OF DAYS WITH] [WEATHER - DAYS WITH] 9 = BLOWING SNOW
X = TORNADO
MAX 32 OR BELOW: 0 0.01 INCH OR MORE: 2
MAX 90 OR ABOVE: 29 0.10 INCH OR MORE: 0
MIN 32 OR BELOW: 0 0.50 INCH OR MORE: 0
MIN 0 OR BELOW: 0 1.00 INCH OR MORE: 0
[HDD (BASE 65) ]
TOTAL THIS MO. 0 CLEAR (SCALE 0-3) 31
DPTR FM NORMAL -6 PTCLDY (SCALE 4-7) 0
TOTAL FM JUL 1 0 CLOUDY (SCALE 8-10) 0
DPTR FM NORMAL -2
[CDD (BASE 65) ]
TOTAL THIS MO. 382
DPTR FM NORMAL 82 [PRESSURE DATA]
TOTAL FM JAN 1 513 HIGHEST SLP 30.14 ON 10
DPTR FM NORMAL 96 LOWEST SLP 29.64 ON 2
[REMARKS]
#FINAL-07-22#