000
CXUS56 KLKN 021347
CF6WMC
PRELIMINARY LOCAL CLIMATOLOGICAL DATA (WS FORM: F-6)
STATION: WINNEMUCCA AIRPORT NV
MONTH: MARCH
YEAR: 2021
LATITUDE: 40 54 N
LONGITUDE: 117 48 W
TEMPERATURE IN F: :PCPN: SNOW: WIND :SUNSHINE: SKY :PK WND
================================================================================
1 2 3 4 5 6A 6B 7 8 9 10 11 12 13 14 15 16 17 18
12Z AVG MX 2MIN
DY MAX MIN AVG DEP HDD CDD WTR SNW DPTH SPD SPD DIR MIN PSBL S-S WX SPD DR
================================================================================
1 57 25 41 3 24 0 0.00 0.0 0 8.5 15 60 M M 0 18 60
2 59 20 40 1 25 0 0.00 0.0 0 4.9 9 80 M M 0 13 80
3 60 25 43 4 22 0 0.00 0.0 0 6.4 18 80 M M 0 21 80
4 61 17 39 0 26 0 0.00 0.0 0 5.0 14 150 M M 0 19 260
5 68 21 45 6 20 0 0.00 0.0 0 8.7 20 170 M M 0 26 170
6 53 23 38 -2 27 0 0.02 0.0 0 11.9 33 240 M M 3 42 240
7 60 15 38 -2 27 0 0.00 0.0 0 4.4 10 340 M M 0 13 340
8 55 24 40 0 25 0 0.02 0.0 0 10.2 30 260 M M 4 40 260
9 46 18 32 -8 33 0 0.00 0.0 0 5.4 17 300 M M 2 21 280
10 41 17 29 -11 36 0 0.00 0.0 0 6.2 21 160 M M 6 26 160
11 45 29 37 -3 28 0 0.10 1.7 T 5.9 24 40 M M 8 1 29 30
12 54 21 38 -3 27 0 0.00 0.0 T 10.0 21 40 M M 0 27 30
13 57 12 35 -6 30 0 0.00 0.0 0 5.5 14 180 M M 0 19 320
14 60 16 38 -3 27 0 0.00 0.0 0 5.4 16 260 M M 0 22 230
15 45 29 37 -4 28 0 0.33 3.2 0 9.3 30 270 M M 9 1 37 270
16 43 29 36 -5 29 0 0.02 0.3 3 4.8 13 280 M M 9 1 16 290
17 57 26 42 1 23 0 0.00 0.0 0 5.0 12 200 M M 3 18 270
18 64 32 48 6 17 0 T 0.0 0 8.0 22 250 M M 7 28 240
19 59 35 47 5 18 0 0.07 0.0 0 8.9 24 260 M M 9 30 250
20 48 31 40 -2 25 0 0.04 T 0 6.6 23 270 M M 9 1 28 270
21 51 19 35 -7 30 0 0.00 0.0 0 4.6 12 190 M M 1 18 230
22 51 33 42 0 23 0 0.07 0.5 0 10.1 22 10 M M 9 13 26 20
23 46 20 33 -9 32 0 0.01 0.3 T 13.4 30 350 M M 5 1 37 340
24 51 15 33 -9 32 0 0.00 0.0 0 6.9 17 160 M M 2 21 160
25 45 32 39 -3 26 0 0.13 0.8 1 8.9 23 350 M M 10 1 29 340
26 53 25 39 -4 26 0 T T 0 5.8 14 340 M M 0 18 330
27 64 19 42 -1 23 0 0.00 0.0 0 4.5 14 170 M M 0 17 170
28 73 27 50 7 15 0 0.00 0.0 0 11.9 25 230 M M 0 33 240
29 56 22 39 -4 26 0 0.00 0.0 0 13.4 30 350 M M 2 40 350
30 52 11 32 -11 33 0 0.00 0.0 0 3.7 13 360 M M 0 16 290
31 65 19 42 -1 23 0 0.00 0.0 0 6.1 15 50 M M 0 19 60
================================================================================
SM 1699 707 806 0 0.81 6.8 230.3 M 98
================================================================================
AV 54.8 22.8 7.4 FASTST M M 3 MAX(MPH)
MISC ----> 33 240 42 240
================================================================================
NOTES:
# LAST OF SEVERAL OCCURRENCES
COLUMN 17 PEAK WIND IN M.P.H.
PRELIMINARY LOCAL CLIMATOLOGICAL DATA (WS FORM: F-6) , PAGE 2
STATION: WINNEMUCCA AIRPORT NV
MONTH: MARCH
YEAR: 2021
LATITUDE: 40 54 N
LONGITUDE: 117 48 W
[TEMPERATURE DATA] [PRECIPITATION DATA] SYMBOLS USED IN COLUMN 16
AVERAGE MONTHLY: 38.8 TOTAL FOR MONTH: 0.81 1 = FOG OR MIST
DPTR FM NORMAL: -2.3 DPTR FM NORMAL: -0.02 2 = FOG REDUCING VISIBILITY
HIGHEST: 73 ON 28 GRTST 24HR 0.34 ON 15-16 TO 1/4 MILE OR LESS
LOWEST: 11 ON 30 3 = THUNDER
SNOW, ICE PELLETS, HAIL 4 = ICE PELLETS
TOTAL MONTH: 6.8 INCHES 5 = HAIL
GRTST 24HR 3.2 ON 15-15 6 = FREEZING RAIN OR DRIZZLE
GRTST DEPTH: 3 ON 16 7 = DUSTSTORM OR SANDSTORM:
VSBY 1/2 MILE OR LESS
8 = SMOKE OR HAZE
[NO. OF DAYS WITH] [WEATHER - DAYS WITH] 9 = BLOWING SNOW
X = TORNADO
MAX 32 OR BELOW: 0 0.01 INCH OR MORE: 10
MAX 90 OR ABOVE: 0 0.10 INCH OR MORE: 3
MIN 32 OR BELOW: 29 0.50 INCH OR MORE: 0
MIN 0 OR BELOW: 0 1.00 INCH OR MORE: 0
[HDD (BASE 65) ]
TOTAL THIS MO. 806 CLEAR (SCALE 0-3) 20
DPTR FM NORMAL 67 PTCLDY (SCALE 4-7) 5
TOTAL FM JUL 1 4886 CLOUDY (SCALE 8-10) 6
DPTR FM NORMAL -443
[CDD (BASE 65) ]
TOTAL THIS MO. 0
DPTR FM NORMAL 0 [PRESSURE DATA]
TOTAL FM JAN 1 0 HIGHEST SLP 30.47 ON 31
DPTR FM NORMAL 0 LOWEST SLP 29.62 ON 15
[REMARKS]
#FINAL-03-21#