000
CXUS55 KRIW 011010
CF6WRL
PRELIMINARY LOCAL CLIMATOLOGICAL DATA (WS FORM: F-6)
STATION: WORLAND WY
MONTH: JUNE
YEAR: 2023
LATITUDE: 43 58 N
LONGITUDE: 107 57 W
TEMPERATURE IN F: :PCPN: SNOW: WIND :SUNSHINE: SKY :PK WND
================================================================================
1 2 3 4 5 6A 6B 7 8 9 10 11 12 13 14 15 16 17 18
12Z AVG MX 2MIN
DY MAX MIN AVG DEP HDD CDD WTR SNW DPTH SPD SPD DIR MIN PSBL S-S WX SPD DR
================================================================================
1 79 47 63 3 2 0 0.02 M M 6.6 24 130 M M 3 3 31 120
2 62 54 58 -3 7 0 0.08 M M 8.4 15 350 M M 10 1 21 330
3 74 53 64 3 1 0 0.03 M M 4.6 12 120 M M 6 1 15 120
4 73 55 64 3 1 0 0.15 M M 5.3 17 220 M M 8 13 22 220
5 83 52 68 6 0 3 0.00 M M 6.0 16 90 M M 1 3 21 80
6 85 52 69 7 0 4 0.06 M M 7.2 24 310 M M 2 3 33 320
7 78 54 66 4 0 1 0.00 M M 6.5 20 100 M M 2 25 100
8 81 57 69 7 0 4 0.04 M M 4.8 22 220 M M 5 28 220
9 84 52 68 5 0 3 T M M 6.2 17 320 M M 1 26 330
10 65 54 60 -3 5 0 0.66 M M 4.9 22 40 M M 9 13 31 30
11 74 54 64 1 1 0 0.22 M M 6.0 22 110 M M 8 13 30 210
12 69 53 61 -3 4 0 0.04 M M 4.7 21 130 M M 5 3 25 120
13 75 52 64 0 1 0 0.00 M M 4.1 13 150 M M 3 16 160
14 81 50 66 2 0 1 0.00 M M 6.7 16 310 M M 1 3 22 350
15 72 52 62 -2 3 0 0.29 M M 7.1 29 300 M M 8 13 39 300
16 61 48 55 -10 10 0 0.78 M M 7.7 14 150 M M 7 1 19 230
17 75 44 60 -5 5 0 0.00 M M 5.2 14 350 M M 2 18 340
18 84 51 68 3 0 3 T M M 9.2 24 190 M M 3 35 220
19 82 54 68 2 0 3 T M M 5.9 14 340 M M 4 20 310
20 65 50 58 -8 7 0 0.14 M M 5.8 26 290 M M 8 1 34 290
21 76 51 64 -2 1 0 0.02 M M 7.3 24 10 M M 6 1 36 10
22 71 50 61 -5 4 0 0.00 M M 4.9 15 150 M M 6 21 120
23 69 51 60 -7 5 0 0.37 M M 7.8 30 200 M M 3 13 44 200
24 69 49 59 -8 6 0 0.21 M M 9.2 29 340 M M 7 13 37 330
25 78 45 62 -5 3 0 T M M 3.9 21 110 M M 1 3 33 130
26 81 51 66 -2 0 1 0.18 M M 7.5 40 260 M M 3 138 63 250
27 73 49 61 -7 4 0 T M M 4.8 9 70 M M 1 14 350
28 80 49 65 -3 0 0 0.05 M M 5.8 21 260 M M 2 3 31 270
29 81 54 68 -1 0 3 T M M 6.2 26 160 M M 3 3 38 170
30 81 52 67 -2 0 2 0.00 M M 5.0 13 130 M M 0 17 130
================================================================================
SM 2261 1539 70 28 3.34 M 185.3 M 128
================================================================================
AV 75.4 51.3 6.2 FASTST M M 4 MAX(MPH)
MISC ----> 40 260 63 250
================================================================================
NOTES:
# LAST OF SEVERAL OCCURRENCES
COLUMN 17 PEAK WIND IN M.P.H.
PRELIMINARY LOCAL CLIMATOLOGICAL DATA (WS FORM: F-6) , PAGE 2
STATION: WORLAND WY
MONTH: JUNE
YEAR: 2023
LATITUDE: 43 58 N
LONGITUDE: 107 57 W
[TEMPERATURE DATA] [PRECIPITATION DATA] SYMBOLS USED IN COLUMN 16
AVERAGE MONTHLY: 63.3 TOTAL FOR MONTH: 3.34 1 = FOG OR MIST
DPTR FM NORMAL: -1.3 DPTR FM NORMAL: 2.37 2 = FOG REDUCING VISIBILITY
HIGHEST: 85 ON 6 GRTST 24HR 1.07 ON 15-16 TO 1/4 MILE OR LESS
LOWEST: 44 ON 17 3 = THUNDER
SNOW, ICE PELLETS, HAIL 4 = ICE PELLETS
TOTAL MONTH: M 5 = HAIL
GRTST 24HR M ON M 6 = FREEZING RAIN OR DRIZZLE
GRTST DEPTH: M ON M 7 = DUSTSTORM OR SANDSTORM:
VSBY 1/2 MILE OR LESS
8 = SMOKE OR HAZE
[NO. OF DAYS WITH] [WEATHER - DAYS WITH] 9 = BLOWING SNOW
X = TORNADO
MAX 32 OR BELOW: 0 0.01 INCH OR MORE: 17
MAX 90 OR ABOVE: 0 0.10 INCH OR MORE: 9
MIN 32 OR BELOW: 0 0.50 INCH OR MORE: 2
MIN 0 OR BELOW: 0 1.00 INCH OR MORE: 0
[HDD (BASE 65) ]
TOTAL THIS MO. 70 CLEAR (SCALE 0-3) 15
DPTR FM NORMAL -21 PTCLDY (SCALE 4-7) 11
TOTAL FM JUL 1 8669 CLOUDY (SCALE 8-10) 4
DPTR FM NORMAL 725
[CDD (BASE 65) ]
TOTAL THIS MO. 28
DPTR FM NORMAL -51 [PRESSURE DATA]
TOTAL FM JAN 1 32 HIGHEST SLP 30.22 ON 16
DPTR FM NORMAL -56 LOWEST SLP 29.42 ON 18
[REMARKS]
#FINAL-06-23#