000
CXUS54 KFWD 010730
CF6XBP
PRELIMINARY LOCAL CLIMATOLOGICAL DATA (WS FORM: F-6)
STATION: BRIDGEPORT
MONTH: APRIL
YEAR: 2023
LATITUDE: 33 10 N
LONGITUDE: 96 30 W
TEMPERATURE IN F: :PCPN: SNOW: WIND :SUNSHINE: SKY :PK WND
================================================================================
1 2 3 4 5 6A 6B 7 8 9 10 11 12 13 14 15 16 17 18
12Z AVG MX 2MIN
DY MAX MIN AVG DEP HDD CDD WTR SNW DPTH SPD SPD DIR MIN PSBL S-S WX SPD DR
================================================================================
1 M M M M M M M M M M M M M M M M M
2 M M M M M M M M M M M M M M M M M
3 M M M M M M M M M M M M M M M M M
4 M M M M M M 0.00 M M M M M M M 0 M M
5 61 48 55 -5 10 0 0.00 M M 8.4 14 340 M M 0 18 10
6 62 40 51 -9 14 0 0.00 M M 6.5 15 50 M M 1 21 50
7 64 42 53 -7 12 0 0.00 M M 4.8 10 50 M M 7 M M
8 70 49 60 0 5 0 0.00 M M 2.4 9 110 M M 7 M M
9 73 45 59 -2 6 0 0.00 M M 2.4 8 120 M M 3 1 M M
10 75 49 62 1 3 0 0.00 M M 2.9 8 120 M M 2 128 M M
11 74 47 61 0 4 0 0.00 M M 4.0 10 120 M M 0 18 16 120
12 76 44 60 -2 5 0 0.00 M M 5.6 13 150 M M 0 18 150
13 79 48 64 2 1 0 0.00 M M 8.0 13 160 M M 1 17 150
14 81 55 68 6 0 3 0.00 M M 9.3 15 180 M M 3 22 140
15 74 54 64 2 1 0 0.00 M M 9.2 16 340 M M 1 12 23 340
16 71 38 55 -8 10 0 0.00 M M 3.3 9 10 M M 0 16 340
17 81 37 59 -4 6 0 0.00 M M 7.1 18 170 M M 0 24 180
18 75 55 65 2 0 0 0.00 M M 10.3 18 170 M M 4 28 170
19 86 67 77 13 0 12 0.00 M M 13.5 18 170 M M 5 29 190
20 75 49 62 -2 3 0 0.00 M M 9.1 16 180 M M 2 8 23 170
21 74 45 60 -4 5 0 0.00 M M 3.9 13 20 M M 0 25 20
22 69 44 57 -7 8 0 0.00 M M 7.3 15 50 M M 6 24 50
23 57 44 51 -13 14 0 0.11 M M 6.2 13 40 M M 9 16 40
24 69 39 54 -11 11 0 0.00 M M 4.4 12 170 M M 6 20 170
25 72 56 64 -1 1 0 0.00 M M 6.3 10 120 M M 10 18 140
26 64 51 58 -7 7 0 1.26 M M 7.8 12 90 M M 9 13 20 120
27 67 51 59 -7 6 0 0.00 M M 5.0 10 340 M M 6 18 300
28 69 48 59 -7 6 0 0.00 M M 8.1 17 340 M M 5 8 24 340
29 70 51 61 -5 4 0 0.00 M M 10.0 17 340 M M 1 25 340
30 80 51 66 0 0 1 0.00 M M 5.8 10 80 M M 0 17 50
================================================================================
SM 1868 1247 142 16 1.37 M 171.6 M 88
================================================================================
AV 71.8 48.0 6.6 FASTST M M 3 MAX(MPH)
MISC ----> # 18 170 29 190
================================================================================
NOTES:
# LAST OF SEVERAL OCCURRENCES
COLUMN 17 PEAK WIND IN M.P.H.
PRELIMINARY LOCAL CLIMATOLOGICAL DATA (WS FORM: F-6) , PAGE 2
STATION: BRIDGEPORT
MONTH: APRIL
YEAR: 2023
LATITUDE: 33 10 N
LONGITUDE: 96 30 W
[TEMPERATURE DATA] [PRECIPITATION DATA] SYMBOLS USED IN COLUMN 16
AVERAGE MONTHLY: 59.9 TOTAL FOR MONTH: 1.37 1 = FOG OR MIST
DPTR FM NORMAL: -2.5 DPTR FM NORMAL: -1.51 2 = FOG REDUCING VISIBILITY
HIGHEST: 86 ON 19 GRTST 24HR 1.26 ON 26-26 TO 1/4 MILE OR LESS
LOWEST: 37 ON 17 3 = THUNDER
SNOW, ICE PELLETS, HAIL 4 = ICE PELLETS
TOTAL MONTH: M 5 = HAIL
GRTST 24HR M ON M 6 = FREEZING RAIN OR DRIZZLE
GRTST DEPTH: M ON M 7 = DUSTSTORM OR SANDSTORM:
VSBY 1/2 MILE OR LESS
8 = SMOKE OR HAZE
[NO. OF DAYS WITH] [WEATHER - DAYS WITH] 9 = BLOWING SNOW
X = TORNADO
MAX 32 OR BELOW: 0 0.01 INCH OR MORE: 2
MAX 90 OR ABOVE: 0 0.10 INCH OR MORE: 2
MIN 32 OR BELOW: 0 0.50 INCH OR MORE: 1
MIN 0 OR BELOW: 0 1.00 INCH OR MORE: 1
[HDD (BASE 65) ]
TOTAL THIS MO. 142 CLEAR (SCALE 0-3) 16
DPTR FM NORMAL 3 PTCLDY (SCALE 4-7) 8
TOTAL FM JUL 1 2381 CLOUDY (SCALE 8-10) 6
DPTR FM NORMAL -556
[CDD (BASE 65) ]
TOTAL THIS MO. 16
DPTR FM NORMAL -47 [PRESSURE DATA]
TOTAL FM JAN 1 71 HIGHEST SLP M ON M
DPTR FM NORMAL -8 LOWEST SLP M ON M
[REMARKS]
#FINAL-04-23#