000
CXUS54 KTSA 011112
CF6XNA
PRELIMINARY LOCAL CLIMATOLOGICAL DATA (WS FORM: F-6)
STATION: HIGHFILL ARKANSAS
MONTH: SEPTEMBER
YEAR: 2021
LATITUDE: 36 16 N
LONGITUDE: 94 19 W
TEMPERATURE IN F: :PCPN: SNOW: WIND :SUNSHINE: SKY :PK WND
================================================================================
1 2 3 4 5 6A 6B 7 8 9 10 11 12 13 14 15 16 17 18
12Z AVG MX 2MIN
DY MAX MIN AVG DEP HDD CDD WTR SNW DPTH SPD SPD DIR MIN PSBL S-S WX SPD DR
================================================================================
1 95 69 82 6 0 17 0.00 0.0 M 4.1 13 360 M M 0 21 60
2 91 71 81 6 0 16 0.00 0.0 M 8.2 15 140 M M 3 19 140
3 93 69 81 6 0 16 0.00 0.0 M 7.9 15 180 M M 1 21 240
4 94 74 84 9 0 19 0.60 0.0 M 8.7 23 340 M M 6 13 35 340
5 86 66 76 2 0 11 T 0.0 M 6.0 14 30 M M 4 20 310
6 90 60 75 1 0 10 0.00 0.0 M 2.6 9 250 M M 0 13 130
7 90 60 75 1 0 10 0.00 0.0 M 5.9 16 240 M M 0 22 200
8 86 60 73 0 0 8 0.00 0.0 M 9.6 24 350 M M 3 32 10
9 88 54 71 -2 0 6 0.00 0.0 M 2.2 9 300 M M 0 15 340
10 90 60 75 2 0 10 0.00 0.0 M 6.6 16 220 M M 0 23 230
11 92 65 79 7 0 14 0.00 0.0 M 9.3 20 180 M M 0 26 210
12 88 64 76 4 0 11 0.00 0.0 M 7.5 15 190 M M 0 25 180
13 92 60 76 4 0 11 0.00 0.0 M 7.9 18 190 M M 2 26 180
14 89 67 78 7 0 13 0.00 0.0 M 5.8 15 230 M M 1 1 21 230
15 89 67 78 7 0 13 T 0.0 M 6.1 22 360 M M 2 32 350
16 91 66 79 9 0 14 0.00 0.0 M 5.0 14 70 M M 1 20 90
17 91 64 78 8 0 13 0.00 0.0 M 4.9 16 40 M M 1 24 10
18 92 64 78 8 0 13 T 0.0 M 5.8 23 50 M M 1 32 60
19 90 64 77 8 0 12 0.00 0.0 M 4.8 15 140 M M 3 1 20 140
20 93 67 80 11 0 15 0.20 0.0 M 10.6 23 30 M M 1 13 32 30
21 73 54 64 -4 1 0 1.14 0.0 M 12.3 24 10 M M 6 13 32 60
22 75 49 62 -6 3 0 0.00 0.0 M 7.6 21 350 M M 0 30 330
23 78 44 61 -7 4 0 0.00 0.0 M 1.7 10 360 M M 0 1 14 70
24 79 50 65 -2 0 0 0.00 0.0 M 5.4 14 210 M M 0 21 230
25 81 53 67 0 0 2 0.00 0.0 M 4.5 13 360 M M 0 19 40
26 88 54 71 5 0 6 0.00 0.0 M 7.1 18 230 M M 0 27 200
27 87 63 75 9 0 10 0.00 0.0 M 6.9 18 200 M M 0 25 200
28 88 57 73 7 0 8 0.00 0.0 M 4.5 12 180 M M 0 16 120
29 84 66 75 10 0 10 0.00 0.0 M 7.1 17 130 M M 1 22 130
30 86 64 75 10 0 10 1.59 0.0 M 4.4 20 280 M M 6 13 27 280
================================================================================
SM 2629 1845 8 298 3.53 0.0 191.0 M 42
================================================================================
AV 87.6 61.5 6.4 FASTST M M 1 MAX(MPH)
MISC ----> # 24 350 35 340
================================================================================
NOTES:
# LAST OF SEVERAL OCCURRENCES
COLUMN 17 PEAK WIND IN M.P.H.
PRELIMINARY LOCAL CLIMATOLOGICAL DATA (WS FORM: F-6) , PAGE 2
STATION: HIGHFILL ARKANSAS
MONTH: SEPTEMBER
YEAR: 2021
LATITUDE: 36 16 N
LONGITUDE: 94 19 W
[TEMPERATURE DATA] [PRECIPITATION DATA] SYMBOLS USED IN COLUMN 16
AVERAGE MONTHLY: 74.6 TOTAL FOR MONTH: 3.53 1 = FOG OR MIST
DPTR FM NORMAL: 4.1 DPTR FM NORMAL: -0.33 2 = FOG REDUCING VISIBILITY
HIGHEST: 95 ON 1 GRTST 24HR 1.59 ON 30-30 TO 1/4 MILE OR LESS
LOWEST: 44 ON 23 3 = THUNDER
SNOW, ICE PELLETS, HAIL 4 = ICE PELLETS
TOTAL MONTH: 0.0 INCH 5 = HAIL
GRTST 24HR 0.0 6 = FREEZING RAIN OR DRIZZLE
GRTST DEPTH: M ON M 7 = DUSTSTORM OR SANDSTORM:
VSBY 1/2 MILE OR LESS
8 = SMOKE OR HAZE
[NO. OF DAYS WITH] [WEATHER - DAYS WITH] 9 = BLOWING SNOW
X = TORNADO
MAX 32 OR BELOW: 0 0.01 INCH OR MORE: 4
MAX 90 OR ABOVE: 14 0.10 INCH OR MORE: 4
MIN 32 OR BELOW: 0 0.50 INCH OR MORE: 3
MIN 0 OR BELOW: 0 1.00 INCH OR MORE: 2
[HDD (BASE 65) ]
TOTAL THIS MO. 8 CLEAR (SCALE 0-3) 26
DPTR FM NORMAL -22 PTCLDY (SCALE 4-7) 4
TOTAL FM JUL 1 8 CLOUDY (SCALE 8-10) 0
DPTR FM NORMAL -20
[CDD (BASE 65) ]
TOTAL THIS MO. 298
DPTR FM NORMAL 102 [PRESSURE DATA]
TOTAL FM JAN 1 1606 HIGHEST SLP M ON M
DPTR FM NORMAL 90 LOWEST SLP 29.76 ON 1
[REMARKS]
#FINAL-09-21#