000
CXUS56 KPDT 011810
CF6YKM
PRELIMINARY LOCAL CLIMATOLOGICAL DATA (WS FORM: F-6)
STATION: YAKIMA WA
MONTH: MAY
YEAR: 2022
LATITUDE: 46 34 N
LONGITUDE: 120 32 W
TEMPERATURE IN F: :PCPN: SNOW: WIND :SUNSHINE: SKY :PK WND
================================================================================
1 2 3 4 5 6A 6B 7 8 9 10 11 12 13 14 15 16 17 18
12Z AVG MX 2MIN
DY MAX MIN AVG DEP HDD CDD WTR SNW DPTH SPD SPD DIR MIN PSBL S-S WX SPD DR
================================================================================
1 69 34 52 -2 13 0 0.00 M M 5.8 16 120 M M 1 26 130
2 55 48 52 -3 13 0 0.29 M M 7.1 16 320 M M 8 1 23 310
3 73 48 61 6 4 0 0.00 M M 7.8 20 320 M M 0 26 300
4 75 40 58 3 7 0 0.00 M M 4.8 10 260 M M 0 12 130
5 64 46 55 -1 10 0 0.08 M M 10.8 32 200 M M 5 46 190
6 64 37 51 -5 14 0 0.13 M M 7.4 26 220 M M 5 1 44 220
7 59 35 47 -9 18 0 T M M 11.7 29 270 M M 2 39 260
8 59 31 45 -12 20 0 T M M 5.5 18 320 M M 3 26 320
9 62 29 46 -11 19 0 0.00 M M 7.0 21 280 M M 2 26 280
10 65 29 47 -10 18 0 0.00 M M 7.2 18 300 M M 0 26 320
11 67 28 48 -10 17 0 0.00 M M 6.5 18 200 M M 1 27 170
12 59 40 50 -8 15 0 T M M 11.2 26 200 M M 7 8 35 190
13 61 35 48 -10 17 0 T M M 6.9 24 290 M M 3 31 300
14 68 40 54 -5 11 0 0.14 M M 3.4 13 210 M M 7 1 18 210
15 74 49 62 3 3 0 T M M 5.1 16 200 M M 4 23 220
16 74 43 59 0 6 0 0.00 M M 8.1 23 300 M M 1 31 290
17 70 34 52 -7 13 0 0.00 M M 5.5 13 180 M M 0 18 160
18 70 44 57 -3 8 0 0.00 M M 11.5 31 290 M M 3 46 300
19 64 42 53 -7 12 0 0.00 M M 15.9 30 320 M M 1 44 330
20 69 M M M M M 0.00 M M 3.6 22 240 M M 4 30 240
21 66 37 52 -8 13 0 0.19 M M 5.6 25 300 M M 3 3 33 310
22 71 34 53 -7 12 0 0.00 M M 4.7 12 130 M M 0 20 120
23 76 50 63 2 2 0 T M M 8.4 24 330 M M 4 34 310
24 71 38 55 -6 10 0 T M M 5.8 16 320 M M 4 21 320
25 78 49 64 3 1 0 T M M 5.7 15 290 M M 4 21 300
26 78 48 63 2 2 0 0.01 M M 5.8 17 200 M M 4 25 180
27 69 43 56 -6 9 0 T M M 6.8 20 290 M M 5 26 280
28 63 36 50 -12 15 0 0.01 M M 4.2 9 240 M M 6 12 300
29 68 51 60 -2 5 0 T M M 14.3 28 260 M M 5 38 260
30 63 46 55 -7 10 0 T M M 7.2 16 320 M M 5 22 320
31 78 46 62 0 3 0 0.00 M M 5.4 12 170 M M 3 17 180
================================================================================
SM 2102 1210 320 0 0.85 M 226.7 M 100
================================================================================
AV 67.8 40.3 7.3 FASTST M M 3 MAX(MPH)
MISC ----> 32 200 # 46 190
================================================================================
NOTES:
# LAST OF SEVERAL OCCURRENCES
COLUMN 17 PEAK WIND IN M.P.H.
PRELIMINARY LOCAL CLIMATOLOGICAL DATA (WS FORM: F-6) , PAGE 2
STATION: YAKIMA WA
MONTH: MAY
YEAR: 2022
LATITUDE: 46 34 N
LONGITUDE: 120 32 W
[TEMPERATURE DATA] [PRECIPITATION DATA] SYMBOLS USED IN COLUMN 16
AVERAGE MONTHLY: 54.1 TOTAL FOR MONTH: 0.85 1 = FOG OR MIST
DPTR FM NORMAL: -4.7 DPTR FM NORMAL: 0.11 2 = FOG REDUCING VISIBILITY
HIGHEST: 78 ON 31,26 GRTST 24HR 0.29 ON 2- 2 TO 1/4 MILE OR LESS
LOWEST: 28 ON 11 3 = THUNDER
SNOW, ICE PELLETS, HAIL 4 = ICE PELLETS
TOTAL MONTH: M 5 = HAIL
GRTST 24HR M ON M 6 = FREEZING RAIN OR DRIZZLE
GRTST DEPTH: M ON M 7 = DUSTSTORM OR SANDSTORM:
VSBY 1/2 MILE OR LESS
8 = SMOKE OR HAZE
[NO. OF DAYS WITH] [WEATHER - DAYS WITH] 9 = BLOWING SNOW
X = TORNADO
MAX 32 OR BELOW: 0 0.01 INCH OR MORE: 7
MAX 90 OR ABOVE: 0 0.10 INCH OR MORE: 4
MIN 32 OR BELOW: 4 0.50 INCH OR MORE: 0
MIN 0 OR BELOW: 0 1.00 INCH OR MORE: 0
[HDD (BASE 65) ]
TOTAL THIS MO. 320 CLEAR (SCALE 0-3) 13
DPTR FM NORMAL 101 PTCLDY (SCALE 4-7) 17
TOTAL FM JUL 1 5791 CLOUDY (SCALE 8-10) 1
DPTR FM NORMAL 117
[CDD (BASE 65) ]
TOTAL THIS MO. 0
DPTR FM NORMAL -27 [PRESSURE DATA]
TOTAL FM JAN 1 0 HIGHEST SLP 30.26 ON 22
DPTR FM NORMAL -28 LOWEST SLP 29.58 ON 6
[REMARKS]
#FINAL-05-22#