000
CXUS51 KCLE 021828
CLSYNG
CLIMATE REPORT
NATIONAL WEATHER SERVICE CLEVELAND, OH
228 PM EDT THU JUN 02 2022
...................................
...THE YOUNGSTOWN OH CLIMATE SUMMARY FOR THE SEASON, FROM
3/1/2022 TO 5/31/2022...
CLIMATE NORMAL PERIOD 1991 TO 2020
CLIMATE RECORD PERIOD 1897 TO 2022
WEATHER OBSERVED NORMAL DEPART
VALUE DATE(S) VALUE FROM
NORMAL
................................................
TEMPERATURE (F)
RECORD
HIGH 92 05/28/2018
05/18/1962
05/18/1962
LOW -10 03/02/1980
HIGHEST 88 05/31
LOWEST 10 03/13
AVG. MAXIMUM 60.8 59.3 1.5
AVG. MINIMUM 39.4 37.8 1.6
MEAN 50.1 48.5 1.6
DAYS MAX >= 90 0 0.2
DAYS MAX <= 32 3 4.6
DAYS MIN <= 32 25 32.8
DAYS MIN <= 0 0 0.2
PRECIPITATION (INCHES)
RECORD
MAXIMUM 20.33 2011
MINIMUM 3.83 1915
TOTALS 11.42 10.68 0.74
DAYS >= .01 51 44.0
DAYS >= .10 32 25.1
DAYS >= .50 6 6.4
DAYS >= 1.00 1 1.6
SNOWFALL (INCHES)
RECORDS
TOTAL 33.0 1987
TOTALS 10.8 13.1
DAYS >= TRACE 19
DAYS >= 1.0 4 3.8
DEGREE DAYS
HEATING TOTAL 1421 1568 -147
COOLING TOTAL 76 51 25
................................................
WIND (MPH)
HIGHEST GUST SPEED/DIRECTION 56/230 DATE 04/15
SKY COVER
POSSIBLE SUNSHINE (PERCENT) MM
NUMBER OF DAYS FAIR 7
NUMBER OF DAYS PC 39
NUMBER OF DAYS CLOUDY 46
WEATHER CONDITIONS. NUMBER OF DAYS WITH
THUNDERSTORM 11 MIXED PRECIP 0
HEAVY RAIN 4 RAIN 15
LIGHT RAIN 54 FREEZING RAIN 0
LT FREEZING RAIN 1 HAIL 1
HEAVY SNOW 0 SNOW 4
LIGHT SNOW 19 SLEET 3
FOG 48 FOG W/VIS <= 1/4 MILE 1
HAZE 6
- INDICATES NEGATIVE NUMBERS.
R INDICATES RECORD WAS SET OR TIED.
MM INDICATES DATA IS MISSING.
T INDICATES TRACE AMOUNT.
$$