000
CXUS51 KCLE 021543
CLSYNG
CLIMATE REPORT
NATIONAL WEATHER SERVICE CLEVELAND, OH
1043 AM EST WED MAR 02 2022
...................................
...THE YOUNGSTOWN OH CLIMATE SUMMARY FOR THE SEASON, FROM
12/1/2021 TO 2/28/2022...
CLIMATE NORMAL PERIOD 1991 TO 2020
CLIMATE RECORD PERIOD 1897 TO 2022
WEATHER OBSERVED NORMAL DEPART
VALUE DATE(S) VALUE FROM
NORMAL
................................................
TEMPERATURE (F)
RECORD
HIGH 99 01/01/2021
LOW -22 01/19/1994
HIGHEST 64 12/11
LOWEST -9 01/22
AVG. MAXIMUM 38.4 36.8 1.6
AVG. MINIMUM 22.1 21.8 0.3
MEAN 30.3 29.3 1.0
DAYS MAX >= 90 0 0.0
DAYS MAX <= 32 32 34.9
DAYS MIN <= 32 73 75.3
DAYS MIN <= 0 3 3.3
PRECIPITATION (INCHES)
RECORD
MAXIMUM 15.88 1950
MINIMUM 3.84 1922
TOTALS 10.52 8.72 1.80
DAYS >= .01 46 52.5
DAYS >= .10 21 23.4
DAYS >= .50 8 4.4
DAYS >= 1.00 1 0.8
SNOWFALL (INCHES)
RECORDS
TOTAL 103.7 2011
TOTALS 41.0 49.5
DAYS >= TRACE 52
DAYS >= 1.0 8 16.6
DEGREE DAYS
HEATING TOTAL 3104 3212 -108
COOLING TOTAL 0 0 0
................................................
WIND (MPH)
HIGHEST GUST SPEED/DIRECTION 49/280 DATE 12/11
SKY COVER
POSSIBLE SUNSHINE (PERCENT) MM
NUMBER OF DAYS FAIR 3
NUMBER OF DAYS PC 26
NUMBER OF DAYS CLOUDY 61
WEATHER CONDITIONS. NUMBER OF DAYS WITH
THUNDERSTORM 3 MIXED PRECIP 0
HEAVY RAIN 1 RAIN 7
LIGHT RAIN 30 FREEZING RAIN 1
LT FREEZING RAIN 7 HAIL 0
HEAVY SNOW 3 SNOW 5
LIGHT SNOW 51 SLEET 8
FOG 47 FOG W/VIS <= 1/4 MILE 8
HAZE 13
- INDICATES NEGATIVE NUMBERS.
R INDICATES RECORD WAS SET OR TIED.
MM INDICATES DATA IS MISSING.
T INDICATES TRACE AMOUNT.
$$