000
CXUS51 KPBZ 010730
CF6ZZV
PRELIMINARY LOCAL CLIMATOLOGICAL DATA (WS FORM: F-6)
STATION: ZANESVILLE OH
MONTH: SEPTEMBER
YEAR: 2020
LATITUDE: 39 56 N
LONGITUDE: 81 54 W
TEMPERATURE IN F: :PCPN: SNOW: WIND :SUNSHINE: SKY :PK WND
================================================================================
1 2 3 4 5 6A 6B 7 8 9 10 11 12 13 14 15 16 17 18
12Z AVG MX 2MIN
DY MAX MIN AVG DEP HDD CDD WTR SNW DPTH SPD SPD DIR MIN PSBL S-S WX SPD DR
================================================================================
1 85 66 76 6 0 11 0.01 M M 2.3 10 240 M M 6 12 15 220
2 83 70 77 8 0 12 0.38 M M 6.3 20 260 M M 6 18 27 270
3 80 68 74 5 0 9 0.18 M M 4.2 12 290 M M 5 1 15 300
4 76 56 66 -3 0 1 T M M 6.2 14 350 M M 2 20 330
5 79 50 65 -3 0 0 0.00 M M 4.1 13 200 M M 0 1 17 190
6 78 55 67 -1 0 2 0.00 M M 3.9 9 120 M M 1 14 260
7 84 63 74 6 0 9 0.74 M M 9.2 28 310 M M 3 13 36 310
8 85 64 75 8 0 10 T M M 3.3 10 150 M M 1 1 13 150
9 87 61 74 7 0 9 0.00 M M 1.9 8 90 M M 0 1 11 90
10 87 63 75 8 0 10 0.00 M M 3.7 12 40 M M 4 12 15 20
11 72 60 66 0 0 1 0.00 M M 5.0 10 30 M M 8 14 10
12 84 57 71 5 0 6 0.00 M M 6.5 16 150 M M 4 8 20 140
13 78 63 71 5 0 6 0.14 M M 4.7 14 190 M M 6 1 19 190
14 73 52 63 -2 2 0 0.00 M M 5.3 14 50 M M 2 12 19 60
15 70 47 59 -6 6 0 0.00 M M 1.9 9 80 M M 0 1 12 70
16 77 46 62 -2 3 0 0.00 M M 2.3 9 250 M M 1 12 12 200
17 73 51 62 -2 3 0 0.00 M M 4.8 12 360 M M 5 12 16 340
18 66 43 55 -9 10 0 0.00 M M 7.7 16 340 M M 6 24 320
19 65 39 52 -11 13 0 0.00 M M 4.5 17 100 M M 0 22 100
20 69 40 55 -8 10 0 0.00 M M 4.9 14 70 M M 0 20 40
21 68 37 53 -9 12 0 0.00 M M 2.2 10 120 M M 0 15 140
22 71 39 55 -7 10 0 0.00 M M 1.4 8 310 M M 0 1 11 310
23 77 43 60 -2 5 0 0.00 M M 2.0 9 230 M M 0 12 220
24 77 55 66 5 0 1 0.00 M M 0.7 8 180 M M 0 12 11 200
25 79 50 65 4 0 0 0.00 M M 3.3 14 100 M M 1 1 18 100
26 80 53 67 7 0 2 0.00 M M 4.2 13 180 M M 3 1 17 180
27 80 60 70 10 0 5 0.00 M M 6.7 17 200 M M 3 21 200
28 81 55 68 8 0 3 0.93 M M 8.8 20 200 M M 7 1 26 210
29 62 51 57 -2 8 0 0.05 M M 3.9 10 270 M M 7 1 15 270
30 65 47 56 -3 9 0 0.10 M M 7.4 25 200 M M 6 1 31 210
================================================================================
SM 2291 1604 91 97 2.53 M 133.3 M 87
================================================================================
AV 76.4 53.5 4.4 FASTST M M 3 MAX(MPH)
MISC ----> 28 310 36 310
================================================================================
NOTES:
# LAST OF SEVERAL OCCURRENCES
COLUMN 17 PEAK WIND IN M.P.H.
PRELIMINARY LOCAL CLIMATOLOGICAL DATA (WS FORM: F-6) , PAGE 2
STATION: ZANESVILLE OH
MONTH: SEPTEMBER
YEAR: 2020
LATITUDE: 39 56 N
LONGITUDE: 81 54 W
[TEMPERATURE DATA] [PRECIPITATION DATA] SYMBOLS USED IN COLUMN 16
AVERAGE MONTHLY: 64.9 TOTAL FOR MONTH: 2.53 1 = FOG OR MIST
DPTR FM NORMAL: 0.4 DPTR FM NORMAL: -0.48 2 = FOG REDUCING VISIBILITY
HIGHEST: 87 ON 10, 9 GRTST 24HR 0.94 ON 28-29 TO 1/4 MILE OR LESS
LOWEST: 37 ON 21 3 = THUNDER
SNOW, ICE PELLETS, HAIL 4 = ICE PELLETS
TOTAL MONTH: M 5 = HAIL
GRTST 24HR M ON M 6 = FREEZING RAIN OR DRIZZLE
GRTST DEPTH: M ON M 7 = DUSTSTORM OR SANDSTORM:
VSBY 1/2 MILE OR LESS
8 = SMOKE OR HAZE
[NO. OF DAYS WITH] [WEATHER - DAYS WITH] 9 = BLOWING SNOW
X = TORNADO
MAX 32 OR BELOW: 0 0.01 INCH OR MORE: 8
MAX 90 OR ABOVE: 0 0.10 INCH OR MORE: 6
MIN 32 OR BELOW: 0 0.50 INCH OR MORE: 2
MIN 0 OR BELOW: 0 1.00 INCH OR MORE: 0
[HDD (BASE 65) ]
TOTAL THIS MO. 91 CLEAR (SCALE 0-3) 17
DPTR FM NORMAL -7 PTCLDY (SCALE 4-7) 12
TOTAL FM JUL 1 91 CLOUDY (SCALE 8-10) 1
DPTR FM NORMAL -18
[CDD (BASE 65) ]
TOTAL THIS MO. 97
DPTR FM NORMAL 15 [PRESSURE DATA]
TOTAL FM JAN 1 1002 HIGHEST SLP 30.53 ON 21
DPTR FM NORMAL 243 LOWEST SLP 29.65 ON 28
[REMARKS]
#FINAL-09-20#