000
CXUS55 KABR 231400
CF68D3
PRELIMINARY LOCAL CLIMATOLOGICAL DATA (WS FORM: F-6)

                                          STATION:   SISSETON SD
                                          MONTH:     APRIL
                                          YEAR:      2018
                                          LATITUDE:   45 40 N
                                          LONGITUDE:  96 59 W

  TEMPERATURE IN F:       :PCPN:    SNOW:  WIND      :SUNSHINE: SKY     :PK WND
================================================================================
1   2   3   4   5  6A  6B    7    8   9   10  11  12  13   14  15   16   17  18
                                     12Z  AVG MX 2MIN
DY MAX MIN AVG DEP HDD CDD  WTR  SNW DPTH SPD SPD DIR MIN PSBL S-S WX    SPD DR
================================================================================

 1  33  12  23 -14  42   0 0.00  0.0    0 11.5 21 260   M    M   0        27 250
 2  30  23  27 -11  38   0 0.29  3.0    T  9.9 21 140   M    M   0        23 140
 3  27  10  19 -19  46   0 0.06  1.0    3 19.3 30 320   M    M   0        36 330
 4  29  11  20 -19  45   0 0.00  0.0    4  8.1 15 260   M    M   0        19 110
 5  35  10  23 -16  42   0 0.00  0.0    3 11.5 26 330   M    M   0        32 330
 6  20   7  14 -26  51   0 0.00  0.0    1 21.5 38 330   M    M   0        43 340
 7  30   9  20 -20  45   0 0.00  0.0    1  6.5 14 300   M    M   0        18 300
 8  28  19  24 -17  41   0 0.17  3.0    1 11.6 22 110   M    M   0        26 110
 9  34  18  26 -15  39   0 0.01    T    3  4.7 13 280   M    M   0        18 250
10  47  30  39  -3  26   0 0.00  0.0    2  8.8 18 220   M    M   0        22 230
11  41  29  35  -7  30   0 0.01  0.0    T  6.5 21 140   M    M   0        24 140
12  44  34  39  -4  26   0 0.00  0.0    T  6.4 15  40   M    M   0        19  60
13  35  33  34  -9  31   0 0.00  0.0    0 19.0 30  20   M    M   0        40  10
14  33  25  29 -15  36   0 0.03  0.3    0 18.7 28  40   M    M   0        33  20
15  32  24  28 -16  37   0 0.02  0.2    T 13.8 22  30   M    M   0        26  20
16  42  23  33 -12  32   0 0.00  0.0    T 11.0 20  10   M    M   0        25 350
17  44  27  36  -9  29   0 0.00  0.0    0  6.5 17 110   M    M   0        21 100
18  50  33  42  -4  23   0 0.00  0.0    0  9.4 24  10   M    M   0        29  20
19  55  29  42  -4  23   0 0.00  0.0    0  5.5 13 230   M    M   0        16 240
20  54  30  42  -5  23   0 0.00  0.0    0  7.8 17 130   M    M   0        21 130
21  60  33  47   0  18   0 0.00  0.0    0  7.9 16 190   M    M   0        23 160
22  63  31  47  -1  18   0 0.00  0.0    0  9.4 22 180   M    M   0        27 170
================================================================================
SM  866  500       741   0  0.59     7.5 235.3          M        0
================================================================================
AV 39.4 22.7                              10.7 FASTST   M    M   0    MAX(MPH)
                                 MISC ---->  # 38 330               # 43  340
================================================================================
NOTES:
# LAST OF SEVERAL OCCURRENCES

COLUMN 17 PEAK WIND IN M.P.H.

PRELIMINARY LOCAL CLIMATOLOGICAL DATA (WS FORM: F-6) , PAGE 2

                                          STATION:  SISSETON SD
                                          MONTH:    APRIL
                                          YEAR:     2018
                                          LATITUDE:   45 40 N
                                          LONGITUDE:  96 59 W

[TEMPERATURE DATA]      [PRECIPITATION DATA]       SYMBOLS USED IN COLUMN 16

AVERAGE MONTHLY: 31.1   TOTAL FOR MONTH:   0.59    1 = FOG OR MIST
DPTR FM NORMAL: -11.5   DPTR FM NORMAL:   -0.69    2 = FOG REDUCING VISIBILITY
HIGHEST:    63 ON 22    GRTST 24HR  0.29 ON  2- 2      TO 1/4 MILE OR LESS
LOWEST:      7 ON  6                               3 = THUNDER
                        SNOW, ICE PELLETS, HAIL    4 = ICE PELLETS
                        TOTAL MONTH:   7.5 INCHES  5 = HAIL
                        GRTST 24HR   3.0 ON  8- 8  6 = FREEZING RAIN OR DRIZZLE
                        GRTST DEPTH:   4 ON  4     7 = DUSTSTORM OR SANDSTORM:
                                                       VSBY 1/2 MILE OR LESS
                                                   8 = SMOKE OR HAZE
[NO. OF DAYS WITH]      [WEATHER - DAYS WITH]      9 = BLOWING SNOW
                                                   X = TORNADO
MAX 32 OR BELOW:   7    0.01 INCH OR MORE:   7
MAX 90 OR ABOVE:   0    0.10 INCH OR MORE:   2
MIN 32 OR BELOW:  18    0.50 INCH OR MORE:   0
MIN  0 OR BELOW:   0    1.00 INCH OR MORE:   0

[HDD (BASE 65) ]
TOTAL THIS MO.   741    CLEAR  (SCALE 0-3)  22
DPTR FM NORMAL   246    PTCLDY (SCALE 4-7)   0
TOTAL FM JUL 1  7991    CLOUDY (SCALE 8-10)  0
DPTR FM NORMAL   154

[CDD (BASE 65) ]
TOTAL THIS MO.     0
DPTR FM NORMAL     0    [PRESSURE DATA]
TOTAL FM JAN 1     0    HIGHEST SLP M ON M
DPTR FM NORMAL     0    LOWEST  SLP 29.68 ON 12

[REMARKS]
