000
CXUS51 KPHI 210800
CF6ACY
PRELIMINARY LOCAL CLIMATOLOGICAL DATA (WS FORM: F-6)

                                          STATION:   ATLANTIC CITY NJ
                                          MONTH:     MAY
                                          YEAR:      2018
                                          LATITUDE:   39 27 N
                                          LONGITUDE:  74 34 W

  TEMPERATURE IN F:       :PCPN:    SNOW:  WIND      :SUNSHINE: SKY     :PK WND
================================================================================
1   2   3   4   5  6A  6B    7    8   9   10  11  12  13   14  15   16   17  18
                                     12Z  AVG MX 2MIN
DY MAX MIN AVG DEP HDD CDD  WTR  SNW DPTH SPD SPD DIR MIN PSBL S-S WX    SPD DR
================================================================================

 1  81  37  59   2   6   0 0.00  0.0    0  8.6 20 290   M    M   0        27 280
 2  91  56  74  17   0   9 0.00  0.0    0  8.6 22 230   M    M   0        33 230
 3  93  69  81  24   0  16 0.00  0.0    0 10.4 23 230   M    M   0        33 230
 4  88  71  80  22   0  15 0.00  0.0    0  9.5 17 190   M    M   1        26 160
 5  76  59  68  10   0   3 0.00  0.0    0  8.3 18 320   M    M   4        24 310
 6  63  56  60   2   5   0 0.07  0.0    0  5.2 15  80   M    M   9 1      21  60
 7  72  52  62   4   3   0 0.00  0.0    0  6.8 18  80   M    M   3 1      26  30
 8  69  47  58  -1   7   0 0.00  0.0    0  9.4 21  80   M    M   0        29  50
 9  72  49  61   2   4   0 0.00  0.0    0  7.3 14 100   M    M   M 12     19 100
10  70  52  61   2   4   0 0.00  0.0    0  6.9 18 160   M    M   5 123    24 170
11  78  54  66   6   0   1 0.00  0.0    0  7.1 15 120   M    M   3 1      20 130
12  80  57  69   9   0   4 1.06  0.0    0  9.6 26 350   M    M   4 13     38 340
13  58  55  57  -3   8   0 0.65  0.0    0  8.5 17  80   M    M  10 13     24 100
14  71  56  64   4   1   0 0.11  0.0    0  4.3 12 200   M    M   8 123    17  10
15  89  59  74  13   0   9 1.04  0.0    0 10.4 29 330   M    M   2 13     39 330
16  69  62  66   5   0   1 0.49  0.0    0  6.1 15 310   M    M   9 12     20 320
17  66  60  63   2   2   0 0.61  0.0    0  5.2  9  80   M    M  10 12     14  40
18  66  53  60  -2   5   0 0.29  0.0    0 13.4 28  60   M    M   9 128    38  70
19  69  53  61  -1   4   0 1.14  0.0    0  8.8 18  70   M    M  10 12     25  70
20  87  66  77  15   0  12 0.00  0.0    0  8.8 18 220   M    M   6 1      28 240
================================================================================
SM 1508 1123        49  70  5.46     0.0 163.2          M       93
================================================================================
AV 75.4 56.2                               8.2 FASTST   M    M   5    MAX(MPH)
                                 MISC ---->  # 29 330               # 39  330
================================================================================
NOTES:
# LAST OF SEVERAL OCCURRENCES

COLUMN 17 PEAK WIND IN M.P.H.

PRELIMINARY LOCAL CLIMATOLOGICAL DATA (WS FORM: F-6) , PAGE 2

                                          STATION:  ATLANTIC CITY NJ
                                          MONTH:    MAY
                                          YEAR:     2018
                                          LATITUDE:   39 27 N
                                          LONGITUDE:  74 34 W

[TEMPERATURE DATA]      [PRECIPITATION DATA]       SYMBOLS USED IN COLUMN 16

AVERAGE MONTHLY: 65.8   TOTAL FOR MONTH:   5.46    1 = FOG OR MIST
DPTR FM NORMAL:   6.3   DPTR FM NORMAL:    3.39    2 = FOG REDUCING VISIBILITY
HIGHEST:    93 ON  3    GRTST 24HR  1.14 ON 19-19      TO 1/4 MILE OR LESS
LOWEST:     37 ON  1                               3 = THUNDER
                        SNOW, ICE PELLETS, HAIL    4 = ICE PELLETS
                        TOTAL MONTH:   0.0 INCH    5 = HAIL
                        GRTST 24HR     0.0         6 = FREEZING RAIN OR DRIZZLE
                        GRTST DEPTH:   0           7 = DUSTSTORM OR SANDSTORM:
                                                       VSBY 1/2 MILE OR LESS
                                                   8 = SMOKE OR HAZE
[NO. OF DAYS WITH]      [WEATHER - DAYS WITH]      9 = BLOWING SNOW
                                                   X = TORNADO
MAX 32 OR BELOW:   0    0.01 INCH OR MORE:   9
MAX 90 OR ABOVE:   2    0.10 INCH OR MORE:   8
MIN 32 OR BELOW:   0    0.50 INCH OR MORE:   5
MIN  0 OR BELOW:   0    1.00 INCH OR MORE:   3

[HDD (BASE 65) ]
TOTAL THIS MO.    49    CLEAR  (SCALE 0-3)   8
DPTR FM NORMAL   -88    PTCLDY (SCALE 4-7)   5
TOTAL FM JUL 1  4502    CLOUDY (SCALE 8-10)  6
DPTR FM NORMAL  -339

[CDD (BASE 65) ]
TOTAL THIS MO.    70
DPTR FM NORMAL    44    [PRESSURE DATA]
TOTAL FM JAN 1    76    HIGHEST SLP M ON M
DPTR FM NORMAL    41    LOWEST  SLP 29.80 ON 15

[REMARKS]
