000
CXUS53 KMPX 261000
CF6AXN
PRELIMINARY LOCAL CLIMATOLOGICAL DATA (WS FORM: F-6)

                                          STATION:   ALEXANDRIA MN
                                          MONTH:     APRIL
                                          YEAR:      2018
                                          LATITUDE:   45 52 N
                                          LONGITUDE:  95 23 W

  TEMPERATURE IN F:       :PCPN:    SNOW:  WIND      :SUNSHINE: SKY     :PK WND
================================================================================
1   2   3   4   5  6A  6B    7    8   9   10  11  12  13   14  15   16   17  18
                                     12Z  AVG MX 2MIN
DY MAX MIN AVG DEP HDD CDD  WTR  SNW DPTH SPD SPD DIR MIN PSBL S-S WX    SPD DR
================================================================================

 1  29   8  19 -17  46   0 0.00    M    M 11.3 20 280   M    M   0        26 300
 2  32  12  22 -14  43   0    M    M    M  8.1 17 110   M    M   9 1      20 110
 3  28   9  19 -18  46   0    M    M    M 13.6 24 340   M    M  10 18     30 350
 4  29   4  17 -21  48   0 0.00    M    M  7.8 15 240   M    M   1        18 240
 5  33   8  21 -17  44   0    M    M    M  7.6 21 310   M    M   4 18     25 320
 6  20   8  14 -25  51   0    M    M    M 17.3 29 310   M    M   2        38 310
 7  28   6  17 -22  48   0 0.00    M    M  7.1 15 290   M    M   0        19 280
 8  28  13  21 -19  44   0    M    M    M 10.0 18 120   M    M   7 18     22 130
 9  35  20  28 -12  37   0    M    M    M  6.5 15 290   M    M  10 1      19 290
10  44  29  37  -4  28   0    M    M    M  9.0 18 220   M    M   8 18     23 230
11  44  26  35  -6  30   0    T    M    M  6.7 16  90   M    M   5 18     20 110
12  46  34  40  -2  25   0 0.00    M    M  7.1 14  50   M    M   7 18     19  50
13  39  33  36  -6  29   0    M    M    M 16.1 32  60   M    M   7        40  60
14  34  24  29 -14  36   0    M    M    M 19.6 31  60   M    M   9 8      42  50
15  31  23  27 -17  38   0    M    M    M 14.5 24  40   M    M  10 128    31  30
16  42  20  31 -13  34   0    M    M    M 10.8 21 350   M    M   4        27 350
17  49  26  38  -7  27   0 0.00    M    M  7.3 18  80   M    M   0        23  80
18  48  33  41  -4  24   0    M    M    M  9.8 21  10   M    M   3        26  10
19  55  28  42  -4  23   0 0.00  0.0    0  6.9 14 210   M    M   0        17 200
20  54  30  42  -4  23   0 0.00    M    M  6.0 14 160   M    M   0        17 230
21  60  32  46  -1  19   0 0.00    M    M  5.8 14 210   M    M   0        18 220
22  64  31  48   1  17   0 0.00    M    M  8.4 20 200   M    M   0        24 210
23  71  38  55   7  10   0 0.00    M    M  5.4 12 220   M    M   2        15 220
24  58  39  49   1  16   0    T  0.0    0 11.1 23  10   M    M   5        30 360
25  59  27  43  -5  22   0 0.00    M    M  7.8 15 200   M    M   0        19 210
================================================================================
SM 1060  561       808   0    T      0.0 241.6          M      103
================================================================================
AV 42.4 22.4                               9.7 FASTST   M    M   4    MAX(MPH)
                                 MISC ---->  # 32  60               # 42   50
================================================================================
NOTES:
# LAST OF SEVERAL OCCURRENCES

COLUMN 17 PEAK WIND IN M.P.H.

PRELIMINARY LOCAL CLIMATOLOGICAL DATA (WS FORM: F-6) , PAGE 2

                                          STATION:  ALEXANDRIA MN
                                          MONTH:    APRIL
                                          YEAR:     2018
                                          LATITUDE:   45 52 N
                                          LONGITUDE:  95 23 W

[TEMPERATURE DATA]      [PRECIPITATION DATA]       SYMBOLS USED IN COLUMN 16

AVERAGE MONTHLY: 32.4   TOTAL FOR MONTH:      T    1 = FOG OR MIST
DPTR FM NORMAL: -10.0   DPTR FM NORMAL:   -1.69    2 = FOG REDUCING VISIBILITY
HIGHEST:    71 ON 23    GRTST 24HR  0.12 ON 31- 1      TO 1/4 MILE OR LESS
LOWEST:      4 ON  4                               3 = THUNDER
                        SNOW, ICE PELLETS, HAIL    4 = ICE PELLETS
                        TOTAL MONTH:   0.0 INCH    5 = HAIL
                        GRTST 24HR     0.0         6 = FREEZING RAIN OR DRIZZLE
                        GRTST DEPTH:   0           7 = DUSTSTORM OR SANDSTORM:
                                                       VSBY 1/2 MILE OR LESS
                                                   8 = SMOKE OR HAZE
[NO. OF DAYS WITH]      [WEATHER - DAYS WITH]      9 = BLOWING SNOW
                                                   X = TORNADO
MAX 32 OR BELOW:   8    0.01 INCH OR MORE:   0
MAX 90 OR ABOVE:   0    0.10 INCH OR MORE:   0
MIN 32 OR BELOW:  20    0.50 INCH OR MORE:   0
MIN  0 OR BELOW:   0    1.00 INCH OR MORE:   0

[HDD (BASE 65) ]
TOTAL THIS MO.   808    CLEAR  (SCALE 0-3)  11
DPTR FM NORMAL   238    PTCLDY (SCALE 4-7)   9
TOTAL FM JUL 1  8063    CLOUDY (SCALE 8-10)  5
DPTR FM NORMAL  -252

[CDD (BASE 65) ]
TOTAL THIS MO.     0
DPTR FM NORMAL     0    [PRESSURE DATA]
TOTAL FM JAN 1     0    HIGHEST SLP M ON M
DPTR FM NORMAL     0    LOWEST  SLP 29.66 ON 12

[REMARKS]
