000
CXUS54 KMAF 251100
CF6BPG
PRELIMINARY LOCAL CLIMATOLOGICAL DATA (WS FORM: F-6)

                                          STATION:   Big Spring McMahon-Wrinkle Fi
                                          MONTH:     APRIL
                                          YEAR:      2018
                                          LATITUDE:   32 12 N
                                          LONGITUDE: 101 31 W

  TEMPERATURE IN F:       :PCPN:    SNOW:  WIND      :SUNSHINE: SKY     :PK WND
================================================================================
1   2   3   4   5  6A  6B    7    8   9   10  11  12  13   14  15   16   17  18
                                     12Z  AVG MX 2MIN
DY MAX MIN AVG DEP HDD CDD  WTR  SNW DPTH SPD SPD DIR MIN PSBL S-S WX    SPD DR
================================================================================

 1  71  43  57   M   8   0 0.00  0.0    0 13.6 22  30   M    M   0        27  40
 2  81  40  61   M   4   0 0.00  0.0    0 10.2 15 160   M    M   4        21 170
 3  82  48  65   M   0   0 0.00  0.0    0 18.5 30  30   M    M   2        39  20
 4  70  37  54   M  11   0 0.00  0.0    0 11.0 17 150   M    M   0        23  50
 5  87  52  70   M   0   5 0.00  0.0    0 11.7 21 170   M    M   0        25 170
 6  82  41  62   M   3   0 0.00  0.0    0 11.3 30  30   M    M   1        39  30
 7  48  32  40   M  25   0 0.00  0.0    0 13.2 25  30   M    M   5        32  30
 8  93  35  64   M   1   0 0.00  0.0    0 10.3 29  50   M    M   0        36  50
 9  67  46  57   M   8   0 0.00  0.0    0 12.5 27  60   M    M   4        30  60
10  76  45  61   M   4   0 0.00  0.0    0  8.6 14 160   M    M   0        23 140
11  90  52  71   M   0   6 0.00  0.0    0 17.7 25 160   M    M   0        31 170
12  97  61  79   M   0  14 0.00  0.0    0 20.4 30 170   M    M   0        39 170
13  79  51  65   M   0   0 0.00  0.0    0 22.6 39 250   M    M   4        51 240
14  66  44  55   M  10   0 0.00  0.0    0 14.3 23 320   M    M   0        37 330
15  73  37  55   M  10   0 0.00  0.0    0  5.5 15  50   M    M   0         M  M
16  89  54  72   M   0   7 0.00  0.0    0 17.8 25 200   M    M   1        32 210
17  94  60  77   M   0  12 0.00  0.0    0 15.0 25 250   M    M   0        32 240
18  79  54  67   M   0   2 0.00  0.0    0 13.3 22  20   M    M   0        30  20
19  75  47  61   M   4   0 0.00  0.0    0 13.0 22  90   M    M   1        29  90
20  72  54  63   M   2   0 0.00  0.0    0 23.5 40 140   M    M   8        50 140
21  76  53  65   M   0   0 0.00  0.0    0 17.6 24 290   M    M   3 3      32 280
22  73  43  58   M   7   0 0.00  0.0    0  6.6 13  60   M    M   0         M  M
23  82  50  66   M   0   1 0.00  0.0    0  5.6 14  70   M    M   0         M  M
24  93  56  75   M   0  10 0.00  0.0    0 13.5 30  50   M    M   1        35  50
================================================================================
SM 1895 1135        97  57  0.00     0.0 327.3          M       34
================================================================================
AV 79.0 47.3                              13.6 FASTST   M    M   1    MAX(MPH)
                                 MISC ---->  # 40 140               # 51  240
================================================================================
NOTES:
# LAST OF SEVERAL OCCURRENCES

COLUMN 17 PEAK WIND IN M.P.H.

PRELIMINARY LOCAL CLIMATOLOGICAL DATA (WS FORM: F-6) , PAGE 2

                                          STATION:  Big Spring McMahon-Wrinkle Fi
                                          MONTH:    APRIL
                                          YEAR:     2018
                                          LATITUDE:   32 12 N
                                          LONGITUDE: 101 31 W

[TEMPERATURE DATA]      [PRECIPITATION DATA]       SYMBOLS USED IN COLUMN 16

AVERAGE MONTHLY: 63.1   TOTAL FOR MONTH:   0.00    1 = FOG OR MIST
DPTR FM NORMAL:     M   DPTR FM NORMAL:       M    2 = FOG REDUCING VISIBILITY
HIGHEST:    97 ON 12    GRTST 24HR  0.00 ON 24-24      TO 1/4 MILE OR LESS
LOWEST:     32 ON  7                               3 = THUNDER
                        SNOW, ICE PELLETS, HAIL    4 = ICE PELLETS
                        TOTAL MONTH:   0.0 INCH    5 = HAIL
                        GRTST 24HR     0.0         6 = FREEZING RAIN OR DRIZZLE
                        GRTST DEPTH:   0           7 = DUSTSTORM OR SANDSTORM:
                                                       VSBY 1/2 MILE OR LESS
                                                   8 = SMOKE OR HAZE
[NO. OF DAYS WITH]      [WEATHER - DAYS WITH]      9 = BLOWING SNOW
                                                   X = TORNADO
MAX 32 OR BELOW:   0    0.01 INCH OR MORE:   0
MAX 90 OR ABOVE:   5    0.10 INCH OR MORE:   0
MIN 32 OR BELOW:   1    0.50 INCH OR MORE:   0
MIN  0 OR BELOW:   0    1.00 INCH OR MORE:   0

[HDD (BASE 65) ]
TOTAL THIS MO.    97    CLEAR  (SCALE 0-3)  19
DPTR FM NORMAL     M    PTCLDY (SCALE 4-7)   5
TOTAL FM JUL 1  2418    CLOUDY (SCALE 8-10)  0
DPTR FM NORMAL     M

[CDD (BASE 65) ]
TOTAL THIS MO.    57
DPTR FM NORMAL     M    [PRESSURE DATA]
TOTAL FM JAN 1   110    HIGHEST SLP M ON M
DPTR FM NORMAL     M    LOWEST  SLP M ON M

[REMARKS]
