000
CXAK56 PAFG 021315
CF6BTT
PRELIMINARY LOCAL CLIMATOLOGICAL DATA (WS FORM: F-6)

                                          STATION:   BETTLES AK
                                          MONTH:     APRIL
                                          YEAR:      2018
                                          LATITUDE:   66 55 N
                                          LONGITUDE: 151 31 W

  TEMPERATURE IN F:       :PCPN:    SNOW:  WIND      :SUNSHINE: SKY     :PK WND
================================================================================
1   2   3   4   5  6A  6B    7    8   9   10  11  12  13   14  15   16   17  18
                                     12Z  AVG MX 2MIN
DY MAX MIN AVG DEP HDD CDD  WTR  SNW DPTH SPD SPD DIR MIN PSBL S-S WX    SPD DR
================================================================================

 1  32  -3  15   3  50   0 0.00  0.0   36  6.6 16 340   M    M   1        22 320
 2  29  -2  14   1  51   0 0.00  0.0   35  4.1 14 360   M    M   7        18 360
 3  25  -6  10  -4  55   0 0.00  0.0   35  7.5 15  80   M    M   2        25  70
 4  19   7  13  -1  52   0 0.00  0.0   35 10.6 18  40   M    M   2        28  60
 5  28   2  15   0  50   0 0.00  0.0   35 11.1 21  40   M    M   4        29  40
 6  34  -2  16   0  49   0 0.00  0.0   35  8.0 18  50   M    M   4        24  50
 7  34   9  22   5  43   0 0.00  0.0   35  2.1  7 360   M    M   3         9 360
 8  37   5  21   3  44   0 0.00  0.0   35  6.5 14  40   M    M   2        20  40
 9  40  -6  17  -1  48   0 0.00  0.0   35  6.3 16  60   M    M   1        26  70
10  38  16  27   8  38   0 0.00  0.0   35  7.3 16  60   M    M   3        26  70
11  38   9  24   4  41   0 0.00  0.0   34  3.8  9  10   M    M   5        12  10
12  37  14  26   5  39   0 0.00  0.0   34  7.1 18 350   M    M   2        26 360
13  37  14  26   5  39   0 0.00  0.0   34  7.4 15  10   M    M   4        19  10
14  30   3  17  -5  48   0 0.00  0.0   34  4.7  9 120   M    M   0        13 120
15  33  -5  14  -9  51   0 0.00  0.0   34  5.2 14  40   M    M   0        19  40
16  41   7  24   0  41   0 0.00  0.0   34  6.4 14  20   M    M   1        20  40
17  43   5  24   0  41   0 0.00  0.0   34  6.0 13  40   M    M   0        18  60
18  36  13  25   0  40   0 0.00  0.0   33  4.1 12  50   M    M   1        16  40
19  33   1  17  -9  48   0 0.00  0.0   33  4.5 17  20   M    M   6        27  20
20  25   8  17 -10  48   0 0.00  0.0   33  8.7 13  50   M    M   3        22  70
21  28   1  15 -13  50   0 0.00  0.0   33  6.8 16  40   M    M   2        22  40
22  34   2  18 -10  47   0 0.00  0.0   33  7.9 14  40   M    M   2        20  50
23  42  12  27  -2  38   0 0.00  0.0   33  6.3 14  40   M    M   3        19  30
24  46  27  37   7  28   0 0.25  0.0   31  6.5 18 140   M    M   8 1      27 150
25  45  31  38   7  27   0 0.02  0.0   29  5.7 15 170   M    M   7 1      21 170
26  44  30  37   6  28   0    T    T   27  4.5 13 140   M    M   7        15 140
27  48  25  37   5  28   0 0.00  0.0    0  4.2 13  50   M    M   3        17  40
28  47  28  38   5  27   0 0.01  0.1   24  6.4 13  20   M    M   6        16 130
29  39  33  36   2  29   0 0.30    T   20  7.5 13 140   M    M  10 14     19 130
30  39  32  36   2  29   0 0.06  0.3   18  8.2 17 240   M    M  10 1      25 170
================================================================================
SM 1081  310      1247   0  0.64     0.4 192.0          M      109
================================================================================
AV 36.0 10.3                               6.4 FASTST   M    M   4    MAX(MPH)
                                 MISC ---->  # 21  40               # 29   40
================================================================================
NOTES:
# LAST OF SEVERAL OCCURRENCES

COLUMN 17 PEAK WIND IN M.P.H.

PRELIMINARY LOCAL CLIMATOLOGICAL DATA (WS FORM: F-6) , PAGE 2

                                          STATION:  BETTLES AK
                                          MONTH:    APRIL
                                          YEAR:     2018
                                          LATITUDE:   66 55 N
                                          LONGITUDE: 151 31 W

[TEMPERATURE DATA]      [PRECIPITATION DATA]       SYMBOLS USED IN COLUMN 16

AVERAGE MONTHLY: 23.2   TOTAL FOR MONTH:   0.64    1 = FOG OR MIST
DPTR FM NORMAL:  -0.1   DPTR FM NORMAL:    0.04    2 = FOG REDUCING VISIBILITY
HIGHEST:    48 ON 27    GRTST 24HR  0.30 ON 29-29      TO 1/4 MILE OR LESS
LOWEST:     -6 ON  9, 3                            3 = THUNDER
                        SNOW, ICE PELLETS, HAIL    4 = ICE PELLETS
                        TOTAL MONTH:   0.4 INCH    5 = HAIL
                        GRTST 24HR   0.3 ON 30-30  6 = FREEZING RAIN OR DRIZZLE
                        GRTST DEPTH:  36 ON  1     7 = DUSTSTORM OR SANDSTORM:
                                                       VSBY 1/2 MILE OR LESS
                                                   8 = SMOKE OR HAZE
[NO. OF DAYS WITH]      [WEATHER - DAYS WITH]      9 = BLOWING SNOW
                                                   X = TORNADO
MAX 32 OR BELOW:   8    0.01 INCH OR MORE:   5
MAX 90 OR ABOVE:   0    0.10 INCH OR MORE:   2
MIN 32 OR BELOW:  29    0.50 INCH OR MORE:   0
MIN  0 OR BELOW:   6    1.00 INCH OR MORE:   0

[HDD (BASE 65) ]
TOTAL THIS MO.  1247    CLEAR  (SCALE 0-3)  15
DPTR FM NORMAL    -4    PTCLDY (SCALE 4-7)  13
TOTAL FM JUL 1 13091    CLOUDY (SCALE 8-10)  2
DPTR FM NORMAL -1235

[CDD (BASE 65) ]
TOTAL THIS MO.     0
DPTR FM NORMAL     0    [PRESSURE DATA]
TOTAL FM JAN 1     0    HIGHEST SLP M ON M
DPTR FM NORMAL     0    LOWEST  SLP 29.38 ON 24

[REMARKS]
#FINAL-04-18#
