000
CXUS54 KLZK 261130
CF6BVX
PRELIMINARY LOCAL CLIMATOLOGICAL DATA (WS FORM: F-6)

                                          STATION:   Batesville Regional Airport
                                          MONTH:     APRIL
                                          YEAR:      2018
                                          LATITUDE:   35 43 N
                                          LONGITUDE:  91 39 W

  TEMPERATURE IN F:       :PCPN:    SNOW:  WIND      :SUNSHINE: SKY     :PK WND
================================================================================
1   2   3   4   5  6A  6B    7    8   9   10  11  12  13   14  15   16   17  18
                                     12Z  AVG MX 2MIN
DY MAX MIN AVG DEP HDD CDD  WTR  SNW DPTH SPD SPD DIR MIN PSBL S-S WX    SPD DR
================================================================================

 1  63  37  50  -4  15   0 0.06    M    M  7.6 14  90   M    M  10 1      16  20
 2  50  36  43 -12  22   0    T    M    0  6.2  9 120   M    M   9 1       M  M
 3  81  44  63   8   2   0 0.52    M    0 11.8 24 210   M    M   6 138    41 220
 4  54  32  43 -12  22   0 0.00  0.0    0  6.1 13 320   M    M   0        21 320
 5  62  32  47  -9  18   0 0.03    M    0  5.2 16 160   M    M   2 3      20 160
 6  61  47  54  -2  11   0    T    M    0  5.6 17  60   M    M   6 8      25  50
 7  46  28  37 -19  28   0 0.06    M    0  6.7 13  50   M    M   6 1      18  99
 8  48  25  37 -20  28   0 0.00  0.0    0  6.6 14 100   M    M   3         M  M
 9  64  32  48  -9  17   0 0.00  0.0    0  3.4  8 110   M    M   2         M  M
10  59  38  49  -8  16   0 0.00  0.0    0  4.7  8 330   M    M   2         M  M
11  74  44  59   1   6   0 0.00  0.0    0  9.3 15 200   M    M   1        21 200
12  81  59  70  12   0   5 0.00  0.0    0 11.9 18 180   M    M   0        32 170
13  76  58  67   9   0   2 1.13  0.0    0 10.1 18 190   M    M   8 13     47 250
14  60  40  50  -8  15   0 0.63    M    0 11.6 18 240   M    M   5 13     30 260
15  44  37  41 -18  24   0 0.00  0.0    0 10.8 17 280   M    M   9        28 280
16  63  31  47 -12  18   0 0.00  0.0    0  6.3 14 280   M    M   2        22 290
17  82  38  60   1   5   0 0.00  0.0    0  6.3 15 220   M    M   0        27 220
18  82  52  67   7   0   2 0.00  0.0    0 10.5 17 300   M    M   0        37 300
19  58  41  50 -10  15   0 0.00  0.0    0  7.8 12  10   M    M   0        18 350
20  67  35  51  -9  14   0 0.00  0.0    0  7.2 14 110   M    M   0        21 110
21  72  40  56  -5   9   0 0.14    M    0  4.6 12 150   M    M   1 18     17 110
22  60  54  57  -4   8   0 0.32  0.0    0  6.6 14 110   M    M  10 1      23 110
23  57  54  56  -5   9   0 0.12  0.0    0  4.4  7 300   M    M  10 1       M  M
24  76  53  65   3   0   0 0.00  0.0    0  4.7  8 360   M    M   7         M  M
25  69  51  60  -2   5   0 0.46  0.0    0  3.6  8 320   M    M   5 1       M  M
================================================================================
SM 1609 1038       307   9  3.47     0.0 179.6          M      104
================================================================================
AV 64.4 41.5                               7.2 FASTST   M    M   4    MAX(MPH)
                                 MISC ---->  # 24 210               # 47  250
================================================================================
NOTES:
# LAST OF SEVERAL OCCURRENCES

COLUMN 17 PEAK WIND IN M.P.H.

PRELIMINARY LOCAL CLIMATOLOGICAL DATA (WS FORM: F-6) , PAGE 2

                                          STATION:  Batesville Regional Airport
                                          MONTH:    APRIL
                                          YEAR:     2018
                                          LATITUDE:   35 43 N
                                          LONGITUDE:  91 39 W

[TEMPERATURE DATA]      [PRECIPITATION DATA]       SYMBOLS USED IN COLUMN 16

AVERAGE MONTHLY: 52.9   TOTAL FOR MONTH:   3.47    1 = FOG OR MIST
DPTR FM NORMAL:  -5.2   DPTR FM NORMAL:   -0.33    2 = FOG REDUCING VISIBILITY
HIGHEST:    82 ON 18,17 GRTST 24HR  1.13 ON 13-13      TO 1/4 MILE OR LESS
LOWEST:     25 ON  8                               3 = THUNDER
                        SNOW, ICE PELLETS, HAIL    4 = ICE PELLETS
                        TOTAL MONTH:   0.0 INCH    5 = HAIL
                        GRTST 24HR     0.0         6 = FREEZING RAIN OR DRIZZLE
                        GRTST DEPTH:   0           7 = DUSTSTORM OR SANDSTORM:
                                                       VSBY 1/2 MILE OR LESS
                                                   8 = SMOKE OR HAZE
[NO. OF DAYS WITH]      [WEATHER - DAYS WITH]      9 = BLOWING SNOW
                                                   X = TORNADO
MAX 32 OR BELOW:   0    0.01 INCH OR MORE:  10
MAX 90 OR ABOVE:   0    0.10 INCH OR MORE:   7
MIN 32 OR BELOW:   6    0.50 INCH OR MORE:   3
MIN  0 OR BELOW:   0    1.00 INCH OR MORE:   1

[HDD (BASE 65) ]
TOTAL THIS MO.   307    CLEAR  (SCALE 0-3)  13
DPTR FM NORMAL   112    PTCLDY (SCALE 4-7)   6
TOTAL FM JUL 1  3372    CLOUDY (SCALE 8-10)  6
DPTR FM NORMAL  -350

[CDD (BASE 65) ]
TOTAL THIS MO.     9
DPTR FM NORMAL   -16    [PRESSURE DATA]
TOTAL FM JAN 1    19    HIGHEST SLP M ON M
DPTR FM NORMAL   -11    LOWEST  SLP M ON M

[REMARKS]
