000
CXUS53 KICT 260800
CF6CNU
PRELIMINARY LOCAL CLIMATOLOGICAL DATA (WS FORM: F-6)

                                          STATION:   CHANUTE KS
                                          MONTH:     MAY
                                          YEAR:      2018
                                          LATITUDE:   37 40 N
                                          LONGITUDE:  95 29 W

  TEMPERATURE IN F:       :PCPN:    SNOW:  WIND      :SUNSHINE: SKY     :PK WND
================================================================================
1   2   3   4   5  6A  6B    7    8   9   10  11  12  13   14  15   16   17  18
                                     12Z  AVG MX 2MIN
DY MAX MIN AVG DEP HDD CDD  WTR  SNW DPTH SPD SPD DIR MIN PSBL S-S WX    SPD DR
================================================================================

 1  80  66  73  11   0   8 0.00    M    M 20.2 37 170   M    M   6        65 160
 2  83  62  73  11   0   8 0.40    M    M 18.4 31 180   M    M   9 13     40 180
 3  77  62  70   8   0   5 0.01    M    M 15.9 31 180   M    M   2        40 190
 4  78  52  65   2   0   0 0.00    M    M  8.8 18 320   M    M   3        24 330
 5  85  48  67   4   0   2 0.00    M    M  5.1 17 310   M    M   0        24 280
 6  89  52  71   8   0   6 0.00    M    M  6.4 21 260   M    M   0        27 240
 7  89  56  73  10   0   8 0.00    M    M  5.7 12 130   M    M   0        15 140
 8  90  62  76  12   0  11 0.00  0.0    M 13.7 25 170   M    M   0        35 190
 9  90  66  78  14   0  13 0.00  0.0    0  8.4 20 280   M    M   1 3      25 280
10  85  66  76  12   0  11 1.31  0.0    0 13.1 37 240   M    M   2 13     47 240
11  85  65  75  11   0  10 0.00  0.0    0 17.3 30 200   M    M   0        47 190
12  83  70  77  12   0  12 0.00  0.0    0 13.7 21 190   M    M   4        36 250
13  88  66  77  12   0  12 0.00  0.0    0 11.9 24 170   M    M   0 1      36 180
14  89  58  74   9   0   9 2.62    M    M 14.0 40 330   M    M   1 13     50 330
15  83  61  72   6   0   7 0.34  0.0    0  4.1 12 330   M    M   5 13     14 320
16  83  62  73   7   0   8 0.00  0.0    0  4.0 18  10   M    M   1 1      26  20
17  85  56  71   5   0   6 0.00    M    M  5.3 18  80   M    M   0        25  80
18  82  60  71   5   0   6 0.01    M    M  6.4 14 110   M    M   1 3      18 110
19  81  63  72   5   0   7 1.64    M    M  9.4 31 280   M    M   2 13     42 280
20  74  62  68   1   0   3 0.68  0.0    0  6.2 21 180   M    M   6 13     26 180
21  78  58  68   1   0   3 0.00  0.0    0  4.2 12 320   M    M   3 1      14 320
22  86  61  74   6   0   9 0.00  0.0    0  6.2 12 150   M    M   1        17 180
23  87  67  77   9   0  12 0.00  0.0    0  5.8 28 200   M    M   1 13     35 210
24  85  67  76   8   0  11 0.40  0.0    0  9.0 26 200   M    M   3 13     35 210
25  86  68  77   9   0  12 0.02    M    M  6.0 14 290   M    M   3        18 300
================================================================================
SM 2101 1536         0 199  7.43     0.0 239.2          M       54
================================================================================
AV 84.0 61.4                               9.6 FASTST   M    M   2    MAX(MPH)
                                 MISC ---->  # 40 330               # 65  160
================================================================================
NOTES:
# LAST OF SEVERAL OCCURRENCES

COLUMN 17 PEAK WIND IN M.P.H.

PRELIMINARY LOCAL CLIMATOLOGICAL DATA (WS FORM: F-6) , PAGE 2

                                          STATION:  CHANUTE KS
                                          MONTH:    MAY
                                          YEAR:     2018
                                          LATITUDE:   37 40 N
                                          LONGITUDE:  95 29 W

[TEMPERATURE DATA]      [PRECIPITATION DATA]       SYMBOLS USED IN COLUMN 16

AVERAGE MONTHLY: 72.7   TOTAL FOR MONTH:   7.43    1 = FOG OR MIST
DPTR FM NORMAL:   7.7   DPTR FM NORMAL:    2.94    2 = FOG REDUCING VISIBILITY
HIGHEST:    90 ON  9, 8 GRTST 24HR  2.62 ON 14-14      TO 1/4 MILE OR LESS
LOWEST:     48 ON  5                               3 = THUNDER
                        SNOW, ICE PELLETS, HAIL    4 = ICE PELLETS
                        TOTAL MONTH:   0.0 INCH    5 = HAIL
                        GRTST 24HR     0.0         6 = FREEZING RAIN OR DRIZZLE
                        GRTST DEPTH:   0           7 = DUSTSTORM OR SANDSTORM:
                                                       VSBY 1/2 MILE OR LESS
                                                   8 = SMOKE OR HAZE
[NO. OF DAYS WITH]      [WEATHER - DAYS WITH]      9 = BLOWING SNOW
                                                   X = TORNADO
MAX 32 OR BELOW:   0    0.01 INCH OR MORE:  10
MAX 90 OR ABOVE:   2    0.10 INCH OR MORE:   7
MIN 32 OR BELOW:   0    0.50 INCH OR MORE:   4
MIN  0 OR BELOW:   0    1.00 INCH OR MORE:   3

[HDD (BASE 65) ]
TOTAL THIS MO.     0    CLEAR  (SCALE 0-3)  19
DPTR FM NORMAL   -70    PTCLDY (SCALE 4-7)   5
TOTAL FM JUL 1  4287    CLOUDY (SCALE 8-10)  1
DPTR FM NORMAL  -185

[CDD (BASE 65) ]
TOTAL THIS MO.   199
DPTR FM NORMAL   129    [PRESSURE DATA]
TOTAL FM JAN 1   208    HIGHEST SLP M ON M
DPTR FM NORMAL   107    LOWEST  SLP 29.60 ON 11

[REMARKS]
