000
CXUS54 KHGX 181410
CF6CXO
PRELIMINARY LOCAL CLIMATOLOGICAL DATA (WS FORM: F-6)
STATION: CONROE
MONTH: APRIL
YEAR: 2024
LATITUDE: 30 21 N
LONGITUDE: 95 25 W
TEMPERATURE IN F: :PCPN: SNOW: WIND :SUNSHINE: SKY :PK WND
================================================================================
1 2 3 4 5 6A 6B 7 8 9 10 11 12 13 14 15 16 17 18
12Z AVG MX 2MIN
DY MAX MIN AVG DEP HDD CDD WTR SNW DPTH SPD SPD DIR MIN PSBL S-S WX SPD DR
================================================================================
1 82 70 76 12 0 11 0.00 0.0 0 13.5 24 170 M M 6 8 34 170
2 82 53 68 4 0 3 T 0.0 0 9.8 21 330 M M 4 3 30 290
3 78 42 60 -5 5 0 0.00 0.0 0 5.7 20 290 M M 0 31 300
4 83 42 63 -2 2 0 0.00 0.0 0 2.3 13 270 M M 0 21 240
5 86 47 67 2 0 2 0.00 0.0 0 5.4 16 180 M M 0 1 25 190
6 81 52 67 2 0 2 T 0.0 0 10.8 24 160 M M 5 12 33 180
7 85 66 76 11 0 11 0.01 0.0 0 4.6 15 170 M M 7 19 150
8 82 68 75 9 0 10 0.51 0.0 0 6.0 15 130 M M 10 138 21 140
9 78 67 73 7 0 8 0.04 0.0 0 7.5 21 170 M M 8 1 29 170
10 73 59 66 0 0 1 2.36 0.0 0 10.4 31 290 M M 8 123 42 290
11 81 51 66 0 0 1 0.00 0.0 0 9.2 21 330 M M 0 31 330
12 82 46 64 -2 1 0 0.00 0.0 0 3.5 10 160 M M 0 16 140
13 84 48 66 0 0 1 0.00 0.0 0 7.8 22 180 M M 0 30 170
14 84 58 71 4 0 6 0.00 0.0 0 8.5 18 160 M M 4 1 24 170
15 81 67 74 7 0 9 T 0.0 0 10.6 21 130 M M 10 35 130
16 84 70 77 10 0 12 T 0.0 0 11.8 22 160 M M 8 38 31 130
17 82 70 76 9 0 11 0.00 0.0 0 8.2 15 140 M M 7 1 20 110
================================================================================
SM 1388 976 8 88 2.92 0.0 135.6 M 77
================================================================================
AV 81.6 57.4 8.0 FASTST M M 5 MAX(MPH)
MISC ----> 31 290 42 290
================================================================================
NOTES:
# LAST OF SEVERAL OCCURRENCES
COLUMN 17 PEAK WIND IN M.P.H.
PRELIMINARY LOCAL CLIMATOLOGICAL DATA (WS FORM: F-6) , PAGE 2
STATION: CONROE
MONTH: APRIL
YEAR: 2024
LATITUDE: 30 21 N
LONGITUDE: 95 25 W
[TEMPERATURE DATA] [PRECIPITATION DATA] SYMBOLS USED IN COLUMN 16
AVERAGE MONTHLY: 69.5 TOTAL FOR MONTH: 2.92 1 = FOG OR MIST
DPTR FM NORMAL: 3.8 DPTR FM NORMAL: 1.33 2 = FOG REDUCING VISIBILITY
HIGHEST: 86 ON 5 GRTST 24HR 2.40 ON 9-10 TO 1/4 MILE OR LESS
LOWEST: 42 ON 4, 3 3 = THUNDER
SNOW, ICE PELLETS, HAIL 4 = ICE PELLETS
TOTAL MONTH: 0.0 INCH 5 = HAIL
GRTST 24HR 0.0 6 = FREEZING RAIN OR DRIZZLE
GRTST DEPTH: 0 7 = DUSTSTORM OR SANDSTORM:
VSBY 1/2 MILE OR LESS
8 = SMOKE OR HAZE
[NO. OF DAYS WITH] [WEATHER - DAYS WITH] 9 = BLOWING SNOW
X = TORNADO
MAX 32 OR BELOW: 0 0.01 INCH OR MORE: 4
MAX 90 OR ABOVE: 0 0.10 INCH OR MORE: 2
MIN 32 OR BELOW: 0 0.50 INCH OR MORE: 2
MIN 0 OR BELOW: 0 1.00 INCH OR MORE: 1
[HDD (BASE 65) ]
TOTAL THIS MO. 8 CLEAR (SCALE 0-3) 6
DPTR FM NORMAL -38 PTCLDY (SCALE 4-7) 8
TOTAL FM JUL 1 1529 CLOUDY (SCALE 8-10) 3
DPTR FM NORMAL -155
[CDD (BASE 65) ]
TOTAL THIS MO. 88
DPTR FM NORMAL 29 [PRESSURE DATA]
TOTAL FM JAN 1 206 HIGHEST SLP M ON M
DPTR FM NORMAL 60 LOWEST SLP 29.53 ON 10
[REMARKS]