000
CXUS52 KMLB 240756
CF6DAB
PRELIMINARY LOCAL CLIMATOLOGICAL DATA (WS FORM: F-6)

                                          STATION:   DAYTONA BEACH
                                          MONTH:     APRIL
                                          YEAR:      2018
                                          LATITUDE:   29 10 N
                                          LONGITUDE:  81  3 W

  TEMPERATURE IN F:       :PCPN:    SNOW:  WIND      :SUNSHINE: SKY     :PK WND
================================================================================
1   2   3   4   5  6A  6B    7    8   9   10  11  12  13   14  15   16   17  18
                                     12Z  AVG MX 2MIN
DY MAX MIN AVG DEP HDD CDD  WTR  SNW DPTH SPD SPD DIR MIN PSBL S-S WX    SPD DR
================================================================================

 1  75  60  68   1   0   3 0.00  0.0    0  7.1 17  30   M    M   7 1      22  30
 2  81  64  73   6   0   8    T  0.0    0  4.3 14 100   M    M   7 1      19 110
 3  83  63  73   6   0   8 0.00  0.0    0  6.1 15 150   M    M   4 1      21 140
 4  87  63  75   8   0  10 0.00  0.0    0   M   M   M   M    M   M 1       M  M
 5  72  63  68   1   0   3 0.00  0.0    0   M   M   M   M    M   4         M  M
 6  78  62  70   3   0   5 0.00  0.0    0   M   M   M   M    M   2 18     20 120
 7  86  64  75   7   0  10 0.24  0.0    0  9.6 24 290   M    M   7 13     34 290
 8  67  63  65  -3   0   0 0.07  0.0    0  9.7 16  10   M    M   9        22 250
 9  82  65  74   6   0   9 1.15  0.0    0  5.9 26 320   M    M   9 13     32 320
10  72  61  67  -1   0   2 0.87  0.0    0  8.0 15 220   M    M  10 13     20 170
11  70  54  62  -6   3   0 0.77    T    0 10.3 21  20   M    M   4 135    24  20
12  76  54  65  -3   0   0 0.00  0.0    0  5.2 15  50   M    M   3 1      20  50
13  78  60  69   1   0   4 0.00  0.0    0  5.2 16  80   M    M   2 1      22  80
14  80  63  72   3   0   7    T  0.0    0  6.8 16 100   M    M   3 1      23  90
15  88  59  74   5   0   9 0.33  0.0    0 12.6 31 230   M    M   6 13     39 230
16  72  52  62  -7   3   0 0.00  0.0    0 11.8 22 260   M    M   1        27 290
17  75  48  62  -7   3   0 0.00  0.0    0  4.4 14  10   M    M   0        19 350
18  86  51  69   0   0   4 0.00  0.0    0  4.0 12  80   M    M   1 18     15 100
19  85  57  71   2   0   6 0.00  0.0    0  8.7 22 250   M    M   1        29 250
20  79  61  70   0   0   5    T  0.0    0 10.9 22  10   M    M   6 18     29  10
21  77  69  73   3   0   8    T  0.0    0 10.8 21  80   M    M   6        27  90
22  77  68  73   3   0   8 0.43  0.0    0  9.8 18  90   M    M   8 1      25 100
23  83  69  76   6   0  11 0.23  0.0    0  5.6 18 240   M    M   8 13     25 240
================================================================================
SM 1809 1393         9 120  4.09    T    156.8          M      108
================================================================================
AV 78.7 60.6                               7.8 FASTST   M    M   5    MAX(MPH)
                                 MISC ---->  # 31 230               # 39  230
================================================================================
NOTES:
# LAST OF SEVERAL OCCURRENCES

COLUMN 17 PEAK WIND IN M.P.H.

PRELIMINARY LOCAL CLIMATOLOGICAL DATA (WS FORM: F-6) , PAGE 2

                                          STATION:  DAYTONA BEACH
                                          MONTH:    APRIL
                                          YEAR:     2018
                                          LATITUDE:   29 10 N
                                          LONGITUDE:  81  3 W

[TEMPERATURE DATA]      [PRECIPITATION DATA]       SYMBOLS USED IN COLUMN 16

AVERAGE MONTHLY: 69.6   TOTAL FOR MONTH:   4.09    1 = FOG OR MIST
DPTR FM NORMAL:   1.3   DPTR FM NORMAL:    2.30    2 = FOG REDUCING VISIBILITY
HIGHEST:    88 ON 15    GRTST 24HR  1.15 ON  9- 9      TO 1/4 MILE OR LESS
LOWEST:     48 ON 17                               3 = THUNDER
                        SNOW, ICE PELLETS, HAIL    4 = ICE PELLETS
                        TOTAL MONTH:    T          5 = HAIL
                        GRTST 24HR    T  ON 11-11  6 = FREEZING RAIN OR DRIZZLE
                        GRTST DEPTH:   0           7 = DUSTSTORM OR SANDSTORM:
                                                       VSBY 1/2 MILE OR LESS
                                                   8 = SMOKE OR HAZE
[NO. OF DAYS WITH]      [WEATHER - DAYS WITH]      9 = BLOWING SNOW
                                                   X = TORNADO
MAX 32 OR BELOW:   0    0.01 INCH OR MORE:   8
MAX 90 OR ABOVE:   0    0.10 INCH OR MORE:   7
MIN 32 OR BELOW:   0    0.50 INCH OR MORE:   3
MIN  0 OR BELOW:   0    1.00 INCH OR MORE:   1

[HDD (BASE 65) ]
TOTAL THIS MO.     9    CLEAR  (SCALE 0-3)   8
DPTR FM NORMAL   -17    PTCLDY (SCALE 4-7)  11
TOTAL FM JUL 1   645    CLOUDY (SCALE 8-10)  3
DPTR FM NORMAL  -160

[CDD (BASE 65) ]
TOTAL THIS MO.   120
DPTR FM NORMAL    19    [PRESSURE DATA]
TOTAL FM JAN 1   352    HIGHEST SLP M ON M
DPTR FM NORMAL   109    LOWEST  SLP 29.74 ON  7

[REMARKS]
