000
CXUS54 KAMA 221015
CF6DHT
PRELIMINARY LOCAL CLIMATOLOGICAL DATA (WS FORM: F-6)

                                          STATION:   DALHART
                                          MONTH:     MAY
                                          YEAR:      2018
                                          LATITUDE:   36  1 N
                                          LONGITUDE: 102 33 W

  TEMPERATURE IN F:       :PCPN:    SNOW:  WIND      :SUNSHINE: SKY     :PK WND
================================================================================
1   2   3   4   5  6A  6B    7    8   9   10  11  12  13   14  15   16   17  18
                                     12Z  AVG MX 2MIN
DY MAX MIN AVG DEP HDD CDD  WTR  SNW DPTH SPD SPD DIR MIN PSBL S-S WX    SPD DR
================================================================================

 1  83  54  69  11   0   4 0.00  0.0    0 18.6 35 200   M    M   0 1      46 200
 2  82  51  67   8   0   2 0.00  0.0    0 11.7 38 230   M    M   1        47 220
 3  76  37  57  -2   8   0 0.00  0.0    0 17.0 32 250   M    M   0 8      40 260
 4  74  43  59  -1   6   0 0.00  0.0    0  8.0 20 290   M    M   2 8      24 290
 5  82  41  62   2   3   0 0.00  0.0    0  8.4 20 210   M    M   0        25 210
 6  89  45  67   7   0   2 0.00  0.0    0  9.5 21 230   M    M   0 8      28 220
 7  92  47  70  10   0   5 0.00  0.0    0 11.3 20 180   M    M   0        25 200
 8  92  57  75  14   0  10 0.00  0.0    0 10.7 21 210   M    M   0        30 210
 9  92  55  74  13   0   9 0.00  0.0    0  8.7 15 150   M    M   0        21 210
10  94  56  75  13   0  10 0.00  0.0    0 13.0 25  60   M    M   0 8      33  60
11  95  55  75  13   0  10 0.00  0.0    0 15.1 31 200   M    M   0 8      40 210
12  94  52  73  11   0   8 0.00  0.0    0 11.7 28 190   M    M   0        34 190
13  93  50  72  10   0   7 0.00  0.0    0 11.8 29 220   M    M   0        36 200
14  87  54  71   8   0   6 0.00  0.0    0 11.7 24 350   M    M   0        30 360
15  81  56  69   6   0   4 0.00  0.0    0 14.4 31  10   M    M   3 1      39  10
16  85  53  69   6   0   4 0.00  0.0    0  8.6 18 150   M    M   1        23 150
17  94  56  75  11   0  10    T  0.0    0 17.4 35 160   M    M   0        44 130
18  92  53  73   9   0   8    T  0.0    0 12.9 32 160   M    M   0 3      38 160
19  79  54  67   3   0   2    T  0.0    0 16.9 33  30   M    M   4 38     41 320
20  72  47  60  -5   5   0 0.00  0.0    0 13.9 28 360   M    M   2        35  10
21  82  46  64  -1   1   0 0.00  0.0    0 11.5 22 200   M    M   2 3      30 190
================================================================================
SM 1810 1062        23 101    T      0.0 262.8          M       15
================================================================================
AV 86.2 50.6                              12.5 FASTST   M    M   1    MAX(MPH)
                                 MISC ---->  # 38 230               # 47  220
================================================================================
NOTES:
# LAST OF SEVERAL OCCURRENCES

COLUMN 17 PEAK WIND IN M.P.H.

PRELIMINARY LOCAL CLIMATOLOGICAL DATA (WS FORM: F-6) , PAGE 2

                                          STATION:  DALHART
                                          MONTH:    MAY
                                          YEAR:     2018
                                          LATITUDE:   36  1 N
                                          LONGITUDE: 102 33 W

[TEMPERATURE DATA]      [PRECIPITATION DATA]       SYMBOLS USED IN COLUMN 16

AVERAGE MONTHLY: 68.4   TOTAL FOR MONTH:      T    1 = FOG OR MIST
DPTR FM NORMAL:   6.6   DPTR FM NORMAL:   -1.43    2 = FOG REDUCING VISIBILITY
HIGHEST:    95 ON 11    GRTST 24HR    T  ON 19-19      TO 1/4 MILE OR LESS
LOWEST:     37 ON  3                               3 = THUNDER
                        SNOW, ICE PELLETS, HAIL    4 = ICE PELLETS
                        TOTAL MONTH:   0.0 INCH    5 = HAIL
                        GRTST 24HR     0.0         6 = FREEZING RAIN OR DRIZZLE
                        GRTST DEPTH:   0           7 = DUSTSTORM OR SANDSTORM:
                                                       VSBY 1/2 MILE OR LESS
                                                   8 = SMOKE OR HAZE
[NO. OF DAYS WITH]      [WEATHER - DAYS WITH]      9 = BLOWING SNOW
                                                   X = TORNADO
MAX 32 OR BELOW:   0    0.01 INCH OR MORE:   0
MAX 90 OR ABOVE:   9    0.10 INCH OR MORE:   0
MIN 32 OR BELOW:   0    0.50 INCH OR MORE:   0
MIN  0 OR BELOW:   0    1.00 INCH OR MORE:   0

[HDD (BASE 65) ]
TOTAL THIS MO.    23    CLEAR  (SCALE 0-3)  20
DPTR FM NORMAL   -74    PTCLDY (SCALE 4-7)   1
TOTAL FM JUL 1  4110    CLOUDY (SCALE 8-10)  0
DPTR FM NORMAL  -589

[CDD (BASE 65) ]
TOTAL THIS MO.   101
DPTR FM NORMAL    71    [PRESSURE DATA]
TOTAL FM JAN 1   106    HIGHEST SLP M ON M
DPTR FM NORMAL    70    LOWEST  SLP 29.49 ON 11

[REMARKS]
