000
CXUS53 KMPX 211000
CF6EAU
PRELIMINARY LOCAL CLIMATOLOGICAL DATA (WS FORM: F-6)

                                          STATION:   EAU CLAIRE WI
                                          MONTH:     MAY
                                          YEAR:      2018
                                          LATITUDE:   44 52 N
                                          LONGITUDE:  91 29 W

  TEMPERATURE IN F:       :PCPN:    SNOW:  WIND      :SUNSHINE: SKY     :PK WND
================================================================================
1   2   3   4   5  6A  6B    7    8   9   10  11  12  13   14  15   16   17  18
                                     12Z  AVG MX 2MIN
DY MAX MIN AVG DEP HDD CDD  WTR  SNW DPTH SPD SPD DIR MIN PSBL S-S WX    SPD DR
================================================================================

 1  76  59  68  15   0   3 0.07  0.0    0 12.4 26 200   M    M   3 13     36 210
 2  68  53  61   8   4   0 0.18  0.0    0  6.3 15 270   M    M   5 1      21 250
 3  75  47  61   7   4   0 0.03  0.0    0  3.9 15 160   M    M   6 1      20 160
 4  77  53  65  11   0   0    T  0.0    0  8.0 23 290   M    M   3 1      33 310
 5  80  49  65  11   0   0 0.18  0.0    0  4.0 22 240   M    M   3 13     28 250
 6  74  46  60   5   5   0 0.00  0.0    0  5.4 16 340   M    M   1 1      26 350
 7  84  41  63   8   2   0 0.00  0.0    0  7.8 23 270   M    M   1        32 260
 8  77  54  66  11   0   1 0.28  0.0    0  7.3 22 210   M    M   5 1      30 220
 9  63  52  58   2   7   0 0.50  0.0    0  8.5 18 310   M    M   9 1      28 330
10  61  46  54  -2  11   0 0.00  0.0    0  8.9 18  60   M    M   2        24  70
11  49  42  46 -10  19   0 0.04  0.0    0  9.4 15  90   M    M   6        21 130
12  64  37  51  -5  14   0 0.04  0.0    0  6.6 15  80   M    M   3        21  80
13  69  36  53  -4  12   0 0.00  0.0    0  4.5 14 210   M    M   2 1      17 210
14  76  50  63   6   2   0 0.16  0.0    0  3.0 13 320   M    M   7 1      19 200
15  76  47  62   5   3   0 0.00  0.0    0  4.4 14  70   M    M   0 1      21  50
16  84  43  64   6   1   0 0.00  0.0    0  6.0 16 270   M    M   0 1      25 260
17  81  55  68  10   0   3 0.00  0.0    0  9.6 20 120   M    M   1        26 110
18  81  49  65   7   0   0 0.00  0.0    0 10.3 20 150   M    M   3        29 140
19  70  48  59   1   6   0 0.00  0.0    0  9.1 16  20   M    M   6        31 360
20  71  43  57  -2   8   0 0.00  0.0    0  8.1 17  40   M    M   3        26  40
================================================================================
SM 1456  950        98   7  1.48     0.0 143.5          M       69
================================================================================
AV 72.8 47.5                               7.2 FASTST   M    M   3    MAX(MPH)
                                 MISC ---->  # 26 200               # 36  210
================================================================================
NOTES:
# LAST OF SEVERAL OCCURRENCES

COLUMN 17 PEAK WIND IN M.P.H.

PRELIMINARY LOCAL CLIMATOLOGICAL DATA (WS FORM: F-6) , PAGE 2

                                          STATION:  EAU CLAIRE WI
                                          MONTH:    MAY
                                          YEAR:     2018
                                          LATITUDE:   44 52 N
                                          LONGITUDE:  91 29 W

[TEMPERATURE DATA]      [PRECIPITATION DATA]       SYMBOLS USED IN COLUMN 16

AVERAGE MONTHLY: 60.2   TOTAL FOR MONTH:   1.48    1 = FOG OR MIST
DPTR FM NORMAL:   4.2   DPTR FM NORMAL:   -0.70    2 = FOG REDUCING VISIBILITY
HIGHEST:    84 ON 16, 7 GRTST 24HR  0.50 ON  9- 9      TO 1/4 MILE OR LESS
LOWEST:     36 ON 13                               3 = THUNDER
                        SNOW, ICE PELLETS, HAIL    4 = ICE PELLETS
                        TOTAL MONTH:   0.0 INCH    5 = HAIL
                        GRTST 24HR     0.0         6 = FREEZING RAIN OR DRIZZLE
                        GRTST DEPTH:   0           7 = DUSTSTORM OR SANDSTORM:
                                                       VSBY 1/2 MILE OR LESS
                                                   8 = SMOKE OR HAZE
[NO. OF DAYS WITH]      [WEATHER - DAYS WITH]      9 = BLOWING SNOW
                                                   X = TORNADO
MAX 32 OR BELOW:   0    0.01 INCH OR MORE:   9
MAX 90 OR ABOVE:   0    0.10 INCH OR MORE:   5
MIN 32 OR BELOW:   0    0.50 INCH OR MORE:   1
MIN  0 OR BELOW:   0    1.00 INCH OR MORE:   0

[HDD (BASE 65) ]
TOTAL THIS MO.    98    CLEAR  (SCALE 0-3)  12
DPTR FM NORMAL   -94    PTCLDY (SCALE 4-7)   7
TOTAL FM JUL 1  8255    CLOUDY (SCALE 8-10)  1
DPTR FM NORMAL   423

[CDD (BASE 65) ]
TOTAL THIS MO.     7
DPTR FM NORMAL    -7    [PRESSURE DATA]
TOTAL FM JAN 1     8    HIGHEST SLP M ON M
DPTR FM NORMAL   -10    LOWEST  SLP 29.54 ON  1

[REMARKS]
