000
CXAK56 PAFG 230948
CF6FAI
PRELIMINARY LOCAL CLIMATOLOGICAL DATA (WS FORM: F-6)

                                          STATION:   FAIRBANKS AK
                                          MONTH:     APRIL
                                          YEAR:      2018
                                          LATITUDE:   64 49 N
                                          LONGITUDE: 147 52 W

  TEMPERATURE IN F:       :PCPN:    SNOW:  WIND      :SUNSHINE: SKY     :PK WND
================================================================================
1   2   3   4   5  6A  6B    7    8   9   10  11  12  13   14  15   16   17  18
                                     12Z  AVG MX 2MIN
DY MAX MIN AVG DEP HDD CDD  WTR  SNW DPTH SPD SPD DIR MIN PSBL S-S WX    SPD DR
================================================================================

 1  36  18  27   5  38   0    T    T   29  6.6 15  30   M    M   7 1      20  20
 2  31  -2  15  -7  50   0 0.00  0.0   28  4.0 12  30   M    M   2        13  20
 3  23  -4  10 -13  55   0 0.00  0.0   28 13.1 26  40   M    M   2        32  50
 4  28   6  17  -7  48   0 0.00  0.0   28 12.4 24  60   M    M   5        30  60
 5  38  16  27   2  38   0 0.00  0.0   27  9.3 14 140   M    M   6        20 120
 6  40  12  26   0  39   0 0.00  0.0   27  5.5 13  20   M    M   7        16  80
 7  37  12  25  -1  40   0 0.00  0.0   27  2.8 13 360   M    M   5        14 360
 8  44  13  29   2  36   0 0.00  0.0   26  8.2 14  30   M    M   2        16  70
 9  46  20  33   5  32   0 0.00  0.0   25  9.5 17  20   M    M   1        19 360
10  46  28  37   8  28   0 0.00  0.0   24 11.7 17  20   M    M   5        31 230
11  50  30  40  10  25   0 0.00  0.0   23  4.5 14 360   M    M   7        19 360
12  48  21  35   5  30   0 0.00  0.0   23  3.0  9 360   M    M   4        11 360
13  41  29  35   4  30   0 0.00  0.0   22 10.9 17 350   M    M   7        22 330
14  38  20  29  -3  36   0 0.00  0.0   19  8.5 17  30   M    M   3        21  30
15  39  13  26  -6  39   0 0.00  0.0   19 10.6 17  60   M    M   0        21  70
16  48  14  31  -2  34   0 0.00  0.0   17  6.5 13  80   M    M   0        17  60
17  46  20  33  -1  32   0 0.00  0.0   17  9.2 16 100   M    M   0        21 100
18  42  24  33  -2  32   0 0.00  0.0   17 10.5 18  10   M    M   0        21  60
19  38  21  30  -6  35   0 0.00  0.0   16 10.9 16  10   M    M   3        20 360
20  31  19  25 -11  40   0 0.06  1.8   16 10.4 20  20   M    M   9 1      22  30
21  42  18  30  -7  35   0    T    T   16  8.2 14  10   M    M   6 18     16  10
22  51  22  37  -1  28   0 0.00  0.0   15  6.4 13 360   M    M   2        15 350
================================================================================
SM  883  370       800   0  0.06     1.8 182.7          M       83
================================================================================
AV 40.1 16.8                               8.3 FASTST   M    M   4    MAX(MPH)
                                 MISC ---->  # 26  40               # 32   50
================================================================================
NOTES:
# LAST OF SEVERAL OCCURRENCES

COLUMN 17 PEAK WIND IN M.P.H.

PRELIMINARY LOCAL CLIMATOLOGICAL DATA (WS FORM: F-6) , PAGE 2

                                          STATION:  FAIRBANKS AK
                                          MONTH:    APRIL
                                          YEAR:     2018
                                          LATITUDE:   64 49 N
                                          LONGITUDE: 147 52 W

[TEMPERATURE DATA]      [PRECIPITATION DATA]       SYMBOLS USED IN COLUMN 16

AVERAGE MONTHLY: 28.5   TOTAL FOR MONTH:   0.06    1 = FOG OR MIST
DPTR FM NORMAL:  -1.3   DPTR FM NORMAL:   -0.14    2 = FOG REDUCING VISIBILITY
HIGHEST:    51 ON 22    GRTST 24HR  0.06 ON 20-20      TO 1/4 MILE OR LESS
LOWEST:     -4 ON  3                               3 = THUNDER
                        SNOW, ICE PELLETS, HAIL    4 = ICE PELLETS
                        TOTAL MONTH:   1.8 INCHES  5 = HAIL
                        GRTST 24HR   1.8 ON 20-20  6 = FREEZING RAIN OR DRIZZLE
                        GRTST DEPTH:  29 ON  1     7 = DUSTSTORM OR SANDSTORM:
                                                       VSBY 1/2 MILE OR LESS
                                                   8 = SMOKE OR HAZE
[NO. OF DAYS WITH]      [WEATHER - DAYS WITH]      9 = BLOWING SNOW
                                                   X = TORNADO
MAX 32 OR BELOW:   4    0.01 INCH OR MORE:   1
MAX 90 OR ABOVE:   0    0.10 INCH OR MORE:   0
MIN 32 OR BELOW:  22    0.50 INCH OR MORE:   0
MIN  0 OR BELOW:   2    1.00 INCH OR MORE:   0

[HDD (BASE 65) ]
TOTAL THIS MO.   800    CLEAR  (SCALE 0-3)  10
DPTR FM NORMAL    24    PTCLDY (SCALE 4-7)  11
TOTAL FM JUL 1 11548    CLOUDY (SCALE 8-10)  1
DPTR FM NORMAL -1278

[CDD (BASE 65) ]
TOTAL THIS MO.     0
DPTR FM NORMAL     0    [PRESSURE DATA]
TOTAL FM JAN 1     0    HIGHEST SLP M ON M
DPTR FM NORMAL     0    LOWEST  SLP 29.33 ON 11

[REMARKS]
