000
CXUS54 KFWD 210730
CF6GLE
PRELIMINARY LOCAL CLIMATOLOGICAL DATA (WS FORM: F-6)

                                          STATION:   GAINESVILLE
                                          MONTH:     APRIL
                                          YEAR:      2018
                                          LATITUDE:   33 39 N
                                          LONGITUDE:  97 12 W

  TEMPERATURE IN F:       :PCPN:    SNOW:  WIND      :SUNSHINE: SKY     :PK WND
================================================================================
1   2   3   4   5  6A  6B    7    8   9   10  11  12  13   14  15   16   17  18
                                     12Z  AVG MX 2MIN
DY MAX MIN AVG DEP HDD CDD  WTR  SNW DPTH SPD SPD DIR MIN PSBL S-S WX    SPD DR
================================================================================

 1  65  38  52  -6  13   0    M  0.0    0  9.8 15 350   M    M   9 1      21 340
 2  49  36  43 -16  22   0 0.00  0.0    0  4.3 10 360   M    M   9 1       M  M
 3  80  46  63   4   2   0 0.00  0.0    0 16.3 30 330   M    M   4 1      38 350
 4  61  33  47 -12  18   0 0.00  0.0    0  7.6 12 120   M    M   0        17  10
 5  72  41  57  -3   8   0 0.00  0.0    0 11.2 21 150   M    M   4        29 160
 6  81  44  63   3   2   0 0.00  0.0    0 12.5 24  10   M    M  10        32  10
 7  44  31  38 -22  27   0 0.00  0.0    0 11.6 21 360   M    M   8 1      28  10
 8  51  31  41 -19  24   0 0.00  0.0    0  5.7 12 150   M    M   6         M  M
 9  70  37  54  -7  11   0 0.00  0.0    0  6.2 14  40   M    M   0        18  10
10  69  40  55  -6  10   0 0.00  0.0    0  5.3 10  60   M    M   0         M  M
11  79  45  62   1   3   0 0.00  0.0    0 14.3 25 180   M    M   0        36 180
12  82  58  70   8   0   5 0.00  0.0    0 20.5 27 170   M    M   1        39 170
13  84  57  71   9   0   6 0.04  0.0    0 17.3 29 170   M    M   6        37 170
14  58  39  49 -13  16   0 0.00  0.0    0 17.8 25 320   M    M   1        41 320
15  62  33  48 -14  17   0 0.00  0.0    0 12.5 22 320   M    M   0        30 320
16  80  33  57  -5   8   0 0.00  0.0    0  8.0 17 160   M    M   0        25 180
17  86  56  71   8   0   6 0.00  0.0    0 18.3 28 180   M    M   0        37 180
18  74  53  64   1   1   0 0.00  0.0    0 12.3 21 340   M    M   0        31 340
19  69  42  56  -7   9   0 0.00  0.0    0  6.1 14  20   M    M   0        21  30
20  68  46  57  -7   8   0 0.00  0.0    0 12.2 20 110   M    M   0        30 130
================================================================================
SM 1384  839       199  17  0.04     0.0 229.8          M       58
================================================================================
AV 69.2 42.0                              11.5 FASTST   M    M   3    MAX(MPH)
                                 MISC ---->  # 30 330               # 41  320
================================================================================
NOTES:
# LAST OF SEVERAL OCCURRENCES

COLUMN 17 PEAK WIND IN M.P.H.

PRELIMINARY LOCAL CLIMATOLOGICAL DATA (WS FORM: F-6) , PAGE 2

                                          STATION:  GAINESVILLE
                                          MONTH:    APRIL
                                          YEAR:     2018
                                          LATITUDE:   33 39 N
                                          LONGITUDE:  97 12 W

[TEMPERATURE DATA]      [PRECIPITATION DATA]       SYMBOLS USED IN COLUMN 16

AVERAGE MONTHLY: 55.6   TOTAL FOR MONTH:   0.04    1 = FOG OR MIST
DPTR FM NORMAL:  -5.5   DPTR FM NORMAL:   -2.26    2 = FOG REDUCING VISIBILITY
HIGHEST:    86 ON 17    GRTST 24HR  0.04 ON 13-13      TO 1/4 MILE OR LESS
LOWEST:     31 ON  8, 7                            3 = THUNDER
                        SNOW, ICE PELLETS, HAIL    4 = ICE PELLETS
                        TOTAL MONTH:   0.0 INCH    5 = HAIL
                        GRTST 24HR     0.0         6 = FREEZING RAIN OR DRIZZLE
                        GRTST DEPTH:   0           7 = DUSTSTORM OR SANDSTORM:
                                                       VSBY 1/2 MILE OR LESS
                                                   8 = SMOKE OR HAZE
[NO. OF DAYS WITH]      [WEATHER - DAYS WITH]      9 = BLOWING SNOW
                                                   X = TORNADO
MAX 32 OR BELOW:   0    0.01 INCH OR MORE:   1
MAX 90 OR ABOVE:   0    0.10 INCH OR MORE:   0
MIN 32 OR BELOW:   2    0.50 INCH OR MORE:   0
MIN  0 OR BELOW:   0    1.00 INCH OR MORE:   0

[HDD (BASE 65) ]
TOTAL THIS MO.   199    CLEAR  (SCALE 0-3)  12
DPTR FM NORMAL    88    PTCLDY (SCALE 4-7)   5
TOTAL FM JUL 1  2773    CLOUDY (SCALE 8-10)  3
DPTR FM NORMAL   -76

[CDD (BASE 65) ]
TOTAL THIS MO.    17
DPTR FM NORMAL   -13    [PRESSURE DATA]
TOTAL FM JAN 1    47    HIGHEST SLP M ON M
DPTR FM NORMAL     3    LOWEST  SLP M ON M

[REMARKS]
