000
CXUS51 KCAR 200600
CF6HUL
PRELIMINARY LOCAL CLIMATOLOGICAL DATA (WS FORM: F-6)

                                          STATION:   HOULTON ME
                                          MONTH:     MAY
                                          YEAR:      2018
                                          LATITUDE:   46  7 N
                                          LONGITUDE:  67 48 W

  TEMPERATURE IN F:       :PCPN:    SNOW:  WIND      :SUNSHINE: SKY     :PK WND
================================================================================
1   2   3   4   5  6A  6B    7    8   9   10  11  12  13   14  15   16   17  18
                                     12Z  AVG MX 2MIN
DY MAX MIN AVG DEP HDD CDD  WTR  SNW DPTH SPD SPD DIR MIN PSBL S-S WX    SPD DR
================================================================================

 1  59  35  47   1  18   0 0.00    M    M  4.3 14  20   M    M   7 1      22  20
 2  83  38  61  15   4   0 0.07    M    M  9.2 30 230   M    M   6 1      40 230
 3  59  42  51   4  14   0 0.45    M    M  5.3 16 330   M    M  10 1      22 320
 4  59  43  51   4  14   0 0.98    M    M  4.9 21 120   M    M   9 13     30 310
 5  66  42  54   6  11   0    T    M    M 12.3 30 280   M    M   4        49 270
 6  71  45  58  10   7   0 0.19    M    M  4.6 14 360   M    M   7 1      16  40
 7  60  31  46  -2  19   0 0.00    M    M  6.5 17 330   M    M   2        24 330
 8  74  28  51   2  14   0 0.00    M    M  9.0 20 240   M    M   0        32 220
 9  75  36  56   7   9   0 0.00    M    M  5.9 12  10   M    M   0        23 160
10  70  45  58   9   7   0 0.00    M    M  9.2 20 220   M    M   3        25 220
11  57  29  43  -7  22   0 0.00    M    M 12.1 29 290   M    M   3        39 280
12  61  24  43  -7  22   0 0.00    M    M  6.0 18 240   M    M   1        24 270
13  70  31  51   1  14   0 0.00    M    M  5.9 17 220   M    M   0        29 240
14  73  43  58   7   7   0 0.00    M    M 11.4 22 230   M    M   2        30 230
15  59  40  50  -1  15   0 0.14    M    M  7.0 18 350   M    M   6 1      23 350
16  62  29  46  -5  19   0 0.00    M    M  8.5 18 200   M    M   0        29 200
17  59  30  45  -7  20   0 0.00    M    M  9.5 22  30   M    M   5        27  30
18  62  27  45  -7  20   0 0.00    M    M  3.6 17  20   M    M   0        22  20
19  70  29  50  -2  15   0 0.29    M    M  7.0 20 220   M    M   2 1      30 240
================================================================================
SM 1249  667       271   0  2.12    M    142.2          M       67
================================================================================
AV 65.7 35.1                               7.5 FASTST   M    M   4    MAX(MPH)
                                 MISC ---->  # 30 230               # 49  270
================================================================================
NOTES:
# LAST OF SEVERAL OCCURRENCES

COLUMN 17 PEAK WIND IN M.P.H.

PRELIMINARY LOCAL CLIMATOLOGICAL DATA (WS FORM: F-6) , PAGE 2

                                          STATION:  HOULTON ME
                                          MONTH:    MAY
                                          YEAR:     2018
                                          LATITUDE:   46  7 N
                                          LONGITUDE:  67 48 W

[TEMPERATURE DATA]      [PRECIPITATION DATA]       SYMBOLS USED IN COLUMN 16

AVERAGE MONTHLY: 50.4   TOTAL FOR MONTH:   2.12    1 = FOG OR MIST
DPTR FM NORMAL:   1.2   DPTR FM NORMAL:    0.15    2 = FOG REDUCING VISIBILITY
HIGHEST:    83 ON  2    GRTST 24HR  0.98 ON  4- 4      TO 1/4 MILE OR LESS
LOWEST:     24 ON 12                               3 = THUNDER
                        SNOW, ICE PELLETS, HAIL    4 = ICE PELLETS
                        TOTAL MONTH:    M          5 = HAIL
                        GRTST 24HR    M  ON   M    6 = FREEZING RAIN OR DRIZZLE
                        GRTST DEPTH:  M  ON   M    7 = DUSTSTORM OR SANDSTORM:
                                                       VSBY 1/2 MILE OR LESS
                                                   8 = SMOKE OR HAZE
[NO. OF DAYS WITH]      [WEATHER - DAYS WITH]      9 = BLOWING SNOW
                                                   X = TORNADO
MAX 32 OR BELOW:   0    0.01 INCH OR MORE:   6
MAX 90 OR ABOVE:   0    0.10 INCH OR MORE:   5
MIN 32 OR BELOW:   9    0.50 INCH OR MORE:   1
MIN  0 OR BELOW:   0    1.00 INCH OR MORE:   0

[HDD (BASE 65) ]
TOTAL THIS MO.   271    CLEAR  (SCALE 0-3)  11
DPTR FM NORMAL   -29    PTCLDY (SCALE 4-7)   6
TOTAL FM JUL 1  8297    CLOUDY (SCALE 8-10)  2
DPTR FM NORMAL  -576

[CDD (BASE 65) ]
TOTAL THIS MO.     0
DPTR FM NORMAL     0    [PRESSURE DATA]
TOTAL FM JAN 1     0    HIGHEST SLP M ON M
DPTR FM NORMAL     0    LOWEST  SLP 29.29 ON  5

[REMARKS]
