000
CXUS53 KUNR 240945
CF6ICR
PRELIMINARY LOCAL CLIMATOLOGICAL DATA (WS FORM: F-6)

                                          STATION:   WINNER REGIONAL AIRPORT SD
                                          MONTH:     MAY
                                          YEAR:      2018
                                          LATITUDE:   43 23 N
                                          LONGITUDE:  99 50 W

  TEMPERATURE IN F:       :PCPN:    SNOW:  WIND      :SUNSHINE: SKY     :PK WND
================================================================================
1   2   3   4   5  6A  6B    7    8   9   10  11  12  13   14  15   16   17  18
                                     12Z  AVG MX 2MIN
DY MAX MIN AVG DEP HDD CDD  WTR  SNW DPTH SPD SPD DIR MIN PSBL S-S WX    SPD DR
================================================================================

 1  64  41  53   0  12   0 0.00    M    M  7.6 22 340   M    M   4 18     26 340
 2  69  39  54   0  11   0    T    M    M  4.2 13 140   M    M   4 18     14 130
 3  65  50  58   4   7   0 0.03    M    M  6.1 13 220   M    M   6        17 230
 4  82  48  65  11   0   0 0.00    M    M  7.7 17 280   M    M   1        25 280
 5  85  54  70  15   0   5    T    M    M  8.3 39 350   M    M   3 3      51 350
 6  80  49  65  10   0   0 0.00    M    M  5.9 14 160   M    M   0        17  30
 7  86  58  72  17   0   7 0.03    M    M 19.0 38 260   M    M   0 3      46 280
 8  80  58  69  13   0   4 0.10    M    M 11.8 32 110   M    M   M        35 110
 9  80  51  66  10   0   1 0.00    M    M 12.9 28 310   M    M   1 1      38 310
10  63  44  54  -2  11   0 0.38    M    M 15.4 36 100   M    M   4 13     43 100
11  51  44  48  -9  17   0 0.02    M    M 10.8 16  70   M    M  10 128    19  80
12  53  49  51  -6  14   0 0.06    M    M  8.5 16  50   M    M  10 18     21  40
13  61  52  57   0   8   0 0.06    M    M  4.6 15 100   M    M  10 128    18 100
14  76  55  66   8   0   1    T    M    M  6.5 14 340   M    M   6 1      19  20
15  79  54  67   9   0   2    T    M    M  6.9 14 180   M    M   1        19 180
16  85  61  73  15   0   8 0.00    M    M 10.7 16 210   M    M   1        21 200
17  85  59  72  14   0   7 0.37    M    M 19.2 37 320   M    M   2 13     47 300
18  75  53  64   5   1   0 0.47    M    M 11.9 30 160   M    M   8 13     40 160
19  64  47  56  -3   9   0    T    M    M 13.6 22  30   M    M   6 1      27  30
20  63  39  51  -8  14   0 0.00    M    M  8.2 18  60   M    M   7        23  60
21  76  51  64   4   1   0 0.00    M    M  5.8 12 160   M    M   3        15 140
22  83  60  72  12   0   7 0.00    M    M 10.8 16 170   M    M   1 38     23 120
23  87  65  76  16   0  11 0.04    M    M 12.7 25 220   M    M   1 138    45 190
================================================================================
SM 1692 1181       105  53  1.56    M    229.1          M       89
================================================================================
AV 73.6 51.4                              10.0 FASTST   M    M   4    MAX(MPH)
                                 MISC ---->  # 39 350               # 51  350
================================================================================
NOTES:
# LAST OF SEVERAL OCCURRENCES

COLUMN 17 PEAK WIND IN M.P.H.

PRELIMINARY LOCAL CLIMATOLOGICAL DATA (WS FORM: F-6) , PAGE 2

                                          STATION:  WINNER REGIONAL AIRPORT SD
                                          MONTH:    MAY
                                          YEAR:     2018
                                          LATITUDE:   43 23 N
                                          LONGITUDE:  99 50 W

[TEMPERATURE DATA]      [PRECIPITATION DATA]       SYMBOLS USED IN COLUMN 16

AVERAGE MONTHLY: 62.5   TOTAL FOR MONTH:   1.56    1 = FOG OR MIST
DPTR FM NORMAL:   5.6   DPTR FM NORMAL:   -0.86    2 = FOG REDUCING VISIBILITY
HIGHEST:    87 ON 23    GRTST 24HR  0.47 ON 18-18      TO 1/4 MILE OR LESS
LOWEST:     39 ON 20, 2                            3 = THUNDER
                        SNOW, ICE PELLETS, HAIL    4 = ICE PELLETS
                        TOTAL MONTH:    M          5 = HAIL
                        GRTST 24HR    M  ON   M    6 = FREEZING RAIN OR DRIZZLE
                        GRTST DEPTH:  M  ON   M    7 = DUSTSTORM OR SANDSTORM:
                                                       VSBY 1/2 MILE OR LESS
                                                   8 = SMOKE OR HAZE
[NO. OF DAYS WITH]      [WEATHER - DAYS WITH]      9 = BLOWING SNOW
                                                   X = TORNADO
MAX 32 OR BELOW:   0    0.01 INCH OR MORE:  10
MAX 90 OR ABOVE:   0    0.10 INCH OR MORE:   4
MIN 32 OR BELOW:   0    0.50 INCH OR MORE:   0
MIN  0 OR BELOW:   0    1.00 INCH OR MORE:   0

[HDD (BASE 65) ]
TOTAL THIS MO.   105    CLEAR  (SCALE 0-3)  11
DPTR FM NORMAL   -99    PTCLDY (SCALE 4-7)   8
TOTAL FM JUL 1  6623    CLOUDY (SCALE 8-10)  3
DPTR FM NORMAL    15

[CDD (BASE 65) ]
TOTAL THIS MO.    53
DPTR FM NORMAL    35    [PRESSURE DATA]
TOTAL FM JAN 1    56    HIGHEST SLP M ON M
DPTR FM NORMAL    36    LOWEST  SLP 29.36 ON 17

[REMARKS]
