000
CXUS55 KPIH 241200
CF6IDA

PRELIMINARY LOCAL CLIMATOLOGICAL DATA (WS FORM: F-6)

                                          STATION:   IDAHO FALLS ID
                                          MONTH:     MAY
                                          YEAR:      2018
                                          LATITUDE:   43 31 N
                                          LONGITUDE: 112  4 W

  TEMPERATURE IN F:       :PCPN:    SNOW:  WIND      :SUNSHINE: SKY     :PK WND
================================================================================
1   2   3   4   5  6A  6B    7    8   9   10  11  12  13   14  15   16   17  18
                                     12Z  AVG MX 2MIN
DY MAX MIN AVG DEP HDD CDD  WTR  SNW DPTH SPD SPD DIR MIN PSBL S-S WX    SPD DR
================================================================================

 1  52  34  43  -6  22   0 0.04    M    M  8.9 17 200   M    M   7 1      21 200
 2  62  32  47  -2  18   0 0.00    M    M  8.8 18 360   M    M   1        23  10
 3  65  31  48  -1  17   0 0.00    M    M  4.6 16 210   M    M   2        19 200
 4  71  34  53   3  12   0 0.00    M    M  7.9 17  20   M    M   1        23 220
 5  75  38  57   7   8   0 0.00    M    M  5.9 20 220   M    M   2        24 230
 6  83  48  66  16   0   1 0.00    M    M  9.2 25 240   M    M   2 8      33 240
 7  75  44  60  10   5   0 0.00    M    M 13.3 26 230   M    M   1        37 210
 8  74  36  55   4  10   0 0.00    M    M  4.5 15 180   M    M   0        21 200
 9  77  42  60   9   5   0 0.00    M    M 11.4 29 280   M    M   3        37 290
10  72  41  57   6   8   0 0.01    M    M 10.9 35 180   M    M   2        53 190
11  52  41  47  -5  18   0 0.11    M    M 10.8 20 190   M    M   8 1      24 190
12  63  40  52   0  13   0 0.56    M    M  7.4 26 220   M    M   9 13     37 210
13  63  34  49  -3  16   0    T    M    M  4.6 13 140   M    M   3 12     16 140
14  70  37  54   2  11   0 0.00    M    M  6.5 14  20   M    M   1        17  20
15  71  39  55   2  10   0 0.03    M    M  5.2 24 200   M    M   3 3      30 180
16  71  42  57   4   8   0 0.02    M    M  5.2 41 270   M    M   3 3      52 260
17  69  41  55   2  10   0 0.00    M    M  7.0 31 220   M    M   5        40 210
18  71  40  56   2   9   0    T    M    M  6.7 20 200   M    M   5 3      24 350
19  68  44  56   2   9   0    T    M    M  5.6 22 150   M    M   6 3      27 150
20  75  40  58   4   7   0 0.20    M    M  6.3 22 290   M    M   4 3      27 280
21  74  44  59   5   6   0 0.00    M    M  5.6 23 150   M    M   4 1      28 130
22  74  44  59   5   6   0 0.00    M    M  8.3 28 140   M    M   5 3      35 150
23  64  51  58   3   7   0 0.21    M    M  5.1 15 320   M    M   9 13     20 330
================================================================================
SM 1591  917       235   1  1.18    M    169.7          M       86
================================================================================
AV 69.2 39.9                               7.4 FASTST   M    M   4    MAX(MPH)
                                 MISC ---->  # 41 270               # 53  190
================================================================================
NOTES:
# LAST OF SEVERAL OCCURRENCES
PRECIPITATION SUSPECT DURING FREEZING/FROZEN EVENTS

COLUMN 17 PEAK WIND IN M.P.H.

PRELIMINARY LOCAL CLIMATOLOGICAL DATA (WS FORM: F-6) , PAGE 2

                                          STATION:  IDAHO FALLS ID
                                          MONTH:    MAY
                                          YEAR:     2018
                                          LATITUDE:   43 31 N
                                          LONGITUDE: 112  4 W

[TEMPERATURE DATA]      [PRECIPITATION DATA]       SYMBOLS USED IN COLUMN 16

AVERAGE MONTHLY: 54.5   TOTAL FOR MONTH:   1.18    1 = FOG OR MIST
DPTR FM NORMAL:   2.7   DPTR FM NORMAL:    0.08    2 = FOG REDUCING VISIBILITY
HIGHEST:    83 ON  6    GRTST 24HR  0.56 ON 12-12      TO 1/4 MILE OR LESS
LOWEST:     31 ON  3                               3 = THUNDER
                        SNOW, ICE PELLETS, HAIL    4 = ICE PELLETS
                        TOTAL MONTH:    M          5 = HAIL
                        GRTST 24HR    M  ON   M    6 = FREEZING RAIN OR DRIZZLE
                        GRTST DEPTH:  M  ON   M    7 = DUSTSTORM OR SANDSTORM:
                                                       VSBY 1/2 MILE OR LESS
                                                   8 = SMOKE OR HAZE
[NO. OF DAYS WITH]      [WEATHER - DAYS WITH]      9 = BLOWING SNOW
                                                   X = TORNADO
MAX 32 OR BELOW:   0    0.01 INCH OR MORE:   8
MAX 90 OR ABOVE:   0    0.10 INCH OR MORE:   4
MIN 32 OR BELOW:   2    0.50 INCH OR MORE:   1
MIN  0 OR BELOW:   0    1.00 INCH OR MORE:   0

[HDD (BASE 65) ]
TOTAL THIS MO.   235    CLEAR  (SCALE 0-3)  12
DPTR FM NORMAL   -69    PTCLDY (SCALE 4-7)   9
TOTAL FM JUL 1  6999    CLOUDY (SCALE 8-10)  2
DPTR FM NORMAL  -618

[CDD (BASE 65) ]
TOTAL THIS MO.     1
DPTR FM NORMAL     1    [PRESSURE DATA]
TOTAL FM JAN 1     1    HIGHEST SLP M ON M
DPTR FM NORMAL     1    LOWEST  SLP 29.70 ON 10

[REMARKS]
