000
CXUS51 KILN 290539
CF6LHQ
PRELIMINARY LOCAL CLIMATOLOGICAL DATA (WS FORM: F-6)
STATION: LANCASTER ASOS
MONTH: MARCH
YEAR: 2024
LATITUDE: 39 45 N
LONGITUDE: 82 40 W
TEMPERATURE IN F: :PCPN: SNOW: WIND :SUNSHINE: SKY :PK WND
================================================================================
1 2 3 4 5 6A 6B 7 8 9 10 11 12 13 14 15 16 17 18
12Z AVG MX 2MIN
DY MAX MIN AVG DEP HDD CDD WTR SNW DPTH SPD SPD DIR MIN PSBL S-S WX SPD DR
================================================================================
1 47 23 35 -1 30 0 0.04 M M 6.0 15 150 M M 4 1 19 160
2 53 43 48 12 17 0 0.12 M M 3.5 10 240 M M 10 1 13 240
3 68 42 55 19 10 0 0.00 M M 4.2 12 170 M M 5 15 180
4 75 40 58 21 7 0 0.00 M M 5.7 14 210 M M 2 17 220
5 71 48 60 23 5 0 0.18 M M 7.2 18 230 M M 4 25 210
6 60 46 53 15 12 0 0.20 M M 6.0 16 360 M M 10 1 21 360
7 54 41 48 10 17 0 0.00 M M 6.2 16 20 M M 8 19 20
8 59 40 50 12 15 0 0.02 M M 6.4 20 160 M M 6 1 26 140
9 56 40 48 10 17 0 0.31 M M 12.3 25 170 M M 10 1 31 180
10 40 32 36 -3 29 0 T M M 16.2 24 310 M M 8 33 280
11 54 26 40 1 25 0 0.00 M M 7.8 21 250 M M 0 23 260
12 68 45 57 17 8 0 0.00 M M 8.6 18 220 M M 0 25 250
13 71 38 55 15 10 0 0.00 M M 5.8 18 270 M M 0 29 260
14 74 42 58 18 7 0 0.33 M M 8.2 22 190 M M 3 13 31 240
15 61 35 48 7 17 0 T M M 7.4 17 320 M M 8 1 23 200
16 62 30 46 5 19 0 T M M 8.8 22 260 M M 2 12 30 250
17 54 33 44 3 21 0 0.00 M M 12.7 25 260 M M 5 34 270
18 36 27 32 -10 33 0 0.02 M M 9.6 18 280 M M 9 12 24 300
19 50 28 39 -3 26 0 0.00 M M 14.7 29 240 M M 4 41 250
20 52 29 41 -1 24 0 T M M 17.2 30 290 M M 3 38 290
21 44 19 32 -11 33 0 0.00 M M 3.8 10 360 M M 0 14 330
22 52 26 39 -4 26 0 0.05 M M 5.4 12 100 M M 7 1 14 90
23 44 24 34 -10 31 0 T M M 11.5 22 10 M M 7 1 29 360
24 52 20 36 -8 29 0 0.00 M M 8.0 18 100 M M 0 24 100
25 70 35 53 9 12 0 0.00 M M 11.3 22 140 M M 0 32 130
26 59 46 53 8 12 0 0.46 M M 15.5 26 140 M M 7 1 35 140
27 52 29 41 -4 24 0 0.05 M M 7.3 16 280 M M 6 1 25 300
28 53 24 39 -6 26 0 T M M 4.1 13 270 M M 3 1 24 270
================================================================================
SM 1591 951 542 0 1.78 M 241.4 M 131
================================================================================
AV 56.8 34.0 8.6 FASTST M M 5 MAX(MPH)
MISC ----> 30 290 41 250
================================================================================
NOTES:
# LAST OF SEVERAL OCCURRENCES
COLUMN 17 PEAK WIND IN M.P.H.
PRELIMINARY LOCAL CLIMATOLOGICAL DATA (WS FORM: F-6) , PAGE 2
STATION: LANCASTER ASOS
MONTH: MARCH
YEAR: 2024
LATITUDE: 39 45 N
LONGITUDE: 82 40 W
[TEMPERATURE DATA] [PRECIPITATION DATA] SYMBOLS USED IN COLUMN 16
AVERAGE MONTHLY: 45.4 TOTAL FOR MONTH: 1.78 1 = FOG OR MIST
DPTR FM NORMAL: 4.9 DPTR FM NORMAL: -1.42 2 = FOG REDUCING VISIBILITY
HIGHEST: 75 ON 4 GRTST 24HR 0.46 ON 26-26 TO 1/4 MILE OR LESS
LOWEST: 19 ON 21 3 = THUNDER
SNOW, ICE PELLETS, HAIL 4 = ICE PELLETS
TOTAL MONTH: M 5 = HAIL
GRTST 24HR M ON M 6 = FREEZING RAIN OR DRIZZLE
GRTST DEPTH: M ON M 7 = DUSTSTORM OR SANDSTORM:
VSBY 1/2 MILE OR LESS
8 = SMOKE OR HAZE
[NO. OF DAYS WITH] [WEATHER - DAYS WITH] 9 = BLOWING SNOW
X = TORNADO
MAX 32 OR BELOW: 0 0.01 INCH OR MORE: 11
MAX 90 OR ABOVE: 0 0.10 INCH OR MORE: 6
MIN 32 OR BELOW: 13 0.50 INCH OR MORE: 0
MIN 0 OR BELOW: 0 1.00 INCH OR MORE: 0
[HDD (BASE 65) ]
TOTAL THIS MO. 542 CLEAR (SCALE 0-3) 11
DPTR FM NORMAL -145 PTCLDY (SCALE 4-7) 12
TOTAL FM JUL 1 4017 CLOUDY (SCALE 8-10) 5
DPTR FM NORMAL -832
[CDD (BASE 65) ]
TOTAL THIS MO. 0
DPTR FM NORMAL 0 [PRESSURE DATA]
TOTAL FM JAN 1 0 HIGHEST SLP M ON M
DPTR FM NORMAL 0 LOWEST SLP 29.67 ON 16
[REMARKS]