000
CXUS56 KMTR 251000
CF6LVK
PRELIMINARY LOCAL CLIMATOLOGICAL DATA (WS FORM: F-6)

                                          STATION:   LIVERMORE AIRPORT
                                          MONTH:     APRIL
                                          YEAR:      2018
                                          LATITUDE:   37 42 N
                                          LONGITUDE: 121 49 W

  TEMPERATURE IN F:       :PCPN:    SNOW:  WIND      :SUNSHINE: SKY     :PK WND
================================================================================
1   2   3   4   5  6A  6B    7    8   9   10  11  12  13   14  15   16   17  18
                                     12Z  AVG MX 2MIN
DY MAX MIN AVG DEP HDD CDD  WTR  SNW DPTH SPD SPD DIR MIN PSBL S-S WX    SPD DR
================================================================================

 1  75  42  59   5   6   0 0.00  0.0    0  5.5 15 230   M    M   0        19 210
 2  72  48  60   6   5   0 0.00  0.0    0  4.7 14 290   M    M   0        17 290
 3  75  41  58   4   7   0 0.00  0.0    0  4.4 16 260   M    M   0        20 280
 4  72  48  60   6   5   0 0.00  0.0    0  6.4 17 290   M    M   0        21 280
 5  64  49  57   2   8   0 0.07    M    0  5.1 17 280   M    M   4 1      20 280
 6  63  54  59   4   6   0 0.68  0.0    0  3.1 17 220   M    M  10 1      23 240
 7  66  49  58   3   7   0 0.41  0.0    0 10.3 18 240   M    M   5 1      24 250
 8  67  46  57   2   8   0 0.00  0.0    0  4.7 14 290   M    M   1 1      19 290
 9  75  43  59   4   6   0 0.00  0.0    0  4.9 16  60   M    M   0        20  60
10  68  50  59   4   6   0 0.00  0.0    0  7.7 20 270   M    M   2 8      24 270
11  64  44  54  -2  11   0 0.14    M    0  9.2 25 270   M    M   4 1      31 280
12  60  39  50  -6  15   0    T    M    0  7.5 18 270   M    M   2        23 260
13  71  38  55  -1  10   0 0.00  0.0    0  2.4 12 290   M    M   0        14 270
14  76  44  60   4   5   0 0.00  0.0    0  3.4 16 270   M    M   0        19 270
15  65  47  56   0   9   0 0.10    M    0  9.0 23 250   M    M   3 1      29 260
16  54  41  48  -9  17   0 0.21    M    0  7.8 21 250   M    M   4 1      27 240
17  63  36  50  -7  15   0 0.00  0.0    0  3.3 12  60   M    M   0 8      14  80
18  60  42  51  -6  14   0 0.00  0.0    0  3.8 15 270   M    M   1 8      19 300
19  67  37  52  -5  13   0 0.00  0.0    0  4.6 15 250   M    M   0 8      20 250
20  77  42  60   2   5   0 0.00  0.0    0  5.3 18 260   M    M   0 18     24 270
21  82  43  63   5   2   0 0.00  0.0    0  2.9 10 290   M    M   0        13 300
22  84  48  66   8   0   1 0.00  0.0    0  3.5 13 280   M    M   0        15 280
23  85  51  68  10   0   3 0.00  0.0    0  4.3 13 280   M    M   0 8      15 270
24  78  50  64   6   1   0 0.00  0.0    0  6.2 15 280   M    M   2 18     19 290
================================================================================
SM 1683 1072       181   4  1.61     0.0 130.0          M       38
================================================================================
AV 70.1 44.7                               5.4 FASTST   M    M   2    MAX(MPH)
                                 MISC ---->  # 25 270               # 31  280
================================================================================
NOTES:
# LAST OF SEVERAL OCCURRENCES

COLUMN 17 PEAK WIND IN M.P.H.

PRELIMINARY LOCAL CLIMATOLOGICAL DATA (WS FORM: F-6) , PAGE 2

                                          STATION:  LIVERMORE AIRPORT
                                          MONTH:    APRIL
                                          YEAR:     2018
                                          LATITUDE:   37 42 N
                                          LONGITUDE: 121 49 W

[TEMPERATURE DATA]      [PRECIPITATION DATA]       SYMBOLS USED IN COLUMN 16

AVERAGE MONTHLY: 57.4   TOTAL FOR MONTH:   1.61    1 = FOG OR MIST
DPTR FM NORMAL:   1.4   DPTR FM NORMAL:    0.74    2 = FOG REDUCING VISIBILITY
HIGHEST:    85 ON 23    GRTST 24HR  0.68 ON  6- 6      TO 1/4 MILE OR LESS
LOWEST:     36 ON 17                               3 = THUNDER
                        SNOW, ICE PELLETS, HAIL    4 = ICE PELLETS
                        TOTAL MONTH:   0.0 INCH    5 = HAIL
                        GRTST 24HR     0.0         6 = FREEZING RAIN OR DRIZZLE
                        GRTST DEPTH:   0           7 = DUSTSTORM OR SANDSTORM:
                                                       VSBY 1/2 MILE OR LESS
                                                   8 = SMOKE OR HAZE
[NO. OF DAYS WITH]      [WEATHER - DAYS WITH]      9 = BLOWING SNOW
                                                   X = TORNADO
MAX 32 OR BELOW:   0    0.01 INCH OR MORE:   6
MAX 90 OR ABOVE:   0    0.10 INCH OR MORE:   5
MIN 32 OR BELOW:   0    0.50 INCH OR MORE:   1
MIN  0 OR BELOW:   0    1.00 INCH OR MORE:   0

[HDD (BASE 65) ]
TOTAL THIS MO.   181    CLEAR  (SCALE 0-3)  19
DPTR FM NORMAL   -40    PTCLDY (SCALE 4-7)   4
TOTAL FM JUL 1  2298    CLOUDY (SCALE 8-10)  1
DPTR FM NORMAL  -287

[CDD (BASE 65) ]
TOTAL THIS MO.     4
DPTR FM NORMAL     4    [PRESSURE DATA]
TOTAL FM JAN 1     4    HIGHEST SLP M ON M
DPTR FM NORMAL     3    LOWEST  SLP 29.84 ON  7

[REMARKS]
