000
CXUS53 KGLD 210800
CF6MCK
PRELIMINARY LOCAL CLIMATOLOGICAL DATA (WS FORM: F-6)

                                          STATION:   MCCOOK NE
                                          MONTH:     MAY
                                          YEAR:      2018
                                          LATITUDE:   40 13 N
                                          LONGITUDE: 100 35 W

  TEMPERATURE IN F:       :PCPN:    SNOW:  WIND      :SUNSHINE: SKY     :PK WND
================================================================================
1   2   3   4   5  6A  6B    7    8   9   10  11  12  13   14  15   16   17  18
                                     12Z  AVG MX 2MIN
DY MAX MIN AVG DEP HDD CDD  WTR  SNW DPTH SPD SPD DIR MIN PSBL S-S WX    SPD DR
================================================================================

 1  68  48  58   3   7   0 0.00    M    M 11.7 38 360   M    M   4        50 360
 2  62  43  53  -2  12   0 0.00    M    M 11.1 22  40   M    M   6        29  60
 3  61  44  53  -3  12   0 0.00    M    M 13.8 25  70   M    M   9 138    34  70
 4  78  41  60   4   5   0 0.00    M    M  8.0 16 350   M    M   1 8      21 340
 5  85  40  63   7   2   0 0.00    M    M  7.4 17 330   M    M   0        22 330
 6  83  44  64   8   1   0 0.00    M    M  7.4 21  70   M    M   0        28  70
 7  88  47  68  11   0   3 0.00    M    M 11.7 26 140   M    M   0        38 140
 8  84  52  68  11   0   3 0.00    M    M 11.2 25 350   M    M   0        40 340
 9  86  48  67   9   0   2 0.00    M    M  6.5 14 320   M    M   2        18 320
10  88  51  70  12   0   5 0.00    M    M 14.0 40  40   M    M   0 3      52  30
11  63  53  58   0   7   0 0.00    M    M 14.7 24  80   M    M   8 18     34  90
12  58  50  54  -4  11   0    T    M    M 12.2 24  50   M    M  10 1      27  50
13  67  49  58  -1   7   0 0.08    M    M  6.7 14 110   M    M   8 13     17 120
14  74  54  64   5   1   0 0.21    M    M  7.8 24 340   M    M   6 13     30 340
15  80  49  65   6   0   0 0.00    M    M  5.8 12 310   M    M   1        15  70
16  85  50  68   8   0   3 0.00    M    M  6.4 16 180   M    M   1 1      24 150
17  90  56  73  13   0   8 0.00    M    M 14.2 28 160   M    M   1        40 150
18  74  54  64   4   1   0 1.11    M    M 14.8 47  10   M    M   8 13     60  10
19  59  48  54  -6  11   0 0.31    M    M 14.4 25 140   M    M  10 13     37 140
20  63  48  56  -5   9   0 0.00    M    M 10.0 20 340   M    M   9        25 350
================================================================================
SM 1496  969        86  24  1.71    M    209.8          M       84
================================================================================
AV 74.8 48.5                              10.5 FASTST   M    M   4    MAX(MPH)
                                 MISC ---->  # 47  10               # 60   10
================================================================================
NOTES:
# LAST OF SEVERAL OCCURRENCES

COLUMN 17 PEAK WIND IN M.P.H.

PRELIMINARY LOCAL CLIMATOLOGICAL DATA (WS FORM: F-6) , PAGE 2

                                          STATION:  MCCOOK NE
                                          MONTH:    MAY
                                          YEAR:     2018
                                          LATITUDE:   40 13 N
                                          LONGITUDE: 100 35 W

[TEMPERATURE DATA]      [PRECIPITATION DATA]       SYMBOLS USED IN COLUMN 16

AVERAGE MONTHLY: 61.6   TOTAL FOR MONTH:   1.71    1 = FOG OR MIST
DPTR FM NORMAL:   3.7   DPTR FM NORMAL:   -0.20    2 = FOG REDUCING VISIBILITY
HIGHEST:    90 ON 17    GRTST 24HR  1.11 ON 18-18      TO 1/4 MILE OR LESS
LOWEST:     40 ON  5                               3 = THUNDER
                        SNOW, ICE PELLETS, HAIL    4 = ICE PELLETS
                        TOTAL MONTH:    M          5 = HAIL
                        GRTST 24HR    M  ON   M    6 = FREEZING RAIN OR DRIZZLE
                        GRTST DEPTH:  M  ON   M    7 = DUSTSTORM OR SANDSTORM:
                                                       VSBY 1/2 MILE OR LESS
                                                   8 = SMOKE OR HAZE
[NO. OF DAYS WITH]      [WEATHER - DAYS WITH]      9 = BLOWING SNOW
                                                   X = TORNADO
MAX 32 OR BELOW:   0    0.01 INCH OR MORE:   4
MAX 90 OR ABOVE:   1    0.10 INCH OR MORE:   3
MIN 32 OR BELOW:   0    0.50 INCH OR MORE:   1
MIN  0 OR BELOW:   0    1.00 INCH OR MORE:   1

[HDD (BASE 65) ]
TOTAL THIS MO.    86    CLEAR  (SCALE 0-3)  10
DPTR FM NORMAL   -74    PTCLDY (SCALE 4-7)   4
TOTAL FM JUL 1  5910    CLOUDY (SCALE 8-10)  6
DPTR FM NORMAL  -153

[CDD (BASE 65) ]
TOTAL THIS MO.    24
DPTR FM NORMAL     5    [PRESSURE DATA]
TOTAL FM JAN 1    34    HIGHEST SLP M ON M
DPTR FM NORMAL     9    LOWEST  SLP 29.41 ON 10

[REMARKS]
