000
CXUS54 KBRO 250900
CF6MFE
PRELIMINARY LOCAL CLIMATOLOGICAL DATA (WS FORM: F-6)

                                          STATION:   MCALLEN
                                          MONTH:     APRIL
                                          YEAR:      2018
                                          LATITUDE:   26 10 N
                                          LONGITUDE:  98 14 W

  TEMPERATURE IN F:       :PCPN:    SNOW:  WIND      :SUNSHINE: SKY     :PK WND
================================================================================
1   2   3   4   5  6A  6B    7    8   9   10  11  12  13   14  15   16   17  18
                                     12Z  AVG MX 2MIN
DY MAX MIN AVG DEP HDD CDD  WTR  SNW DPTH SPD SPD DIR MIN PSBL S-S WX    SPD DR
================================================================================

 1  93  67  80   6   0  15 0.00  0.0    0 15.3 25 130   M    M   3        31 140
 2  91  74  83   9   0  18 0.00  0.0    0 21.3 32 140   M    M   4 8      43 140
 3  93  75  84  10   0  19 0.00  0.0    0 13.1 24 160   M    M   5 1      29 140
 4  78  64  71  -4   0   6    T  0.0    0 11.3 23 360   M    M  10 1      31  10
 5  89  65  77   2   0  12    T  0.0    0  8.4 18 130   M    M   8 8      22 140
 6  94  76  85  10   0  20 0.00  0.0    0 17.9 26 150   M    M   5        33 140
 7  80  59  70  -5   0   5 0.01  0.0    0 11.5 29 350   M    M   8 18     35 350
 8  80  53  67  -8   0   2 0.00  0.0    0  7.7 17  10   M    M   8        22 130
 9  89  69  79   3   0  14 0.22  0.0    0 11.0 21  20   M    M  10 1      26  20
10  79  60  70  -6   0   5 0.78  0.0    0 11.4 23  20   M    M   7 13     29  30
11  85  57  71  -5   0   6 0.00  0.0    0  7.9 18 160   M    M   1 1      23 160
12  91  66  79   3   0  14 0.00  0.0    0 17.6 29 140   M    M   4 1      37 140
13  96  77  87  11   0  22 0.00  0.0    0 18.3 25 150   M    M   6        35 160
14  84  66  75  -1   0  10 0.00  0.0    M 18.8 27 350   M    M   1        37 350
15  87  54  71  -5   0   6 0.00  0.0    0  5.6 18 120   M    M   0        23 110
16  89  58  74  -3   0   9 0.00  0.0    M 16.1 31 140   M    M   0        37 130
17  90  65  78   1   0  13 0.00  0.0    0 19.9 30 130   M    M   0        37 120
18  90  70  80   3   0  15 0.00  0.0    0 12.7 23 150   M    M   4        29 160
19  86  70  78   1   0  13    T  0.0    0 10.4 21  60   M    M   8        27  60
20  87  69  78   1   0  13 0.00  0.0    0 13.9 23 120   M    M   5        29 120
21  92  69  81   4   0  16 0.00  0.0    0 13.0 24 140   M    M   5        30 140
22  90  68  79   1   0  14 0.00  0.0    0  8.0 18  10   M    M   2 1      24  10
23  88  68  78   0   0  13 0.00  0.0    0  9.3 17 110   M    M   6        21  70
24  93  68  81   3   0  16 0.00  0.0    0 10.2 23 130   M    M   2        27 110
================================================================================
SM 2114 1587         0 296  1.01     0.0 310.6          M      112
================================================================================
AV 88.1 66.1                              12.9 FASTST   M    M   5    MAX(MPH)
                                 MISC ---->  # 32 140               # 43  140
================================================================================
NOTES:
# LAST OF SEVERAL OCCURRENCES

COLUMN 17 PEAK WIND IN M.P.H.

PRELIMINARY LOCAL CLIMATOLOGICAL DATA (WS FORM: F-6) , PAGE 2

                                          STATION:  MCALLEN
                                          MONTH:    APRIL
                                          YEAR:     2018
                                          LATITUDE:   26 10 N
                                          LONGITUDE:  98 14 W

[TEMPERATURE DATA]      [PRECIPITATION DATA]       SYMBOLS USED IN COLUMN 16

AVERAGE MONTHLY: 77.1   TOTAL FOR MONTH:   1.01    1 = FOG OR MIST
DPTR FM NORMAL:   1.1   DPTR FM NORMAL:    0.03    2 = FOG REDUCING VISIBILITY
HIGHEST:    96 ON 13    GRTST 24HR  0.78 ON 10-10      TO 1/4 MILE OR LESS
LOWEST:     53 ON  8                               3 = THUNDER
                        SNOW, ICE PELLETS, HAIL    4 = ICE PELLETS
                        TOTAL MONTH:   0.0 INCH    5 = HAIL
                        GRTST 24HR     0.0         6 = FREEZING RAIN OR DRIZZLE
                        GRTST DEPTH:   0           7 = DUSTSTORM OR SANDSTORM:
                                                       VSBY 1/2 MILE OR LESS
                                                   8 = SMOKE OR HAZE
[NO. OF DAYS WITH]      [WEATHER - DAYS WITH]      9 = BLOWING SNOW
                                                   X = TORNADO
MAX 32 OR BELOW:   0    0.01 INCH OR MORE:   3
MAX 90 OR ABOVE:  11    0.10 INCH OR MORE:   2
MIN 32 OR BELOW:   0    0.50 INCH OR MORE:   1
MIN  0 OR BELOW:   0    1.00 INCH OR MORE:   0

[HDD (BASE 65) ]
TOTAL THIS MO.     0    CLEAR  (SCALE 0-3)   8
DPTR FM NORMAL    -3    PTCLDY (SCALE 4-7)  13
TOTAL FM JUL 1   550    CLOUDY (SCALE 8-10)  3
DPTR FM NORMAL   -24

[CDD (BASE 65) ]
TOTAL THIS MO.   296
DPTR FM NORMAL    23    [PRESSURE DATA]
TOTAL FM JAN 1   936    HIGHEST SLP 30.21 ON 11
DPTR FM NORMAL   286    LOWEST  SLP 29.62 ON M

[REMARKS]
