000
CXUS54 KMEG 250640
CF6MKL
PRELIMINARY LOCAL CLIMATOLOGICAL DATA (WS FORM: F-6)

                                          STATION:   JACKSON
                                          MONTH:     MAY
                                          YEAR:      2018
                                          LATITUDE:   35 35 N
                                          LONGITUDE:  88 55 W

  TEMPERATURE IN F:       :PCPN:    SNOW:  WIND      :SUNSHINE: SKY     :PK WND
================================================================================
1   2   3   4   5  6A  6B    7    8   9   10  11  12  13   14  15   16   17  18
                                     12Z  AVG MX 2MIN
DY MAX MIN AVG DEP HDD CDD  WTR  SNW DPTH SPD SPD DIR MIN PSBL S-S WX    SPD DR
================================================================================

 1  84  46  65   1   0   0 0.00  0.0    0  6.7 17 200   M    M   0        23 200
 2  86  65  76  11   0  11 0.00  0.0    0  9.5 17 200   M    M   3        23 190
 3  85  69  77  12   0  12 0.00  0.0    0  8.4 18 230   M    M   2        26 240
 4  76  64  70   5   0   5 0.07  0.0    0  8.1 17 200   M    M   5 1      21 210
 5  72  56  64  -2   1   0 0.88  0.0    0  1.8 10 300   M    M   5 12     13 330
 6  84  51  68   2   0   3 0.00  0.0    0  3.4 12 260   M    M   2 12     15 300
 7  84  56  70   4   0   5 0.00  0.0    0  4.3 14 340   M    M   0        18 360
 8  86  53  70   4   0   5 0.00  0.0    0  2.7  7 100   M    M   0         M  M
 9  88  66  77  10   0  12 0.00  0.0    0  9.9 21 230   M    M   0        29 200
10  88  70  79  12   0  14    T  0.0    0  9.5 17 280   M    M   1        23 290
11  88  67  78  11   0  13 0.00  0.0    0  8.7 21 230   M    M   0        26 240
12  87  62  75   7   0  10 0.00  0.0    0  6.6 14 210   M    M   0        21 200
13  90  63  77   9   0  12 0.00  0.0    0  5.5 14 200   M    M   1        18 230
14  92  67  80  12   0  15 0.00  0.0    0  4.9 10 210   M    M   1 8      13 160
15  93  66  80  12   0  15 0.01  0.0    0  4.6 22 320   M    M   2 13     27 320
16  84  65  75   6   0  10 0.13  0.0    0  3.6 10  50   M    M   2 1      13  40
17  82  63  73   4   0   8 0.22  0.0    0  3.2 14  40   M    M   6 123    18  40
18  81  66  74   5   0   9 0.59  0.0    0  2.2 14 250   M    M   6 138    15 260
19  87  65  76   7   0  11 0.08  0.0    0  5.2 17 310   M    M   2 13     23 300
20  90  64  77   7   0  12 0.07  0.0    0  4.8 18 360   M    M   1 138    23 100
21  83  70  77   7   0  12 0.00  0.0    0  4.9 13  30   M    M   4        16 140
22  84  68  76   6   0  11 1.10  0.0    0  3.0 16 250   M    M   3 1238   20 240
23  90  67  79   9   0  14 0.00  0.0    0  2.5 10  80   M    M   4 12     14  30
24  90  65  78   7   0  13 0.00  0.0    0  1.8  9  70   M    M   0 1      12  60
================================================================================
SM 2054 1514         1 232  3.15     0.0 125.8          M       50
================================================================================
AV 85.6 63.1                               5.2 FASTST   M    M   2    MAX(MPH)
                                 MISC ---->  # 22 320               # 29  200
================================================================================
NOTES:
# LAST OF SEVERAL OCCURRENCES

COLUMN 17 PEAK WIND IN M.P.H.

PRELIMINARY LOCAL CLIMATOLOGICAL DATA (WS FORM: F-6) , PAGE 2

                                          STATION:  JACKSON
                                          MONTH:    MAY
                                          YEAR:     2018
                                          LATITUDE:   35 35 N
                                          LONGITUDE:  88 55 W

[TEMPERATURE DATA]      [PRECIPITATION DATA]       SYMBOLS USED IN COLUMN 16

AVERAGE MONTHLY: 74.3   TOTAL FOR MONTH:   3.15    1 = FOG OR MIST
DPTR FM NORMAL:   6.7   DPTR FM NORMAL:   -1.27    2 = FOG REDUCING VISIBILITY
HIGHEST:    93 ON 15    GRTST 24HR  1.10 ON 22-22      TO 1/4 MILE OR LESS
LOWEST:     46 ON  1                               3 = THUNDER
                        SNOW, ICE PELLETS, HAIL    4 = ICE PELLETS
                        TOTAL MONTH:   0.0 INCH    5 = HAIL
                        GRTST 24HR     0.0         6 = FREEZING RAIN OR DRIZZLE
                        GRTST DEPTH:   0           7 = DUSTSTORM OR SANDSTORM:
                                                       VSBY 1/2 MILE OR LESS
                                                   8 = SMOKE OR HAZE
[NO. OF DAYS WITH]      [WEATHER - DAYS WITH]      9 = BLOWING SNOW
                                                   X = TORNADO
MAX 32 OR BELOW:   0    0.01 INCH OR MORE:   9
MAX 90 OR ABOVE:   6    0.10 INCH OR MORE:   5
MIN 32 OR BELOW:   0    0.50 INCH OR MORE:   3
MIN  0 OR BELOW:   0    1.00 INCH OR MORE:   1

[HDD (BASE 65) ]
TOTAL THIS MO.     1    CLEAR  (SCALE 0-3)  18
DPTR FM NORMAL   -42    PTCLDY (SCALE 4-7)   6
TOTAL FM JUL 1  3497    CLOUDY (SCALE 8-10)  0
DPTR FM NORMAL   -72

[CDD (BASE 65) ]
TOTAL THIS MO.   232
DPTR FM NORMAL   126    [PRESSURE DATA]
TOTAL FM JAN 1   265    HIGHEST SLP M ON M
DPTR FM NORMAL   100    LOWEST  SLP 29.79 ON 18

[REMARKS]
