000
CXUS55 KDVN 201100
CF6MLI
PRELIMINARY LOCAL CLIMATOLOGICAL DATA (WS FORM: F-6)

                                          STATION:   MOLINE IL
                                          MONTH:     APRIL
                                          YEAR:      2018
                                          LATITUDE:   41 27 N
                                          LONGITUDE:  90 31 W

  TEMPERATURE IN F:       :PCPN:    SNOW:  WIND      :SUNSHINE: SKY     :PK WND
================================================================================
1   2   3   4   5  6A  6B    7    8   9   10  11  12  13   14  15   16   17  18
                                     12Z  AVG MX 2MIN
DY MAX MIN AVG DEP HDD CDD  WTR  SNW DPTH SPD SPD DIR MIN PSBL S-S WX    SPD DR
================================================================================

 1  31  20  26 -20  39   0 0.00  0.0    0  8.5 21 310   M    M   5        26 310
 2  47  16  32 -14  33   0 0.00  0.0    0  7.8 20 140   M    M   3 18     24 150
 3  41  29  35 -12  30   0 0.13    T    0 12.9 31 290   M    M  10 1      47 300
 4  37  21  29 -18  36   0    T  0.0    0 13.5 30 290   M    M   5        42 300
 5  48  25  37 -11  28   0 0.01  0.2    0  7.4 17 130   M    M   7 18     22 160
 6  41  21  31 -17  34   0 0.00  0.0    0 16.5 31 310   M    M   4        42 300
 7  41  17  29 -19  36   0 0.00  0.0    0 11.0 22 310   M    M   0        28 300
 8  40  18  29 -20  36   0 0.09  1.7    0  4.9 14 210   M    M   5 18     16 100
 9  39  30  35 -14  30   0 0.03  0.8    2  4.8  9  10   M    M  10 18     13 340
10  46  26  36 -13  29   0 0.00  0.0    0  7.5 17 240   M    M   3        22 240
11  69  37  53   3  12   0    T  0.0    0  6.9 18 200   M    M   3        27 200
12  75  52  64  14   1   0 0.00  0.0    0 12.5 26  70   M    M   2        35  80
13  56  43  50   0  15   0 0.04  0.0    0 15.3 24  70   M    M   8 13     31  70
14  43  35  39 -12  26   0 0.47  0.0    0 19.2 32  70   M    M  10 1      44  70
15  35  28  32 -19  33   0 0.11  0.1    0 11.5 20 300   M    M  10 1      25 320
16  37  27  32 -20  33   0 0.03  0.4    T 17.4 28 310   M    M  10 1      37 300
17  51  28  40 -12  25   0 0.00  0.0    0 10.7 20  70   M    M   2        23  90
18  36  32  34 -18  31   0 0.04    T    0 13.8 25 100   M    M   8 18     33 100
19  56  28  42 -11  23   0    T    T    T  7.3 15 310   M    M   2        20 310
================================================================================
SM  869  533       530   0  0.95     3.2 209.4          M      107
================================================================================
AV 45.7 28.1                              11.0 FASTST   M    M   6    MAX(MPH)
                                 MISC ---->  # 32  70               # 47  300
================================================================================
NOTES:
# LAST OF SEVERAL OCCURRENCES

COLUMN 17 PEAK WIND IN M.P.H.

PRELIMINARY LOCAL CLIMATOLOGICAL DATA (WS FORM: F-6) , PAGE 2

                                          STATION:  MOLINE IL
                                          MONTH:    APRIL
                                          YEAR:     2018
                                          LATITUDE:   41 27 N
                                          LONGITUDE:  90 31 W

[TEMPERATURE DATA]      [PRECIPITATION DATA]       SYMBOLS USED IN COLUMN 16

AVERAGE MONTHLY: 36.9   TOTAL FOR MONTH:   0.95    1 = FOG OR MIST
DPTR FM NORMAL: -12.5   DPTR FM NORMAL:   -1.23    2 = FOG REDUCING VISIBILITY
HIGHEST:    75 ON 12    GRTST 24HR  0.47 ON 14-14      TO 1/4 MILE OR LESS
LOWEST:     16 ON  2                               3 = THUNDER
                        SNOW, ICE PELLETS, HAIL    4 = ICE PELLETS
                        TOTAL MONTH:   3.2 INCHES  5 = HAIL
                        GRTST 24HR   1.7 ON  8- 8  6 = FREEZING RAIN OR DRIZZLE
                        GRTST DEPTH:   2 ON  9     7 = DUSTSTORM OR SANDSTORM:
                                                       VSBY 1/2 MILE OR LESS
                                                   8 = SMOKE OR HAZE
[NO. OF DAYS WITH]      [WEATHER - DAYS WITH]      9 = BLOWING SNOW
                                                   X = TORNADO
MAX 32 OR BELOW:   1    0.01 INCH OR MORE:   9
MAX 90 OR ABOVE:   0    0.10 INCH OR MORE:   3
MIN 32 OR BELOW:  15    0.50 INCH OR MORE:   0
MIN  0 OR BELOW:   0    1.00 INCH OR MORE:   0

[HDD (BASE 65) ]
TOTAL THIS MO.   530    CLEAR  (SCALE 0-3)   5
DPTR FM NORMAL   227    PTCLDY (SCALE 4-7)   8
TOTAL FM JUL 1  6004    CLOUDY (SCALE 8-10)  6
DPTR FM NORMAL    99

[CDD (BASE 65) ]
TOTAL THIS MO.     0
DPTR FM NORMAL    -3    [PRESSURE DATA]
TOTAL FM JAN 1     0    HIGHEST SLP M ON M
DPTR FM NORMAL    -4    LOWEST  SLP 29.56 ON M

[REMARKS]
