000
CXUS55 KLIX 261000
CF6MSY
PRELIMINARY LOCAL CLIMATOLOGICAL DATA (WS FORM: F-6)

                                          STATION:   NEW ORLEANS
                                          MONTH:     APRIL
                                          YEAR:      2018
                                          LATITUDE:   29 58 N
                                          LONGITUDE:  90 15 W

  TEMPERATURE IN F:       :PCPN:    SNOW:  WIND      :SUNSHINE: SKY     :PK WND
================================================================================
1   2   3   4   5  6A  6B    7    8   9   10  11  12  13   14  15   16   17  18
                                     12Z  AVG MX 2MIN
DY MAX MIN AVG DEP HDD CDD  WTR  SNW DPTH SPD SPD DIR MIN PSBL S-S WX    SPD DR
================================================================================

 1  76  56  66   0   0   1 0.00  0.0    0  6.0 13 180   M    M   5        18 180
 2  82  63  73   7   0   8 0.00  0.0    0  6.9 18 160   M    M   6 1      23 150
 3  83  70  77  11   0  12 0.00  0.0    0  9.8 23 190   M    M   6 1      29 180
 4  74  59  67   1   0   2 0.69  0.0    0  9.6 23 320   M    M   5 13     32  10
 5  72  56  64  -3   1   0    T  0.0    0  8.5 18 140   M    M   5        24  70
 6  79  59  69   2   0   4    T  0.0    0 10.2 20 190   M    M   7        26 180
 7  73  51  62  -5   3   0 0.76  0.0    0  9.2 36 300   M    M  10 13     48 300
 8  59  50  55 -12  10   0 0.02  0.0    0  7.3 14  20   M    M   8 1      19  20
 9  70  59  65  -2   0   0    T  0.0    0  6.6 14  30   M    M  10 1      19  30
10  76  62  69   1   0   4    T  0.0    0 10.5 17  40   M    M   6        23  40
11  75  56  66  -2   0   1 0.00  0.0    0  5.6 12  40   M    M   1        16  10
12  77  53  65  -3   0   0 0.00  0.0    0  8.2 18 150   M    M   3 1      25 150
13  82  63  73   5   0   8 0.00  0.0    0 13.7 24 150   M    M   6        31 150
14  77  56  67  -2   0   2 3.98  0.0    0 13.7 29 150   M    M  10 13     37 320
15  62  50  56 -13   9   0 0.00  0.0    0 12.5 24 270   M    M   2        32 320
16  71  46  59 -10   6   0 0.00  0.0    0  7.5 15 320   M    M   0        21 320
17  78  52  65  -4   0   0 0.00  0.0    0  7.3 17 180   M    M   1        23 170
18  82  62  72   2   0   7 0.00  0.0    0  8.1 17 210   M    M   2        23 210
19  77  60  69  -1   0   4 0.00  0.0    0  9.6 17  20   M    M   5 1      24 360
20  69  54  62  -8   3   0 0.00  0.0    0  8.1 18  60   M    M   6        25  60
21  79  54  67  -3   0   2 0.00  0.0    0  9.7 18 120   M    M   7        23 130
22  82  62  72   1   0   7 0.34  0.0    0 13.1 32 140   M    M   8 1      45 130
23  75  54  65  -6   0   0 0.00  0.0    0  8.6 18 280   M    M   4        24 270
24  80  58  69  -2   0   4 0.00  0.0    0  7.4 15 320   M    M   3 18     21 320
25  83  57  70  -2   0   5 0.00  0.0    0  5.0 13 310   M    M   2 1      16 350
================================================================================
SM 1893 1422        32  71  5.79     0.0 222.7          M      128
================================================================================
AV 75.7 56.9                               8.9 FASTST   M    M   5    MAX(MPH)
                                 MISC ---->  # 36 300               # 48  300
================================================================================
NOTES:
# LAST OF SEVERAL OCCURRENCES

COLUMN 17 PEAK WIND IN M.P.H.

PRELIMINARY LOCAL CLIMATOLOGICAL DATA (WS FORM: F-6) , PAGE 2

                                          STATION:  NEW ORLEANS
                                          MONTH:    APRIL
                                          YEAR:     2018
                                          LATITUDE:   29 58 N
                                          LONGITUDE:  90 15 W

[TEMPERATURE DATA]      [PRECIPITATION DATA]       SYMBOLS USED IN COLUMN 16

AVERAGE MONTHLY: 66.3   TOTAL FOR MONTH:   5.79    1 = FOG OR MIST
DPTR FM NORMAL:  -2.2   DPTR FM NORMAL:    1.99    2 = FOG REDUCING VISIBILITY
HIGHEST:    83 ON 25, 3 GRTST 24HR  3.98 ON 14-14      TO 1/4 MILE OR LESS
LOWEST:     46 ON 16                               3 = THUNDER
                        SNOW, ICE PELLETS, HAIL    4 = ICE PELLETS
                        TOTAL MONTH:   0.0 INCH    5 = HAIL
                        GRTST 24HR     0.0         6 = FREEZING RAIN OR DRIZZLE
                        GRTST DEPTH:   0           7 = DUSTSTORM OR SANDSTORM:
                                                       VSBY 1/2 MILE OR LESS
                                                   8 = SMOKE OR HAZE
[NO. OF DAYS WITH]      [WEATHER - DAYS WITH]      9 = BLOWING SNOW
                                                   X = TORNADO
MAX 32 OR BELOW:   0    0.01 INCH OR MORE:   5
MAX 90 OR ABOVE:   0    0.10 INCH OR MORE:   4
MIN 32 OR BELOW:   0    0.50 INCH OR MORE:   3
MIN  0 OR BELOW:   0    1.00 INCH OR MORE:   1

[HDD (BASE 65) ]
TOTAL THIS MO.    32    CLEAR  (SCALE 0-3)   7
DPTR FM NORMAL     0    PTCLDY (SCALE 4-7)  14
TOTAL FM JUL 1  1119    CLOUDY (SCALE 8-10)  4
DPTR FM NORMAL  -158

[CDD (BASE 65) ]
TOTAL THIS MO.    71
DPTR FM NORMAL   -49    [PRESSURE DATA]
TOTAL FM JAN 1   328    HIGHEST SLP M ON M
DPTR FM NORMAL   108    LOWEST  SLP 29.67 ON  7

[REMARKS]
