000
CXUS55 KPSR 201005
CF6NYL
PRELIMINARY LOCAL CLIMATOLOGICAL DATA (WS FORM: F-6)

                                          STATION:   YUMA AZ
                                          MONTH:     MAY
                                          YEAR:      2018
                                          LATITUDE:   32 39 N
                                          LONGITUDE: 114 37 W

  TEMPERATURE IN F:       :PCPN:    SNOW:  WIND      :SUNSHINE: SKY     :PK WND
================================================================================
1   2   3   4   5  6A  6B    7    8   9   10  11  12  13   14  15   16   17  18
                                     12Z  AVG MX 2MIN
DY MAX MIN AVG DEP HDD CDD  WTR  SNW DPTH SPD SPD DIR MIN PSBL S-S WX    SPD DR
================================================================================

 1  76  58  67 -10   0   2 0.00  0.0    0 12.5 24 300   M    M   2        29 300
 2  76  53  65 -13   0   0 0.00  0.0    0  8.3 17 290   M    M   2        25 270
 3  84  56  70  -8   0   5 0.00  0.0    0  4.6 13 240   M    M   0        16 230
 4  97  61  79   1   0  14 0.00  0.0    M  4.4 13  80   M    M   0        18  70
 5 104  66  85   7   0  20 0.00  0.0    0  4.2 13  60   M    M   0        17  80
 6 105  68  87   8   0  22 0.00  0.0    0  3.5 12 290   M    M   0        16 240
 7 102  72  87   8   0  22 0.00  0.0    0  7.1 17 160   M    M   2        21 160
 8 103  69  86   7   0  21 0.00  0.0    0  4.6 12 200   M    M   3        13 180
 9 103  69  86   6   0  21 0.00  0.0    0  6.7 15 210   M    M   1        20 180
10 103  71  87   7   0  22 0.00  0.0    M 10.9 21 160   M    M   1        28 150
11  99  68  84   4   0  19 0.00  0.0    0 10.4 21 140   M    M   3 8      26 190
12  86  63  75  -5   0  10 0.00  0.0    0  8.1 18 330   M    M   0 8      26 300
13  86  60  73  -8   0   8 0.00  0.0    0  5.6 13 180   M    M   0        18 240
14  91  61  76  -5   0  11 0.00  0.0    0  4.7 13 270   M    M   0        16 270
15  93  64  79  -2   0  14 0.00  0.0    0  3.8 12 200   M    M   0        14 260
16  98  67  83   2   0  18 0.00  0.0    0  4.3 14 260   M    M   0        18 310
17  95  69  82   0   0  17 0.00  0.0    0 10.2 16 290   M    M   0        22 290
18  92  64  78  -4   0  13 0.00  0.0    0  5.6 14 200   M    M   0        17 280
19  95  68  82   0   0  17 0.00  0.0    0  7.8 18 180   M    M   0        22 190
================================================================================
SM 1788 1227         0 276  0.00     0.0 127.3          M       14
================================================================================
AV 94.1 64.6                               6.7 FASTST   M    M   1    MAX(MPH)
                                 MISC ---->  # 24 300               # 29  300
================================================================================
NOTES:
# LAST OF SEVERAL OCCURRENCES

COLUMN 17 PEAK WIND IN M.P.H.

PRELIMINARY LOCAL CLIMATOLOGICAL DATA (WS FORM: F-6) , PAGE 2

                                          STATION:  YUMA AZ
                                          MONTH:    MAY
                                          YEAR:     2018
                                          LATITUDE:   32 39 N
                                          LONGITUDE: 114 37 W

[TEMPERATURE DATA]      [PRECIPITATION DATA]       SYMBOLS USED IN COLUMN 16

AVERAGE MONTHLY: 79.3   TOTAL FOR MONTH:   0.00    1 = FOG OR MIST
DPTR FM NORMAL:  -0.4   DPTR FM NORMAL:   -0.06    2 = FOG REDUCING VISIBILITY
HIGHEST:   105 ON  6    GRTST 24HR  0.00 ON 19-19      TO 1/4 MILE OR LESS
LOWEST:     53 ON  2                               3 = THUNDER
                        SNOW, ICE PELLETS, HAIL    4 = ICE PELLETS
                        TOTAL MONTH:   0.0 INCH    5 = HAIL
                        GRTST 24HR     0.0         6 = FREEZING RAIN OR DRIZZLE
                        GRTST DEPTH:   0           7 = DUSTSTORM OR SANDSTORM:
                                                       VSBY 1/2 MILE OR LESS
                                                   8 = SMOKE OR HAZE
[NO. OF DAYS WITH]      [WEATHER - DAYS WITH]      9 = BLOWING SNOW
                                                   X = TORNADO
MAX 32 OR BELOW:   0    0.01 INCH OR MORE:   0
MAX 90 OR ABOVE:  14    0.10 INCH OR MORE:   0
MIN 32 OR BELOW:   0    0.50 INCH OR MORE:   0
MIN  0 OR BELOW:   0    1.00 INCH OR MORE:   0

[HDD (BASE 65) ]
TOTAL THIS MO.     0    CLEAR  (SCALE 0-3)  18
DPTR FM NORMAL     0    PTCLDY (SCALE 4-7)   1
TOTAL FM JUL 1   406    CLOUDY (SCALE 8-10)  0
DPTR FM NORMAL  -280

[CDD (BASE 65) ]
TOTAL THIS MO.   276
DPTR FM NORMAL    -5    [PRESSURE DATA]
TOTAL FM JAN 1   772    HIGHEST SLP M ON M
DPTR FM NORMAL    85    LOWEST  SLP 29.52 ON 11

[REMARKS]
