000
CXUS54 KFWD 200730
CF6PSN
PRELIMINARY LOCAL CLIMATOLOGICAL DATA (WS FORM: F-6)

                                          STATION:   PALESTINE
                                          MONTH:     MAY
                                          YEAR:      2018
                                          LATITUDE:   31 46 N
                                          LONGITUDE:  95 42 W

  TEMPERATURE IN F:       :PCPN:    SNOW:  WIND      :SUNSHINE: SKY     :PK WND
================================================================================
1   2   3   4   5  6A  6B    7    8   9   10  11  12  13   14  15   16   17  18
                                     12Z  AVG MX 2MIN
DY MAX MIN AVG DEP HDD CDD  WTR  SNW DPTH SPD SPD DIR MIN PSBL S-S WX    SPD DR
================================================================================

 1  80  67  74   6   0   9 0.00  0.0    0  8.9 13 130   M    M   9        18 120
 2  85  71  78   9   0  13 0.00  0.0    0  9.4 16 160   M    M   7        24 130
 3  81  71  76   7   0  11    M  0.0    0  7.0 12 160   M    M   8 1      17 130
 4  74  64  69   0   0   4 0.69  0.0    0  5.3 15 320   M    M   7 1      24 320
 5  80  60  70   0   0   5 0.01  0.0    0  3.0  9 330   M    M   5 12      M  M
 6  85  54  70   0   0   5 0.00  0.0    0  1.6  7 340   M    M   0         M  M
 7  88  56  72   2   0   7 0.00  0.0    0  1.8  8 210   M    M   0         M  M
 8  87  62  75   5   0  10 0.00  0.0    0  5.5 10 170   M    M   0        16 170
 9  87  61  74   3   0   9 0.00  0.0    0  5.6 14 160   M    M   0        21 160
10  86  63  75   4   0  10 0.00  0.0    0  6.4 10 160   M    M   1        16 170
11  88  67  78   7   0  13 0.00  0.0    0  8.9 14 180   M    M   2        23 160
12  89  72  81   9   0  16 0.00  0.0    0  7.5 13 170   M    M   4        20 160
13  89  71  80   8   0  15 0.00  0.0    0  5.2 10 140   M    M   4 1       M  M
14  86  70  78   6   0  13 0.00  0.0    0  5.0  8 130   M    M   3         M  M
15  90  68  79   7   0  14 0.00  0.0    0  2.0  7 180   M    M   0 1       M  M
16  91  64  78   6   0  13 0.00  0.0    0  2.3  7 340   M    M   0         M  M
17  92  67  80   7   0  15 0.00  0.0    0  2.1  7  50   M    M   0         M  M
18  92  71  82   9   0  17 0.00  0.0    0  5.5 12 190   M    M   0        18 200
19  92  73  83  10   0  18 0.00  0.0    0  8.2 12 180   M    M   3        18 170
================================================================================
SM 1642 1252         0 217  0.70     0.0 101.2          M       53
================================================================================
AV 86.4 65.9                               5.3 FASTST   M    M   3    MAX(MPH)
                                 MISC ---->  # 16 160               # 24  130
================================================================================
NOTES:
# LAST OF SEVERAL OCCURRENCES

COLUMN 17 PEAK WIND IN M.P.H.

PRELIMINARY LOCAL CLIMATOLOGICAL DATA (WS FORM: F-6) , PAGE 2

                                          STATION:  PALESTINE
                                          MONTH:    MAY
                                          YEAR:     2018
                                          LATITUDE:   31 46 N
                                          LONGITUDE:  95 42 W

[TEMPERATURE DATA]      [PRECIPITATION DATA]       SYMBOLS USED IN COLUMN 16

AVERAGE MONTHLY: 76.2   TOTAL FOR MONTH:   0.70    1 = FOG OR MIST
DPTR FM NORMAL:   5.3   DPTR FM NORMAL:   -1.79    2 = FOG REDUCING VISIBILITY
HIGHEST:    92 ON 19,18 GRTST 24HR  0.69 ON  4- 4      TO 1/4 MILE OR LESS
LOWEST:     54 ON  6                               3 = THUNDER
                        SNOW, ICE PELLETS, HAIL    4 = ICE PELLETS
                        TOTAL MONTH:   0.0 INCH    5 = HAIL
                        GRTST 24HR     0.0         6 = FREEZING RAIN OR DRIZZLE
                        GRTST DEPTH:   0           7 = DUSTSTORM OR SANDSTORM:
                                                       VSBY 1/2 MILE OR LESS
                                                   8 = SMOKE OR HAZE
[NO. OF DAYS WITH]      [WEATHER - DAYS WITH]      9 = BLOWING SNOW
                                                   X = TORNADO
MAX 32 OR BELOW:   0    0.01 INCH OR MORE:   2
MAX 90 OR ABOVE:   5    0.10 INCH OR MORE:   1
MIN 32 OR BELOW:   0    0.50 INCH OR MORE:   1
MIN  0 OR BELOW:   0    1.00 INCH OR MORE:   0

[HDD (BASE 65) ]
TOTAL THIS MO.     0    CLEAR  (SCALE 0-3)  11
DPTR FM NORMAL   -10    PTCLDY (SCALE 4-7)   7
TOTAL FM JUL 1  1965    CLOUDY (SCALE 8-10)  1
DPTR FM NORMAL  -405

[CDD (BASE 65) ]
TOTAL THIS MO.   217
DPTR FM NORMAL    94    [PRESSURE DATA]
TOTAL FM JAN 1   368    HIGHEST SLP M ON M
DPTR FM NORMAL   137    LOWEST  SLP M ON M

[REMARKS]
