000
CXUS53 KGRB 220634
CF6RHI
PRELIMINARY LOCAL CLIMATOLOGICAL DATA (WS FORM: F-6)

                                          STATION:   RHINELANDER WI
                                          MONTH:     MAY
                                          YEAR:      2018
                                          LATITUDE:   45 37 N
                                          LONGITUDE:  89 27 W

  TEMPERATURE IN F:       :PCPN:    SNOW:  WIND      :SUNSHINE: SKY     :PK WND
================================================================================
1   2   3   4   5  6A  6B    7    8   9   10  11  12  13   14  15   16   17  18
                                     12Z  AVG MX 2MIN
DY MAX MIN AVG DEP HDD CDD  WTR  SNW DPTH SPD SPD DIR MIN PSBL S-S WX    SPD DR
================================================================================

 1  77  58  68  20   0   3    T  0.0    0 12.1 26 230   M    M   3        37 240
 2  67  48  58   9   7   0 0.01  0.0    0  5.7 15 270   M    M   5 1      20 280
 3  73  43  58   9   7   0 0.03  0.0    0  6.3 12 190   M    M   4        18 200
 4  76  43  60  11   5   0 0.07  0.0    0  7.5 23 280   M    M   5 1      32 280
 5  77  40  59   9   6   0    T  0.0    0  3.2 18 310   M    M   3        26 300
 6  70  43  57   7   8   0    T  0.0    0  5.9 15 310   M    M   2        20 300
 7  83  49  66  16   0   1 0.00  0.0    0  7.8 25 270   M    M   3        37 260
 8  79  49  64  14   1   0    T  0.0    0  6.2 13 320   M    M   4        20 320
 9  56  49  53   2  12   0 0.22  0.0    0  6.5 14 300   M    M  10 1      21 290
10  57  36  47  -4  18   0 0.00  0.0    0  8.2 17 290   M    M   2        25 290
11  57  31  44  -7  21   0 0.00  0.0    0  5.4 14 140   M    M   0        18 140
12  66  27  47  -5  18   0 0.00  0.0    0  3.4 12 170   M    M   1        17 100
13  76  34  55   3  10   0 0.00  0.0    0  5.5 15 230   M    M   0 1      20 230
14  84  47  66  14   0   1 0.10    M    0  5.9 17 280   M    M   3 12     25 270
15  75  53  64  11   1   0 0.00  0.0    0  4.4 12 180   M    M   0        18 190
16  87  51  69  16   0   4 0.03  0.0    0 10.4 21 270   M    M   1        36 260
17  73  47  60   7   5   0 0.00  0.0    0  9.9 16 120   M    M   2        22 120
18  80  43  62   8   3   0 0.00  0.0    0  8.8 18 160   M    M   0        26 140
19  77  43  60   6   5   0    T  0.0    0  7.5 17  10   M    M   6        30 360
20  71  39  55   1  10   0 0.00  0.0    0  5.0 12 100   M    M   1        17  40
21  71  35  53  -1  12   0 0.04  0.0    0  5.5 17 120   M    M   4        23 120
================================================================================
SM 1532  908       149   9  0.50     0.0 141.1          M       59
================================================================================
AV 73.0 43.2                               6.7 FASTST   M    M   3    MAX(MPH)
                                 MISC ---->  # 26 230               # 37  240
================================================================================
NOTES:
# LAST OF SEVERAL OCCURRENCES

COLUMN 17 PEAK WIND IN M.P.H.

PRELIMINARY LOCAL CLIMATOLOGICAL DATA (WS FORM: F-6) , PAGE 2

                                          STATION:  RHINELANDER WI
                                          MONTH:    MAY
                                          YEAR:     2018
                                          LATITUDE:   45 37 N
                                          LONGITUDE:  89 27 W

[TEMPERATURE DATA]      [PRECIPITATION DATA]       SYMBOLS USED IN COLUMN 16

AVERAGE MONTHLY: 58.1   TOTAL FOR MONTH:   0.50    1 = FOG OR MIST
DPTR FM NORMAL:   6.7   DPTR FM NORMAL:   -1.81    2 = FOG REDUCING VISIBILITY
HIGHEST:    87 ON 16    GRTST 24HR  0.22 ON  9- 9      TO 1/4 MILE OR LESS
LOWEST:     27 ON 12                               3 = THUNDER
                        SNOW, ICE PELLETS, HAIL    4 = ICE PELLETS
                        TOTAL MONTH:   0.0 INCH    5 = HAIL
                        GRTST 24HR     0.0         6 = FREEZING RAIN OR DRIZZLE
                        GRTST DEPTH:   0           7 = DUSTSTORM OR SANDSTORM:
                                                       VSBY 1/2 MILE OR LESS
                                                   8 = SMOKE OR HAZE
[NO. OF DAYS WITH]      [WEATHER - DAYS WITH]      9 = BLOWING SNOW
                                                   X = TORNADO
MAX 32 OR BELOW:   0    0.01 INCH OR MORE:   7
MAX 90 OR ABOVE:   0    0.10 INCH OR MORE:   2
MIN 32 OR BELOW:   2    0.50 INCH OR MORE:   0
MIN  0 OR BELOW:   0    1.00 INCH OR MORE:   0

[HDD (BASE 65) ]
TOTAL THIS MO.   149    CLEAR  (SCALE 0-3)  13
DPTR FM NORMAL  -142    PTCLDY (SCALE 4-7)   7
TOTAL FM JUL 1  8958    CLOUDY (SCALE 8-10)  1
DPTR FM NORMAL   167

[CDD (BASE 65) ]
TOTAL THIS MO.     9
DPTR FM NORMAL     9    [PRESSURE DATA]
TOTAL FM JAN 1     9    HIGHEST SLP M ON M
DPTR FM NORMAL     8    LOWEST  SLP 29.58 ON  4

[REMARKS]
