000
CXUS55 KREV 210837
CF6RNO
PRELIMINARY LOCAL CLIMATOLOGICAL DATA (WS FORM: F-6)

                                          STATION:   RENO-TAHOE INTL AIRPORT NV
                                          MONTH:     MAY
                                          YEAR:      2018
                                          LATITUDE:   39 30 N
                                          LONGITUDE: 119 47 W

  TEMPERATURE IN F:       :PCPN:    SNOW:  WIND      :SUNSHINE: SKY     :PK WND
================================================================================
1   2   3   4   5  6A  6B    7    8   9   10  11  12  13   14  15   16   17  18
                                     12Z  AVG MX 2MIN
DY MAX MIN AVG DEP HDD CDD  WTR  SNW DPTH SPD SPD DIR MIN PSBL S-S WX    SPD DR
================================================================================

 1  64  44  54  -1  11   0    T  0.0    0  7.9 17 360   M    M   7        22  10
 2  68  41  55   0  10   0 0.00  0.0    0  5.8 21  10   M    M   3        27  10
 3  78  42  60   4   5   0 0.00  0.0    0  4.6 14 350   M    M   4        18  10
 4  83  48  66  10   0   1 0.00  0.0    0  5.9 18 340   M    M   6        23 310
 5  80  51  66  10   0   1 0.00  0.0    0  4.8 18 220   M    M   7        22 210
 6  80  49  65   8   0   0 0.00  0.0    0  8.0 25 190   M    M   6        32 210
 7  85  48  67  10   0   2 0.00  0.0    0  3.9 15  10   M    M   2        18  10
 8  91  52  72  15   0   7 0.00  0.0    0  7.1 28 290   M    M   3        33 280
 9  80  54  67   9   0   2 0.00  0.0    0 10.6 25 290   M    M   4        31 280
10  81  50  66   8   0   1 0.00  0.0    0  8.0 22 250   M    M   5        28 250
11  64  47  56  -2   9   0 0.00  0.0    0 13.8 24  10   M    M   5        31  50
12  57  45  51  -7  14   0 0.09  0.0    0  6.7 30  40   M    M   7        37  50
13  69  49  59   0   6   0 0.17  0.0    0  4.0 16  10   M    M   7 1      21  10
14  71  46  59   0   6   0 0.00  0.0    0  2.7 14  40   M    M   5        18  50
15  72  51  62   3   3   0    T  0.0    0  6.7 23  40   M    M   6 3      28  40
16  61  47  54  -6  11   0 0.35  0.0    0  8.5 24 300   M    M   9 3      30 300
17  69  47  58  -2   7   0 0.09  0.0    0  5.4 21  20   M    M   8        24  20
18  75  49  62   2   3   0    T  0.0    0  5.9 29 300   M    M   5 1      38 300
19  77  51  64   4   1   0 0.06  0.0    0  4.8 26 350   M    M   7 3      31 360
20  76  50  63   2   2   0 0.00  0.0    0  6.1 22 300   M    M   7        28 290
================================================================================
SM 1481  961        88  14  0.76     0.0 131.2          M      113
================================================================================
AV 74.1 48.1                               6.6 FASTST   M    M   6    MAX(MPH)
                                 MISC ---->  # 30  40               # 38  300
================================================================================
NOTES:
# LAST OF SEVERAL OCCURRENCES

COLUMN 17 PEAK WIND IN M.P.H.

PRELIMINARY LOCAL CLIMATOLOGICAL DATA (WS FORM: F-6) , PAGE 2

                                          STATION:  RENO-TAHOE INTL AIRPORT NV
                                          MONTH:    MAY
                                          YEAR:     2018
                                          LATITUDE:   39 30 N
                                          LONGITUDE: 119 47 W

[TEMPERATURE DATA]      [PRECIPITATION DATA]       SYMBOLS USED IN COLUMN 16

AVERAGE MONTHLY: 61.1   TOTAL FOR MONTH:   0.76    1 = FOG OR MIST
DPTR FM NORMAL:   3.1   DPTR FM NORMAL:    0.45    2 = FOG REDUCING VISIBILITY
HIGHEST:    91 ON  8    GRTST 24HR  0.35 ON 16-16      TO 1/4 MILE OR LESS
LOWEST:     41 ON  2                               3 = THUNDER
                        SNOW, ICE PELLETS, HAIL    4 = ICE PELLETS
                        TOTAL MONTH:   0.0 INCH    5 = HAIL
                        GRTST 24HR     0.0         6 = FREEZING RAIN OR DRIZZLE
                        GRTST DEPTH:   0           7 = DUSTSTORM OR SANDSTORM:
                                                       VSBY 1/2 MILE OR LESS
                                                   8 = SMOKE OR HAZE
[NO. OF DAYS WITH]      [WEATHER - DAYS WITH]      9 = BLOWING SNOW
                                                   X = TORNADO
MAX 32 OR BELOW:   0    0.01 INCH OR MORE:   5
MAX 90 OR ABOVE:   1    0.10 INCH OR MORE:   2
MIN 32 OR BELOW:   0    0.50 INCH OR MORE:   0
MIN  0 OR BELOW:   0    1.00 INCH OR MORE:   0

[HDD (BASE 65) ]
TOTAL THIS MO.    88    CLEAR  (SCALE 0-3)   3
DPTR FM NORMAL   -68    PTCLDY (SCALE 4-7)  16
TOTAL FM JUL 1  4393    CLOUDY (SCALE 8-10)  1
DPTR FM NORMAL  -425

[CDD (BASE 65) ]
TOTAL THIS MO.    14
DPTR FM NORMAL     1    [PRESSURE DATA]
TOTAL FM JAN 1    17    HIGHEST SLP M ON M
DPTR FM NORMAL     3    LOWEST  SLP 29.76 ON  1

[REMARKS]
