000
CXUS56 KMTR 211000
CF6SNS
PRELIMINARY LOCAL CLIMATOLOGICAL DATA (WS FORM: F-6)

                                          STATION:   SALINAS AIRPORT
                                          MONTH:     APRIL
                                          YEAR:      2018
                                          LATITUDE:   36 40 N
                                          LONGITUDE: 121 36 W

  TEMPERATURE IN F:       :PCPN:    SNOW:  WIND      :SUNSHINE: SKY     :PK WND
================================================================================
1   2   3   4   5  6A  6B    7    8   9   10  11  12  13   14  15   16   17  18
                                     12Z  AVG MX 2MIN
DY MAX MIN AVG DEP HDD CDD  WTR  SNW DPTH SPD SPD DIR MIN PSBL S-S WX    SPD DR
================================================================================

 1  71  49  60   4   5   0 0.00  0.0    0  7.7 15 260   M    M   4 1      19 290
 2  63  50  57   1   8   0 0.00  0.0    0  9.8 17 250   M    M   4        22 270
 3  71  43  57   1   8   0 0.00  0.0    0  5.6 16 280   M    M   0 1      23 270
 4  67  47  57   1   8   0 0.00  0.0    0  5.0 18 260   M    M   0 1      22 260
 5  68  48  58   2   7   0    T    M    0  5.5 15 270   M    M   3        17 270
 6  65  54  60   4   5   0 0.28  0.0    0  7.6 20 110   M    M  10 18     23 110
 7  67  54  61   5   4   0 1.11  0.0    0 10.0 20 110   M    M   7 1      24 250
 8  67  49  58   2   7   0 0.00    M    0  6.9 18 270   M    M   2 18     22 280
 9  82  46  64   8   1   0 0.00  0.0    0  6.2 17 100   M    M   0        20  90
10  69  55  62   6   3   0 0.00  0.0    0  8.5 17 280   M    M   3 1      23 250
11  69  47  58   2   7   0 0.06    M    0  8.1 26 260   M    M   3 18     32 250
12  61  43  52  -4  13   0 0.00  0.0    0  9.8 22 280   M    M   2        29 290
13  69  41  55  -1  10   0 0.00  0.0    0  5.6 20 290   M    M   0        21 290
14  72  45  59   3   6   0 0.00  0.0    0  6.9 16 270   M    M   0        20 260
15  63  50  57   0   8   0 0.11  0.0    0  8.4 22 260   M    M   3 18     29 310
16  58  45  52  -5  13   0 0.28    M    0  8.7 29 270   M    M   6 18     36 280
17  63  43  53  -4  12   0 0.00  0.0    0  4.8 17 250   M    M   1        21 280
18  61  44  53  -4  12   0 0.00  0.0    0  6.5 18 250   M    M   1        24 240
19  60  43  52  -5  13   0 0.00  0.0    0  8.5 21 240   M    M   4        27 230
20  68  42  55  -2  10   0 0.00  0.0    0  6.6 16 280   M    M   2        22 270
================================================================================
SM 1334  938       160   0  1.84     0.0 146.7          M       55
================================================================================
AV 66.7 46.9                               7.3 FASTST   M    M   3    MAX(MPH)
                                 MISC ---->  # 29 270               # 36  280
================================================================================
NOTES:
# LAST OF SEVERAL OCCURRENCES

COLUMN 17 PEAK WIND IN M.P.H.

PRELIMINARY LOCAL CLIMATOLOGICAL DATA (WS FORM: F-6) , PAGE 2

                                          STATION:  SALINAS AIRPORT
                                          MONTH:    APRIL
                                          YEAR:     2018
                                          LATITUDE:   36 40 N
                                          LONGITUDE: 121 36 W

[TEMPERATURE DATA]      [PRECIPITATION DATA]       SYMBOLS USED IN COLUMN 16

AVERAGE MONTHLY: 56.8   TOTAL FOR MONTH:   1.84    1 = FOG OR MIST
DPTR FM NORMAL:   0.5   DPTR FM NORMAL:    1.13    2 = FOG REDUCING VISIBILITY
HIGHEST:    82 ON  9    GRTST 24HR  1.11 ON  7- 7      TO 1/4 MILE OR LESS
LOWEST:     41 ON 13                               3 = THUNDER
                        SNOW, ICE PELLETS, HAIL    4 = ICE PELLETS
                        TOTAL MONTH:   0.0 INCH    5 = HAIL
                        GRTST 24HR     0.0         6 = FREEZING RAIN OR DRIZZLE
                        GRTST DEPTH:   0           7 = DUSTSTORM OR SANDSTORM:
                                                       VSBY 1/2 MILE OR LESS
                                                   8 = SMOKE OR HAZE
[NO. OF DAYS WITH]      [WEATHER - DAYS WITH]      9 = BLOWING SNOW
                                                   X = TORNADO
MAX 32 OR BELOW:   0    0.01 INCH OR MORE:   5
MAX 90 OR ABOVE:   0    0.10 INCH OR MORE:   4
MIN 32 OR BELOW:   0    0.50 INCH OR MORE:   1
MIN  0 OR BELOW:   0    1.00 INCH OR MORE:   1

[HDD (BASE 65) ]
TOTAL THIS MO.   160    CLEAR  (SCALE 0-3)  13
DPTR FM NORMAL   -18    PTCLDY (SCALE 4-7)   6
TOTAL FM JUL 1  1864    CLOUDY (SCALE 8-10)  1
DPTR FM NORMAL  -448

[CDD (BASE 65) ]
TOTAL THIS MO.     0
DPTR FM NORMAL     0    [PRESSURE DATA]
TOTAL FM JAN 1     6    HIGHEST SLP M ON M
DPTR FM NORMAL     5    LOWEST  SLP 29.84 ON  7

[REMARKS]
