000
CXUS54 KBMX 261110
CF6TCL
PRELIMINARY LOCAL CLIMATOLOGICAL DATA (WS FORM: F-6)

                                          STATION:   TUSCALOOSA
                                          MONTH:     MAY
                                          YEAR:      2018
                                          LATITUDE:   33 13 N
                                          LONGITUDE:  87 37 W

  TEMPERATURE IN F:       :PCPN:    SNOW:  WIND      :SUNSHINE: SKY     :PK WND
================================================================================
1   2   3   4   5  6A  6B    7    8   9   10  11  12  13   14  15   16   17  18
                                     12Z  AVG MX 2MIN
DY MAX MIN AVG DEP HDD CDD  WTR  SNW DPTH SPD SPD DIR MIN PSBL S-S WX    SPD DR
================================================================================

 1  85  51  68   0   0   3 0.00  0.0    0  4.4 17 210   M    M   2        23 190
 2  86  58  72   4   0   7 0.00  0.0    0  5.0 16 180   M    M   0 1      21 200
 3  86  60  73   5   0   8 0.00  0.0    0  4.5 15 160   M    M   0 1      20 190
 4  85  62  74   6   0   9 0.00  0.0    0  3.4 13 180   M    M   0 1      20 180
 5  78  59  69   0   0   4 0.02  0.0    0  2.8 14 270   M    M   2 12     19 290
 6  85  53  69   0   0   4 0.00  0.0    0  3.5 15 350   M    M   0 12     19 360
 7  89  55  72   3   0   7 0.00  0.0    0  3.0 13 270   M    M   1 18     16 260
 8  89  57  73   3   0   8 0.00  0.0    0  1.8 19  10   M    M   0 1      13 350
 9  90  58  74   4   0   9 0.00  0.0    0  3.2 13 190   M    M   1 1      21 150
10  91  64  78   8   0  13 0.00  0.0    0  3.4 13 270   M    M   1 18     18 270
11  90  62  76   6   0  11 0.00  0.0    0  3.4 14 210   M    M   0 1      18 200
12  91  59  75   4   0  10 0.00  0.0    0  1.8 12 150   M    M   0 18     15 180
13  94  62  78   7   0  13 0.00  0.0    0  2.3  9 250   M    M   0 1      12 360
14  96  66  81  10   0  16 0.00  0.0    0  3.6 16  40   M    M   0 1      22  30
15  95  69  82  10   0  17 0.01  0.0    0  3.8 20  90   M    M   2 3      26  80
16  90  67  79   7   0  14 1.38  0.0    0  3.3  8 180   M    M   1 13      M  M
17  85  66  76   4   0  11 0.64  0.0    0  3.0 21 270   M    M   4 13     31 270
18  85  66  76   4   0  11    T  0.0    0  3.3 12 170   M    M   7 13     15 190
19  89  65  77   5   0  12 0.12  0.0    0  2.8 15 250   M    M   2 138    19 260
20  89  67  78   5   0  13 0.11  0.0    0  4.3 16  30   M    M   3 13     22 170
21  86  71  79   6   0  14 0.00  0.0    0  5.8 14  90   M    M   3        19  60
22  88  71  80   7   0  15 0.00  0.0    0  1.8  8 310   M    M   6 18     11 110
23  90  70  80   6   0  15    T  0.0    0  2.1 15 350   M    M   2 138    20 360
24  93  70  82   8   0  17 0.53  0.0    0  1.4 18 180   M    M   4 123    26 170
25  89  68  79   5   0  14 0.07  0.0    0  3.5 20 120   M    M   2 13     28 110
================================================================================
SM 2214 1576         0 275  2.88     0.0  81.2          M       43
================================================================================
AV 88.6 63.0                               3.2 FASTST   M    M   2    MAX(MPH)
                                 MISC ---->  # 21 270               # 31  270
================================================================================
NOTES:
# LAST OF SEVERAL OCCURRENCES

COLUMN 17 PEAK WIND IN M.P.H.

PRELIMINARY LOCAL CLIMATOLOGICAL DATA (WS FORM: F-6) , PAGE 2

                                          STATION:  TUSCALOOSA
                                          MONTH:    MAY
                                          YEAR:     2018
                                          LATITUDE:   33 13 N
                                          LONGITUDE:  87 37 W

[TEMPERATURE DATA]      [PRECIPITATION DATA]       SYMBOLS USED IN COLUMN 16

AVERAGE MONTHLY: 75.8   TOTAL FOR MONTH:   2.88    1 = FOG OR MIST
DPTR FM NORMAL:   4.9   DPTR FM NORMAL:   -0.33    2 = FOG REDUCING VISIBILITY
HIGHEST:    96 ON 14    GRTST 24HR  1.38 ON 16-16      TO 1/4 MILE OR LESS
LOWEST:     51 ON  1                               3 = THUNDER
                        SNOW, ICE PELLETS, HAIL    4 = ICE PELLETS
                        TOTAL MONTH:   0.0 INCH    5 = HAIL
                        GRTST 24HR     0.0         6 = FREEZING RAIN OR DRIZZLE
                        GRTST DEPTH:   0           7 = DUSTSTORM OR SANDSTORM:
                                                       VSBY 1/2 MILE OR LESS
                                                   8 = SMOKE OR HAZE
[NO. OF DAYS WITH]      [WEATHER - DAYS WITH]      9 = BLOWING SNOW
                                                   X = TORNADO
MAX 32 OR BELOW:   0    0.01 INCH OR MORE:   8
MAX 90 OR ABOVE:  10    0.10 INCH OR MORE:   5
MIN 32 OR BELOW:   0    0.50 INCH OR MORE:   3
MIN  0 OR BELOW:   0    1.00 INCH OR MORE:   1

[HDD (BASE 65) ]
TOTAL THIS MO.     0    CLEAR  (SCALE 0-3)  21
DPTR FM NORMAL   -14    PTCLDY (SCALE 4-7)   4
TOTAL FM JUL 1  2316    CLOUDY (SCALE 8-10)  0
DPTR FM NORMAL  -203

[CDD (BASE 65) ]
TOTAL THIS MO.   275
DPTR FM NORMAL   111    [PRESSURE DATA]
TOTAL FM JAN 1   382    HIGHEST SLP M ON M
DPTR FM NORMAL   130    LOWEST  SLP 29.80 ON 17

[REMARKS]
