000
CXUS54 KJAN 211000
CF6TVR
PRELIMINARY LOCAL CLIMATOLOGICAL DATA (WS FORM: F-6)

                                          STATION:   VICKSBURG
                                          MONTH:     APRIL
                                          YEAR:      2018
                                          LATITUDE:   32 20 N
                                          LONGITUDE:  91  2 W

  TEMPERATURE IN F:       :PCPN:    SNOW:  WIND      :SUNSHINE: SKY     :PK WND
================================================================================
1   2   3   4   5  6A  6B    7    8   9   10  11  12  13   14  15   16   17  18
                                     12Z  AVG MX 2MIN
DY MAX MIN AVG DEP HDD CDD  WTR  SNW DPTH SPD SPD DIR MIN PSBL S-S WX    SPD DR
================================================================================

 1  78  52  65   4   0   0 0.00  0.0    0  4.4 13 170   M    M   1        17 170
 2  81  58  70   9   0   5 0.00  0.0    0  5.7 14 170   M    M   4 1      22 170
 3  85  63  74  13   0   9 0.38  0.0    0  9.5 24 320   M    M   4 13     39 320
 4  65  47  56  -6   9   0 0.00  0.0    0 12.6 26  10   M    M   2        34 360
 5  72  44  58  -4   7   0 0.00  0.0    0  4.8 15  70   M    M   2        18  70
 6  75  54  65   3   0   0 3.32  0.0    0  8.1 30  50   M    M   8 13     37  50
 7  61  39  50 -12  15   0 0.04  0.0    0 14.9 26  10   M    M  10 1      34  10
 8  64  38  51 -12  14   0 0.00  0.0    0  6.3 20  70   M    M   4        23  70
 9  64  53  59  -4   6   0    T  0.0    0  7.3 16  10   M    M   4        21  10
10  68  48  58  -5   7   0 0.00  0.0    0  6.5 18  10   M    M   0        22  10
11  76  43  60  -3   5   0 0.00  0.0    0  2.9 10 140   M    M   0 1      16 110
12  80  49  65   1   0   0 0.00  0.0    0 10.7 20 170   M    M   0        24 170
13  79  62  71   7   0   6    T  0.0    0 14.9 24 150   M    M   6        30 150
14  74  47  61  -3   4   0 0.99  0.0    0  7.0 20 170   M    M   8 13     27 160
15  58  44  51 -13  14   0 0.00  0.0    0  7.2 18 300   M    M   3        26 310
16  68  40  54 -11  11   0 0.00  0.0    0  4.5 12 320   M    M   0        18 320
17  79  47  63  -2   2   0 0.00  0.0    0  7.8 18 180   M    M   0        28 180
18  80  61  71   6   0   6 0.00  0.0    0  6.5 14 180   M    M   5        22 200
19  68  49  59  -6   6   0 0.00  0.0    0 11.8 22  10   M    M   0        29 360
20  68  46  57  -9   8   0 0.00  0.0    0  6.5 16  60   M    M   0        22  50
================================================================================
SM 1443  984       108  26  4.73     0.0 159.9          M       61
================================================================================
AV 72.2 49.2                               8.0 FASTST   M    M   3    MAX(MPH)
                                 MISC ---->  # 30  50               # 39  320
================================================================================
NOTES:
# LAST OF SEVERAL OCCURRENCES

COLUMN 17 PEAK WIND IN M.P.H.

PRELIMINARY LOCAL CLIMATOLOGICAL DATA (WS FORM: F-6) , PAGE 2

                                          STATION:  VICKSBURG
                                          MONTH:    APRIL
                                          YEAR:     2018
                                          LATITUDE:   32 20 N
                                          LONGITUDE:  91  2 W

[TEMPERATURE DATA]      [PRECIPITATION DATA]       SYMBOLS USED IN COLUMN 16

AVERAGE MONTHLY: 60.7   TOTAL FOR MONTH:   4.73    1 = FOG OR MIST
DPTR FM NORMAL:  -2.6   DPTR FM NORMAL:    1.34    2 = FOG REDUCING VISIBILITY
HIGHEST:    85 ON  3    GRTST 24HR  3.32 ON  6- 6      TO 1/4 MILE OR LESS
LOWEST:     38 ON  8                               3 = THUNDER
                        SNOW, ICE PELLETS, HAIL    4 = ICE PELLETS
                        TOTAL MONTH:   0.0 INCH    5 = HAIL
                        GRTST 24HR     0.0         6 = FREEZING RAIN OR DRIZZLE
                        GRTST DEPTH:   0           7 = DUSTSTORM OR SANDSTORM:
                                                       VSBY 1/2 MILE OR LESS
                                                   8 = SMOKE OR HAZE
[NO. OF DAYS WITH]      [WEATHER - DAYS WITH]      9 = BLOWING SNOW
                                                   X = TORNADO
MAX 32 OR BELOW:   0    0.01 INCH OR MORE:   4
MAX 90 OR ABOVE:   0    0.10 INCH OR MORE:   3
MIN 32 OR BELOW:   0    0.50 INCH OR MORE:   2
MIN  0 OR BELOW:   0    1.00 INCH OR MORE:   1

[HDD (BASE 65) ]
TOTAL THIS MO.   108    CLEAR  (SCALE 0-3)  11
DPTR FM NORMAL    25    PTCLDY (SCALE 4-7)   8
TOTAL FM JUL 1  2190    CLOUDY (SCALE 8-10)  1
DPTR FM NORMAL  -134

[CDD (BASE 65) ]
TOTAL THIS MO.    26
DPTR FM NORMAL   -22    [PRESSURE DATA]
TOTAL FM JAN 1   125    HIGHEST SLP M ON M
DPTR FM NORMAL    45    LOWEST  SLP 29.69 ON  6

[REMARKS]
