000
CXUS56 KLKN 261009
CF6WMC
PRELIMINARY LOCAL CLIMATOLOGICAL DATA (WS FORM: F-6)

                                          STATION:   WINNEMUCCA AIRPORT NV
                                          MONTH:     MAY
                                          YEAR:      2018
                                          LATITUDE:   40 54 N
                                          LONGITUDE: 117 48 W

  TEMPERATURE IN F:       :PCPN:    SNOW:  WIND      :SUNSHINE: SKY     :PK WND
================================================================================
1   2   3   4   5  6A  6B    7    8   9   10  11  12  13   14  15   16   17  18
                                     12Z  AVG MX 2MIN
DY MAX MIN AVG DEP HDD CDD  WTR  SNW DPTH SPD SPD DIR MIN PSBL S-S WX    SPD DR
================================================================================

 1  65  26  46  -5  19   0    T  0.0    0  6.8 20  20   M    M   4        25  10
 2  68  30  49  -2  16   0 0.00  0.0    0  7.8 17 340   M    M   2        23 330
 3  76  28  52   1  13   0 0.00  0.0    0  5.6 13 270   M    M   0        17 280
 4  81  32  57   5   8   0 0.00  0.0    0  4.7 16 260   M    M   0        21 120
 5  81  40  61   9   4   0 0.00  0.0    0  5.8 16 240   M    M   0        22 230
 6  83  38  61   9   4   0 0.00  0.0    0  8.4 23 250   M    M   0        30 260
 7  82  35  59   6   6   0 0.00  0.0    0  3.9 13 290   M    M   0        18 240
 8  89  41  65  12   0   0 0.00  0.0    0  8.3 20 250   M    M   0        27 250
 9  83  47  65  12   0   0 0.00  0.0    0  9.7 25 250   M    M   0        38 220
10  78  39  59   6   6   0 0.00  0.0    0  8.1 23 290   M    M   1        29 270
11  60  41  51  -3  14   0 0.10  0.0    0 12.4 31 340   M    M   7 1      39 350
12  58  40  49  -5  16   0 0.58  0.0    0  5.5 20 340   M    M   8 18     25 340
13  65  44  55   1  10   0 0.23  0.0    0  6.4 23  30   M    M   8 1      28  30
14  69  37  53  -2  12   0 0.02  0.0    0  7.5 24  30   M    M   5        29  30
15  68  44  56   1   9   0 0.01  0.0    0  4.9 15 160   M    M   4 13     21 150
16  75  41  58   3   7   0 0.03  0.0    0  8.1 37 240   M    M   4 13     50 230
17  69  46  58   3   7   0    T  0.0    0  4.8 20 350   M    M   7        25 340
18  76  49  63   7   2   0 0.01  0.0    0  4.8 14  10   M    M   6 1      18 320
19  76  41  59   3   6   0    T  0.0    0  6.4 24 140   M    M   5 3      32 140
20  74  50  62   6   3   0 0.03  0.0    0  7.7 21  30   M    M   5 3      26  30
21  78  47  63   7   2   0 0.37  0.0    0  9.0 30 150   M    M   3 13     38 170
22  76  43  60   3   5   0    T  0.0    0  5.4 20  30   M    M   4 3      25  30
23  77  50  64   7   1   0 0.03  0.0    0  6.7 28 280   M    M   5        35 280
24  83  49  66   9   0   1    T  0.0    0  5.5 23 250   M    M   2 3      28 250
25  80  49  65   7   0   0 0.10  0.0    0  9.0 33 280   M    M   3 38     45 280
================================================================================
SM 1870 1027       170   1  1.51     0.0 173.2          M       83
================================================================================
AV 74.8 41.1                               6.9 FASTST   M    M   3    MAX(MPH)
                                 MISC ---->  # 37 240               # 50  230
================================================================================
NOTES:
# LAST OF SEVERAL OCCURRENCES

COLUMN 17 PEAK WIND IN M.P.H.

PRELIMINARY LOCAL CLIMATOLOGICAL DATA (WS FORM: F-6) , PAGE 2

                                          STATION:  WINNEMUCCA AIRPORT NV
                                          MONTH:    MAY
                                          YEAR:     2018
                                          LATITUDE:   40 54 N
                                          LONGITUDE: 117 48 W

[TEMPERATURE DATA]      [PRECIPITATION DATA]       SYMBOLS USED IN COLUMN 16

AVERAGE MONTHLY: 57.9   TOTAL FOR MONTH:   1.51    1 = FOG OR MIST
DPTR FM NORMAL:   3.7   DPTR FM NORMAL:    0.58    2 = FOG REDUCING VISIBILITY
HIGHEST:    89 ON  8    GRTST 24HR  0.58 ON 12-12      TO 1/4 MILE OR LESS
LOWEST:     26 ON  1                               3 = THUNDER
                        SNOW, ICE PELLETS, HAIL    4 = ICE PELLETS
                        TOTAL MONTH:   0.0 INCH    5 = HAIL
                        GRTST 24HR     0.0         6 = FREEZING RAIN OR DRIZZLE
                        GRTST DEPTH:   0           7 = DUSTSTORM OR SANDSTORM:
                                                       VSBY 1/2 MILE OR LESS
                                                   8 = SMOKE OR HAZE
[NO. OF DAYS WITH]      [WEATHER - DAYS WITH]      9 = BLOWING SNOW
                                                   X = TORNADO
MAX 32 OR BELOW:   0    0.01 INCH OR MORE:  11
MAX 90 OR ABOVE:   0    0.10 INCH OR MORE:   5
MIN 32 OR BELOW:   4    0.50 INCH OR MORE:   1
MIN  0 OR BELOW:   0    1.00 INCH OR MORE:   0

[HDD (BASE 65) ]
TOTAL THIS MO.   170    CLEAR  (SCALE 0-3)  12
DPTR FM NORMAL  -106    PTCLDY (SCALE 4-7)  12
TOTAL FM JUL 1  5651    CLOUDY (SCALE 8-10)  1
DPTR FM NORMAL  -505

[CDD (BASE 65) ]
TOTAL THIS MO.     1
DPTR FM NORMAL    -2    [PRESSURE DATA]
TOTAL FM JAN 1     1    HIGHEST SLP M ON M
DPTR FM NORMAL    -2    LOWEST  SLP 29.67 ON 25

[REMARKS]
