830
CXUS54 KTSA 210840
CF6XNA
PRELIMINARY LOCAL CLIMATOLOGICAL DATA (WS FORM: F-6)

                                          STATION:   HIGHFILL ARKANSAS
                                          MONTH:     APRIL
                                          YEAR:      2018
                                          LATITUDE:   36 16 N
                                          LONGITUDE:  94 19 W

  TEMPERATURE IN F:       :PCPN:    SNOW:  WIND      :SUNSHINE: SKY     :PK WND
================================================================================
1   2   3   4   5  6A  6B    7    8   9   10  11  12  13   14  15   16   17  18
                                     12Z  AVG MX 2MIN
DY MAX MIN AVG DEP HDD CDD  WTR  SNW DPTH SPD SPD DIR MIN PSBL S-S WX    SPD DR
================================================================================

 1  47  32  40 -12  25   0 0.04  0.0    0 12.6 18  30   M    M   8 1      24  50
 2  62  34  48  -4  17   0    T  0.0    0  9.6 23 180   M    M  10 1      27 200
 3  71  33  52   0  13   0    T  0.0    0 15.6 22 330   M    M   6        37 200
 4  51  27  39 -14  26   0 0.00  0.0    0  5.2 14 350   M    M   0        19 340
 5  65  37  51  -2  14   0 0.00  0.0    0  8.0 18 170   M    M   4        23 190
 6  59  30  45  -8  20   0 0.12    M    0 11.8 28  30   M    M   6 1      37  30
 7  46  24  35 -19  30   0    T    M    0 11.7 22  20   M    M   4 1      28  20
 8  50  26  38 -16  27   0 0.00  0.0    0  6.6 17 150   M    M   5        21 150
 9  66  31  49  -5  16   0    T  0.0    0  5.0 18 350   M    M   2        22 360
10  63  30  47  -7  18   0 0.00  0.0    0  5.6  8  30   M    M   0         M  M
11  77  49  63   8   2   0    T  0.0    0 14.8 28 180   M    M   0        36 190
12  81  61  71  16   0   6 0.00  0.0    0 18.8 30 190   M    M   0        39 170
13  76  58  67  11   0   2 0.80  0.0    0 16.0 32 240   M    M   6 13     43 220
14  59  34  47  -9  18   0    T    T    0 17.1 24 260   M    M   7        33 250
15  45  30  38 -18  27   0    T    T    0 13.8 23 300   M    M   7        35 290
16  61  24  43 -13  22   0 0.00  0.0    0  4.1 15 350   M    M   0        18 250
17  82  42  62   5   3   0 0.00  0.0    0 11.5 21 190   M    M   0        33 200
18  69  40  55  -2  10   0 0.00  0.0    0 13.9 25 280   M    M   0        38 280
19  59  33  46 -11  19   0 0.00  0.0    0  8.7 16  10   M    M   0        21  30
20  69  39  54  -4  11   0    T    M    M  9.3 20 120   M    M   0        25 130
================================================================================
SM 1258  714       318   8  0.96    T    219.7          M       65
================================================================================
AV 62.9 35.7                              11.0 FASTST   M    M   3    MAX(MPH)
                                 MISC ---->  # 32 240               # 43  220
================================================================================
NOTES:
# LAST OF SEVERAL OCCURRENCES

COLUMN 17 PEAK WIND IN M.P.H.

PRELIMINARY LOCAL CLIMATOLOGICAL DATA (WS FORM: F-6) , PAGE 2

                                          STATION:  HIGHFILL ARKANSAS
                                          MONTH:    APRIL
                                          YEAR:     2018
                                          LATITUDE:   36 16 N
                                          LONGITUDE:  94 19 W

[TEMPERATURE DATA]      [PRECIPITATION DATA]       SYMBOLS USED IN COLUMN 16

AVERAGE MONTHLY: 49.3   TOTAL FOR MONTH:   0.96    1 = FOG OR MIST
DPTR FM NORMAL:  -5.4   DPTR FM NORMAL:   -2.05    2 = FOG REDUCING VISIBILITY
HIGHEST:    82 ON 17    GRTST 24HR  0.80 ON 13-13      TO 1/4 MILE OR LESS
LOWEST:     24 ON 16, 7                            3 = THUNDER
                        SNOW, ICE PELLETS, HAIL    4 = ICE PELLETS
                        TOTAL MONTH:    T          5 = HAIL
                        GRTST 24HR    T  ON 15-15  6 = FREEZING RAIN OR DRIZZLE
                        GRTST DEPTH:   0           7 = DUSTSTORM OR SANDSTORM:
                                                       VSBY 1/2 MILE OR LESS
                                                   8 = SMOKE OR HAZE
[NO. OF DAYS WITH]      [WEATHER - DAYS WITH]      9 = BLOWING SNOW
                                                   X = TORNADO
MAX 32 OR BELOW:   0    0.01 INCH OR MORE:   3
MAX 90 OR ABOVE:   0    0.10 INCH OR MORE:   2
MIN 32 OR BELOW:   9    0.50 INCH OR MORE:   1
MIN  0 OR BELOW:   0    1.00 INCH OR MORE:   0

[HDD (BASE 65) ]
TOTAL THIS MO.   318    CLEAR  (SCALE 0-3)  10
DPTR FM NORMAL   101    PTCLDY (SCALE 4-7)   8
TOTAL FM JUL 1  3739    CLOUDY (SCALE 8-10)  2
DPTR FM NORMAL  -422

[CDD (BASE 65) ]
TOTAL THIS MO.     8
DPTR FM NORMAL    -7    [PRESSURE DATA]
TOTAL FM JAN 1    11    HIGHEST SLP M ON M
DPTR FM NORMAL    -7    LOWEST  SLP 29.46 ON 13

[REMARKS]
